{"id":127991,"date":"2024-11-04T10:34:50","date_gmt":"2024-11-04T09:34:50","guid":{"rendered":"https:\/\/www.freiburg-schwarzwald.de\/blog\/?page_id=127991"},"modified":"2026-06-15T12:17:12","modified_gmt":"2026-06-15T10:17:12","slug":"multiethnizitaet","status":"publish","type":"page","link":"https:\/\/www.freiburg-schwarzwald.de\/blog\/kultur\/leitkultur\/multiethnizitaet\/","title":{"rendered":"Multiethnizit\u00e4t"},"content":{"rendered":"<p><a href=\"https:\/\/www.freiburg-schwarzwald.de\/blog\">Home<\/a> &gt;<a title=\"Global\" href=\"https:\/\/www.freiburg-schwarzwald.de\/blog\/global\/\">Global<\/a>\u00a0&gt;<a title=\"Integration\" href=\"https:\/\/www.freiburg-schwarzwald.de\/blog\/global\/integration\/\">Integration<\/a>\u00a0&gt;<a title=\"Kultur\" href=\"https:\/\/www.freiburg-schwarzwald.de\/blog\/kultur\/\">Kultur<\/a> &gt;<a href=\"https:\/\/www.freiburg-schwarzwald.de\/blog\/kultur\/leitkultur\/multikulti\/\">Multikulti<\/a> &gt;Multiethnizit\u00e4t<\/p>\n<div id=\"attachment_127666\" style=\"width: 651px\" class=\"wp-caption alignnone\"><a href=\"https:\/\/www.freiburg-schwarzwald.de\/blog\/wp-content\/uploads\/2024\/10\/feigenernte-kakilaub-pan241019.jpg\"><img loading=\"lazy\" decoding=\"async\" aria-describedby=\"caption-attachment-127666\" class=\"size-full wp-image-127666\" src=\"https:\/\/www.freiburg-schwarzwald.de\/blog\/wp-content\/uploads\/2024\/10\/feigenernte-kakilaub-pan241019.jpg\" alt=\"\" width=\"641\" height=\"397\" srcset=\"https:\/\/www.freiburg-schwarzwald.de\/blog\/wp-content\/uploads\/2024\/10\/feigenernte-kakilaub-pan241019.jpg 641w, https:\/\/www.freiburg-schwarzwald.de\/blog\/wp-content\/uploads\/2024\/10\/feigenernte-kakilaub-pan241019-180x111.jpg 180w\" sizes=\"auto, (max-width: 641px) 100vw, 641px\" \/><\/a><p id=\"caption-attachment-127666\" class=\"wp-caption-text\">Feigenernte unterm herbstlichen Kakibaum am 19.10.2024<\/p><\/div>\n<p>&nbsp;<\/p>\n<ul>\n<li><a href=\"https:\/\/www.freiburg-schwarzwald.de\/blog\/enough-gb-assez-f-genug-d\/\">Enough GB \u2013 Assez F \u2013 Genug D<\/a>\u00a0(15.6.2026)<\/li>\n<li><a href=\"https:\/\/www.freiburg-schwarzwald.de\/blog\/religion\/islam\/islamismus\/enthauptung\/\">Birgit Kelle: Wenn K\u00f6pfe rollen in Europa<\/a>\u00a0(13.6.2026)<\/li>\n<li>Kemi Badenoch: Multikulturalit\u00e4t nein &#8211; Multiethnizit\u00e4t ja (4.11.2024)<\/li>\n<li><\/li>\n<li><a href=\"https:\/\/www.freiburg-schwarzwald.de\/blog\/religion\/islam\/islamismus\/enthauptung\/\">Enthauptung<\/a><\/li>\n<li><a href=\"https:\/\/www.freiburg-schwarzwald.de\/blog\/engagement\/zukunft\/demokratie\/konservativ\/\">konservativ<\/a><\/li>\n<li><a href=\"https:\/\/www.freiburg-schwarzwald.de\/blog\/kultur\/leitkultur\/\">Leitkultur<\/a><\/li>\n<\/ul>\n<p>&nbsp;<\/p>\n<p><strong>Kemi Badenoch: Multikulturalit\u00e4t nein &#8211; Multiethnizit\u00e4t ja<\/strong><br \/>\nKemi Badenoch, 44, wurde als Tochter wohlhabender nigerianischer Eltern in London geboren, lebte aber bis zum Alter von 16 Jahren in Lagos. Die Softwareentwicklerin und Juristin arbeitete zuletzt im Finanzsektor und hat drei Kinder. 2005 trat sie den Tories bei, war unter Liz Truss Handels- und Gleichstellungsministerin und unter Premier Sunak war sie Wirtschaftsministerin. Sie gilt als Vertraute von Boris Johnson. Harry-Porter-Autorin J.K.Rowling Bardenoch spricht ihr &#8222;Klugheit und Mut&#8220; zu. Sie bek\u00e4mpft Political Correctness, Wokeismus, &#8222;dumme wei\u00dfe Linke&#8220; und Identit\u00e4tspolitik.<\/p>\n<p>Kemi Badenoch: erste schwarze Tory-Vorsitzende in <a href=\"https:\/\/www.freiburg-schwarzwald.de\/blog\/global\/grossbritannien\/\">Gro\u00dfbritannien<\/a> unterscheidet Multikulti und Multiethnizit\u00e4t:<br \/>\n<strong>Multikulturalismus<\/strong> lehnt Badenoch ab, da diese nicht gleichwertig seien. Dies mit Blick auf Kulturen, die Frauen die Gleichwertigkeit absprechen und die Zwangsverheiratung in der Kinderehe bef\u00fcrworten. Aus diesem Grund m\u00fcsse der Multikulturalismus zu Konflikten in der Gesellschaft Gro\u00dfbritanniens f\u00fchren.<br \/>\n<strong>Multiethnizit\u00e4t<\/strong> hingegen erm\u00f6glicht das friedliche Zusammenleben der verschiedenen Ethnien, da diese ein gemeinsames Wertesystem als verbindendes Element &#8211; quasi als Leitkultur -der Gesellschaft akzeptieren.<br \/>\n4.11.2024<br \/>\nMehr auch auf:<br \/>\n<a href=\"https:\/\/www.kemibadenoch.org.uk\/about-kemi\">https:\/\/www.kemibadenoch.org.uk\/about-kemi<\/a><\/p>\n<p><strong>Die neue Tory-Vorsitzende \u2013 Wer ist Kemi Badenoch?<\/strong><br \/>\nBadenoch gilt als stramm konservativ und als Brexit-Bef\u00fcrworterin. \u201eIch werde immer gegen linken Quatsch\u201c k\u00e4mpfen, sagte sie vor ein paar Wochen vor Parteimitgliedern. Badenoch spricht sich f\u00fcr niedrige Steuern und freie Marktwirtschaft aus. Mutterschutz f\u00fcr Besch\u00e4ftige in kleinen Unternehmen bezeichnete sie als \u201e\u00fcbertrieben\u201c. Dem Beamtentum steht sie misstrauisch gegen\u00fcber. In Bezug auf Klima-Themen beschreibt sich Badenoch selbst als \u201eSkeptikerin\u201c, was das Ziel einer Wirtschaft mit Netto-Null-Emissionen angeht.<br \/>\nBadenoch kritisierte immer wieder den Multikulturalismus und ist Gegnerin der Identit\u00e4tspolitik. In der Einwanderungspolitik verfolgt sie einen harten Kurs. In Bezug auf die Frage, wer das Recht bekommen sollte, in Gro\u00dfbritannien leben zu d\u00fcrfen, sagte sie: \u201eNicht alle Kulturen sind gleichwertig\u201c. \u00d6ffentlich erkl\u00e4rte sie, dass sie es vorziehe, sich nicht auf ihre Ethnie zu konzentrieren. \u201eIch bin jemand, der m\u00f6chte, dass die Farbe unserer Haut nicht wichtiger ist als die Farbe unserer Haare oder die Farbe unserer Augen\u201c, sagte sie auf dem Parteitag der konservativen Anfang des Jahres.<br \/>\n&#8230; Alles vom 3.11.024 bitte lesen auf<br \/>\n<a href=\"https:\/\/www.deutschlandfunk.de\/die-neue-tory-vorsitzende-wer-ist-kemi-badenoch-100.html\">https:\/\/www.deutschlandfunk.de\/die-neue-tory-vorsitzende-wer-ist-kemi-badenoch-100.html<\/a><\/p>\n<p>&nbsp;<\/p>\n","protected":false},"excerpt":{"rendered":"<p>Home &gt;Global\u00a0&gt;Integration\u00a0&gt;Kultur &gt;Multikulti &gt;Multiethnizit\u00e4t &nbsp; Enough GB \u2013 Assez F \u2013 Genug D\u00a0(15.6.2026) Birgit Kelle: Wenn K\u00f6pfe rollen in Europa\u00a0(13.6.2026) Kemi Badenoch: Multikulturalit\u00e4t nein &#8211; Multiethnizit\u00e4t ja (4.11.2024) Enthauptung konservativ Leitkultur &nbsp; Kemi Badenoch: Multikulturalit\u00e4t nein &#8211; Multiethnizit\u00e4t ja Kemi &hellip; <a href=\"https:\/\/www.freiburg-schwarzwald.de\/blog\/kultur\/leitkultur\/multiethnizitaet\/\">Weiterlesen <span class=\"meta-nav\">&rarr;<\/span><\/a><\/p>\n","protected":false},"author":2,"featured_media":0,"parent":50641,"menu_order":0,"comment_status":"closed","ping_status":"closed","template":"","meta":{"footnotes":""},"class_list":["post-127991","page","type-page","status-publish","hentry"],"_links":{"self":[{"href":"https:\/\/www.freiburg-schwarzwald.de\/blog\/wp-json\/wp\/v2\/pages\/127991","targetHints":{"allow":["GET"]}}],"collection":[{"href":"https:\/\/www.freiburg-schwarzwald.de\/blog\/wp-json\/wp\/v2\/pages"}],"about":[{"href":"https:\/\/www.freiburg-schwarzwald.de\/blog\/wp-json\/wp\/v2\/types\/page"}],"author":[{"embeddable":true,"href":"https:\/\/www.freiburg-schwarzwald.de\/blog\/wp-json\/wp\/v2\/users\/2"}],"replies":[{"embeddable":true,"href":"https:\/\/www.freiburg-schwarzwald.de\/blog\/wp-json\/wp\/v2\/comments?post=127991"}],"version-history":[{"count":5,"href":"https:\/\/www.freiburg-schwarzwald.de\/blog\/wp-json\/wp\/v2\/pages\/127991\/revisions"}],"predecessor-version":[{"id":150453,"href":"https:\/\/www.freiburg-schwarzwald.de\/blog\/wp-json\/wp\/v2\/pages\/127991\/revisions\/150453"}],"up":[{"embeddable":true,"href":"https:\/\/www.freiburg-schwarzwald.de\/blog\/wp-json\/wp\/v2\/pages\/50641"}],"wp:attachment":[{"href":"https:\/\/www.freiburg-schwarzwald.de\/blog\/wp-json\/wp\/v2\/media?parent=127991"}],"curies":[{"name":"wp","href":"https:\/\/api.w.org\/{rel}","templated":true}]}}

Multiethnizität

<p><a href="https://www.freiburg-schwarzwald.de/blog">Home</a> &gt;<a title="Global" href="https://www.freiburg-schwarzwald.de/blog/global/">Global</a> &gt;<a title="Integration" href="https://www.freiburg-schwarzwald.de/blog/global/integration/">Integration</a> &gt;<a title="Kultur" href="https://www.freiburg-schwarzwald.de/blog/kultur/">Kultur</a> &gt;<a href="https://www.freiburg-schwarzwald.de/blog/kultur/leitkultur/multikulti/">Multikulti</a> &gt;Multiethnizität</p>
<div id="attachment_127666" style="width: 651px" class="wp-caption alignnone"><a href="https://www.freiburg-schwarzwald.de/blog/wp-content/uploads/2024/10/feigenernte-kakilaub-pan241019.jpg"><img loading="lazy" decoding="async" aria-describedby="caption-attachment-127666" class="size-full wp-image-127666" src="https://www.freiburg-schwarzwald.de/blog/wp-content/uploads/2024/10/feigenernte-kakilaub-pan241019.jpg" alt="" width="641" height="397" srcset="https://www.freiburg-schwarzwald.de/blog/wp-content/uploads/2024/10/feigenernte-kakilaub-pan241019.jpg 641w, https://www.freiburg-schwarzwald.de/blog/wp-content/uploads/2024/10/feigenernte-kakilaub-pan241019-180x111.jpg 180w" sizes="auto, (max-width: 641px) 100vw, 641px" /></a><p id="caption-attachment-127666" class="wp-caption-text">Feigenernte unterm herbstlichen Kakibaum am 19.10.2024</p></div>
<p>&nbsp;</p>
<ul>
<li><a href="https://www.freiburg-schwarzwald.de/blog/enough-gb-assez-f-genug-d/">Enough GB – Assez F – Genug D</a> (15.6.2026)</li>
<li><a href="https://www.freiburg-schwarzwald.de/blog/religion/islam/islamismus/enthauptung/">Birgit Kelle: Wenn Köpfe rollen in Europa</a> (13.6.2026)</li>
<li>Kemi Badenoch: Multikulturalität nein &#8211; Multiethnizität ja (4.11.2024)</li>
<li></li>
<li><a href="https://www.freiburg-schwarzwald.de/blog/religion/islam/islamismus/enthauptung/">Enthauptung</a></li>
<li><a href="https://www.freiburg-schwarzwald.de/blog/engagement/zukunft/demokratie/konservativ/">konservativ</a></li>
<li><a href="https://www.freiburg-schwarzwald.de/blog/kultur/leitkultur/">Leitkultur</a></li>
</ul>
<p>&nbsp;</p>
<p><strong>Kemi Badenoch: Multikulturalität nein &#8211; Multiethnizität ja</strong><br />
Kemi Badenoch, 44, wurde als Tochter wohlhabender nigerianischer Eltern in London geboren, lebte aber bis zum Alter von 16 Jahren in Lagos. Die Softwareentwicklerin und Juristin arbeitete zuletzt im Finanzsektor und hat drei Kinder. 2005 trat sie den Tories bei, war unter Liz Truss Handels- und Gleichstellungsministerin und unter Premier Sunak war sie Wirtschaftsministerin. Sie gilt als Vertraute von Boris Johnson. Harry-Porter-Autorin J.K.Rowling Bardenoch spricht ihr &#8222;Klugheit und Mut&#8220; zu. Sie bekämpft Political Correctness, Wokeismus, &#8222;dumme weiße Linke&#8220; und Identitätspolitik.</p>
<p>Kemi Badenoch: erste schwarze Tory-Vorsitzende in <a href="https://www.freiburg-schwarzwald.de/blog/global/grossbritannien/">Großbritannien</a> unterscheidet Multikulti und Multiethnizität:<br />
<strong>Multikulturalismus</strong> lehnt Badenoch ab, da diese nicht gleichwertig seien. Dies mit Blick auf Kulturen, die Frauen die Gleichwertigkeit absprechen und die Zwangsverheiratung in der Kinderehe befürworten. Aus diesem Grund müsse der Multikulturalismus zu Konflikten in der Gesellschaft Großbritanniens führen.<br />
<strong>Multiethnizität</strong> hingegen ermöglicht das friedliche Zusammenleben der verschiedenen Ethnien, da diese ein gemeinsames Wertesystem als verbindendes Element &#8211; quasi als Leitkultur -der Gesellschaft akzeptieren.<br />
4.11.2024<br />
Mehr auch auf:<br />
<a href="https://www.kemibadenoch.org.uk/about-kemi">https://www.kemibadenoch.org.uk/about-kemi</a></p>
<p><strong>Die neue Tory-Vorsitzende – Wer ist Kemi Badenoch?</strong><br />
Badenoch gilt als stramm konservativ und als Brexit-Befürworterin. „Ich werde immer gegen linken Quatsch“ kämpfen, sagte sie vor ein paar Wochen vor Parteimitgliedern. Badenoch spricht sich für niedrige Steuern und freie Marktwirtschaft aus. Mutterschutz für Beschäftige in kleinen Unternehmen bezeichnete sie als „übertrieben“. Dem Beamtentum steht sie misstrauisch gegenüber. In Bezug auf Klima-Themen beschreibt sich Badenoch selbst als „Skeptikerin“, was das Ziel einer Wirtschaft mit Netto-Null-Emissionen angeht.<br />
Badenoch kritisierte immer wieder den Multikulturalismus und ist Gegnerin der Identitätspolitik. In der Einwanderungspolitik verfolgt sie einen harten Kurs. In Bezug auf die Frage, wer das Recht bekommen sollte, in Großbritannien leben zu dürfen, sagte sie: „Nicht alle Kulturen sind gleichwertig“. Öffentlich erklärte sie, dass sie es vorziehe, sich nicht auf ihre Ethnie zu konzentrieren. „Ich bin jemand, der möchte, dass die Farbe unserer Haut nicht wichtiger ist als die Farbe unserer Haare oder die Farbe unserer Augen“, sagte sie auf dem Parteitag der konservativen Anfang des Jahres.<br />
&#8230; Alles vom 3.11.024 bitte lesen auf<br />
<a href="https://www.deutschlandfunk.de/die-neue-tory-vorsitzende-wer-ist-kemi-badenoch-100.html">https://www.deutschlandfunk.de/die-neue-tory-vorsitzende-wer-ist-kemi-badenoch-100.html</a></p>
<p>&nbsp;</p>

<p>Home &gt;Global &gt;Integration &gt;Kultur &gt;Multikulti &gt;Multiethnizität &nbsp; Enough GB – Assez F – Genug D (15.6.2026) Birgit Kelle: Wenn Köpfe rollen in Europa (13.6.2026) Kemi Badenoch: Multikulturalität nein &#8211; Multiethnizität ja (4.11.2024) Enthauptung konservativ Leitkultur &nbsp; Kemi Badenoch: Multikulturalität nein &#8211; Multiethnizität ja Kemi &hellip; <a href="https://www.freiburg-schwarzwald.de/blog/kultur/leitkultur/multiethnizitaet/">Weiterlesen <span class="meta-nav">&rarr;</span></a></p>
