{"id":127869,"date":"2024-10-31T15:44:35","date_gmt":"2024-10-31T14:44:35","guid":{"rendered":"https:\/\/www.freiburg-schwarzwald.de\/blog\/?page_id=127869"},"modified":"2026-04-14T09:51:28","modified_gmt":"2026-04-14T07:51:28","slug":"jungwaehler","status":"publish","type":"page","link":"https:\/\/www.freiburg-schwarzwald.de\/blog\/selbsthilfe\/jugend\/jungwaehler\/","title":{"rendered":"Jungw\u00e4hler"},"content":{"rendered":"<p><a href=\"https:\/\/www.freiburg-schwarzwald.de\/blog\">Home<\/a>\u00a0&gt;<a title=\"Engagement\" href=\"https:\/\/www.freiburg-schwarzwald.de\/blog\/engagement\/\">Engagement<\/a> &gt;<a href=\"https:\/\/www.freiburg-schwarzwald.de\/blog\/selbsthilfe\/jugend\/\">Jugend<\/a> &gt;<a title=\"Zukunft\" href=\"https:\/\/www.freiburg-schwarzwald.de\/blog\/engagement\/zukunft\/\">Zukunft<\/a>\u00a0&gt;<a title=\"Psyche\" href=\"https:\/\/www.freiburg-schwarzwald.de\/blog\/selbsthilfe\/psyche\/\">Psyche<\/a>\u00a0&gt;<a href=\"https:\/\/www.freiburg-schwarzwald.de\/blog\/engagement\/zukunft\/angst\/angst-jugend\">Angst-Jugend<\/a>\u00a0&gt;Jungw\u00e4hler<\/p>\n<div id=\"attachment_127573\" style=\"width: 649px\" class=\"wp-caption alignnone\"><a href=\"https:\/\/www.freiburg-schwarzwald.de\/blog\/wp-content\/uploads\/2024\/10\/Fahrrad-schrauber-pan241003.jpg\"><img loading=\"lazy\" decoding=\"async\" aria-describedby=\"caption-attachment-127573\" class=\"size-full wp-image-127573\" src=\"https:\/\/www.freiburg-schwarzwald.de\/blog\/wp-content\/uploads\/2024\/10\/Fahrrad-schrauber-pan241003.jpg\" alt=\"\" width=\"639\" height=\"357\" srcset=\"https:\/\/www.freiburg-schwarzwald.de\/blog\/wp-content\/uploads\/2024\/10\/Fahrrad-schrauber-pan241003.jpg 639w, https:\/\/www.freiburg-schwarzwald.de\/blog\/wp-content\/uploads\/2024\/10\/Fahrrad-schrauber-pan241003-180x101.jpg 180w\" sizes=\"auto, (max-width: 639px) 100vw, 639px\" \/><\/a><p id=\"caption-attachment-127573\" class=\"wp-caption-text\">Fahrrad-Schrauber auf der Strasse am Wochenende 3.10.2024<\/p><\/div>\n<ul>\n<li><em>Listenauswahl eines Beitrags: Bitte\u00a0<span style=\"text-decoration: underline;\">anklicken<\/span>\u00a0oder runterscrollen<\/em><\/li>\n<li><a href=\"https:\/\/www.freiburg-schwarzwald.de\/blog\/selbsthilfe\/jugend\/jugend-zukunft\/\">Pulverfass Boomer-Republik Deutschland: Warum die Jugend mit diesem Land bricht<\/a> (3.4.2026)<\/li>\n<li><a href=\"https:\/\/www.freiburg-schwarzwald.de\/blog\/jugendliche-abgeordnete-in-bw\/\">Jugendliche Abgeordnete in BW<\/a>\u00a0(25.2.2026)<\/li>\n<li><a href=\"https:\/\/www.freiburg-schwarzwald.de\/blog\/giessen-muss-friedlich-bleiben\/\">Giessen mu\u00df friedlich bleiben<\/a> (28.11.2025)<\/li>\n<li><a href=\"https:\/\/www.freiburg-schwarzwald.de\/blog\/engagement\/zukunft\/demokratie\/widerstand\/\">Die Wahlumfragen zeigen eine Richtung: Die Krise spitzt sich langsam, aber stetig zu<\/a>\u00a0(5.10.2025)<\/li>\n<li><a href=\"https:\/\/www.freiburg-schwarzwald.de\/blog\/selbsthilfe\/jugend\/jugend-zukunft\/\">Stille Kapitulation: Die schweigende, wehrlose junge Generation<\/a>\u00a0(4.4.2025)<\/li>\n<li><a href=\"https:\/\/www.freiburg-schwarzwald.de\/blog\/massenmigration-statt-ki-in-d\/\">Massenmigration statt KI \u2013 in D<\/a>\u00a0(2.1.2025)<\/li>\n<li><a href=\"https:\/\/www.freiburg-schwarzwald.de\/blog\/selbsthilfe\/familie\/generationen\/generation-z\/\">Die stille Krise der Generation Z \u2013 Freiheit versus Konformit\u00e4t<\/a>\u00a0(11.11.2024)<\/li>\n<li>Patzelt-Analyse: Umkehr bei den Jungw\u00e4hlern (28.10.2024)<\/li>\n<li><a href=\"https:\/\/www.freiburg-schwarzwald.de\/blog\/die-lehren-aus-den-ost-wahlen\/\">Die Lehren aus den Ost-Wahlen<\/a>\u00a0(25.9.2024)<\/li>\n<li><a href=\"https:\/\/www.freiburg-schwarzwald.de\/blog\/jugend-rechts-eltern-links\/\">Jugend rechts \u2013 Eltern links<\/a>\u00a0(23.9.2024)<\/li>\n<li><a href=\"https:\/\/www.freiburg-schwarzwald.de\/blog\/selbsthilfe\/jugend\/124902-2\/\">Wenn die Jugend das w\u00fcsste \u2026 Ideologisierung<\/a>\u00a0(28.6.2024)<\/li>\n<li><a href=\"https:\/\/www.freiburg-schwarzwald.de\/blog\/politik-und-pizza-junge-waehler-024\/\">Politik und Pizza \u2013 junge W\u00e4hler<\/a>\u00a0(24.5.2024)<\/li>\n<li><a href=\"https:\/\/www.freiburg-schwarzwald.de\/blog\/jugend-deutschland-rechtsruck\/\">Jugend in Deutschland: Rechtsruck<\/a>\u00a0(27.4.2024)<\/li>\n<li><\/li>\n<li><a href=\"https:\/\/www.freiburg-schwarzwald.de\/blog\/selbsthilfe\/familie\/generationen\/generation-z\/\">Generation-Z<\/a><\/li>\n<\/ul>\n<p>&nbsp;<\/p>\n<p><strong>Patzelt-Analyse: Umkehr bei den Jungw\u00e4hlern<\/strong><br \/>\nJunge Leute sind eher bereit als \u00e4ltere W\u00e4hler, Kritikern bestehender und als ungut empfundener Zust\u00e4nde ihre Stimme zu geben. Warum junge Leute rechts w\u00e4hlen \u2013 und was daraus folgt.<br \/>\n&#8230; Alles vom 28.10.2024 bitte lesen auf<br \/>\n<a href=\"https:\/\/www.achgut.com\/artikel\/patzelt_analyse_umkehr_bei_den_jungwaehlern\">https:\/\/www.achgut.com\/artikel\/patzelt_analyse_umkehr_bei_den_jungwaehlern<\/a><\/p>\n","protected":false},"excerpt":{"rendered":"<p>Home\u00a0&gt;Engagement &gt;Jugend &gt;Zukunft\u00a0&gt;Psyche\u00a0&gt;Angst-Jugend\u00a0&gt;Jungw\u00e4hler Listenauswahl eines Beitrags: Bitte\u00a0anklicken\u00a0oder runterscrollen Pulverfass Boomer-Republik Deutschland: Warum die Jugend mit diesem Land bricht (3.4.2026) Jugendliche Abgeordnete in BW\u00a0(25.2.2026) Giessen mu\u00df friedlich bleiben (28.11.2025) Die Wahlumfragen zeigen eine Richtung: Die Krise spitzt sich langsam, aber stetig &hellip; <a href=\"https:\/\/www.freiburg-schwarzwald.de\/blog\/selbsthilfe\/jugend\/jungwaehler\/\">Weiterlesen <span class=\"meta-nav\">&rarr;<\/span><\/a><\/p>\n","protected":false},"author":2,"featured_media":0,"parent":1121,"menu_order":0,"comment_status":"closed","ping_status":"closed","template":"","meta":{"footnotes":""},"class_list":["post-127869","page","type-page","status-publish","hentry"],"_links":{"self":[{"href":"https:\/\/www.freiburg-schwarzwald.de\/blog\/wp-json\/wp\/v2\/pages\/127869","targetHints":{"allow":["GET"]}}],"collection":[{"href":"https:\/\/www.freiburg-schwarzwald.de\/blog\/wp-json\/wp\/v2\/pages"}],"about":[{"href":"https:\/\/www.freiburg-schwarzwald.de\/blog\/wp-json\/wp\/v2\/types\/page"}],"author":[{"embeddable":true,"href":"https:\/\/www.freiburg-schwarzwald.de\/blog\/wp-json\/wp\/v2\/users\/2"}],"replies":[{"embeddable":true,"href":"https:\/\/www.freiburg-schwarzwald.de\/blog\/wp-json\/wp\/v2\/comments?post=127869"}],"version-history":[{"count":6,"href":"https:\/\/www.freiburg-schwarzwald.de\/blog\/wp-json\/wp\/v2\/pages\/127869\/revisions"}],"predecessor-version":[{"id":147873,"href":"https:\/\/www.freiburg-schwarzwald.de\/blog\/wp-json\/wp\/v2\/pages\/127869\/revisions\/147873"}],"up":[{"embeddable":true,"href":"https:\/\/www.freiburg-schwarzwald.de\/blog\/wp-json\/wp\/v2\/pages\/1121"}],"wp:attachment":[{"href":"https:\/\/www.freiburg-schwarzwald.de\/blog\/wp-json\/wp\/v2\/media?parent=127869"}],"curies":[{"name":"wp","href":"https:\/\/api.w.org\/{rel}","templated":true}]}}

Jungwähler

<p><a href="https://www.freiburg-schwarzwald.de/blog">Home</a> &gt;<a title="Engagement" href="https://www.freiburg-schwarzwald.de/blog/engagement/">Engagement</a> &gt;<a href="https://www.freiburg-schwarzwald.de/blog/selbsthilfe/jugend/">Jugend</a> &gt;<a title="Zukunft" href="https://www.freiburg-schwarzwald.de/blog/engagement/zukunft/">Zukunft</a> &gt;<a title="Psyche" href="https://www.freiburg-schwarzwald.de/blog/selbsthilfe/psyche/">Psyche</a> &gt;<a href="https://www.freiburg-schwarzwald.de/blog/engagement/zukunft/angst/angst-jugend">Angst-Jugend</a> &gt;Jungwähler</p>
<div id="attachment_127573" style="width: 649px" class="wp-caption alignnone"><a href="https://www.freiburg-schwarzwald.de/blog/wp-content/uploads/2024/10/Fahrrad-schrauber-pan241003.jpg"><img loading="lazy" decoding="async" aria-describedby="caption-attachment-127573" class="size-full wp-image-127573" src="https://www.freiburg-schwarzwald.de/blog/wp-content/uploads/2024/10/Fahrrad-schrauber-pan241003.jpg" alt="" width="639" height="357" srcset="https://www.freiburg-schwarzwald.de/blog/wp-content/uploads/2024/10/Fahrrad-schrauber-pan241003.jpg 639w, https://www.freiburg-schwarzwald.de/blog/wp-content/uploads/2024/10/Fahrrad-schrauber-pan241003-180x101.jpg 180w" sizes="auto, (max-width: 639px) 100vw, 639px" /></a><p id="caption-attachment-127573" class="wp-caption-text">Fahrrad-Schrauber auf der Strasse am Wochenende 3.10.2024</p></div>
<ul>
<li><em>Listenauswahl eines Beitrags: Bitte <span style="text-decoration: underline;">anklicken</span> oder runterscrollen</em></li>
<li><a href="https://www.freiburg-schwarzwald.de/blog/selbsthilfe/jugend/jugend-zukunft/">Pulverfass Boomer-Republik Deutschland: Warum die Jugend mit diesem Land bricht</a> (3.4.2026)</li>
<li><a href="https://www.freiburg-schwarzwald.de/blog/jugendliche-abgeordnete-in-bw/">Jugendliche Abgeordnete in BW</a> (25.2.2026)</li>
<li><a href="https://www.freiburg-schwarzwald.de/blog/giessen-muss-friedlich-bleiben/">Giessen muß friedlich bleiben</a> (28.11.2025)</li>
<li><a href="https://www.freiburg-schwarzwald.de/blog/engagement/zukunft/demokratie/widerstand/">Die Wahlumfragen zeigen eine Richtung: Die Krise spitzt sich langsam, aber stetig zu</a> (5.10.2025)</li>
<li><a href="https://www.freiburg-schwarzwald.de/blog/selbsthilfe/jugend/jugend-zukunft/">Stille Kapitulation: Die schweigende, wehrlose junge Generation</a> (4.4.2025)</li>
<li><a href="https://www.freiburg-schwarzwald.de/blog/massenmigration-statt-ki-in-d/">Massenmigration statt KI – in D</a> (2.1.2025)</li>
<li><a href="https://www.freiburg-schwarzwald.de/blog/selbsthilfe/familie/generationen/generation-z/">Die stille Krise der Generation Z – Freiheit versus Konformität</a> (11.11.2024)</li>
<li>Patzelt-Analyse: Umkehr bei den Jungwählern (28.10.2024)</li>
<li><a href="https://www.freiburg-schwarzwald.de/blog/die-lehren-aus-den-ost-wahlen/">Die Lehren aus den Ost-Wahlen</a> (25.9.2024)</li>
<li><a href="https://www.freiburg-schwarzwald.de/blog/jugend-rechts-eltern-links/">Jugend rechts – Eltern links</a> (23.9.2024)</li>
<li><a href="https://www.freiburg-schwarzwald.de/blog/selbsthilfe/jugend/124902-2/">Wenn die Jugend das wüsste … Ideologisierung</a> (28.6.2024)</li>
<li><a href="https://www.freiburg-schwarzwald.de/blog/politik-und-pizza-junge-waehler-024/">Politik und Pizza – junge Wähler</a> (24.5.2024)</li>
<li><a href="https://www.freiburg-schwarzwald.de/blog/jugend-deutschland-rechtsruck/">Jugend in Deutschland: Rechtsruck</a> (27.4.2024)</li>
<li></li>
<li><a href="https://www.freiburg-schwarzwald.de/blog/selbsthilfe/familie/generationen/generation-z/">Generation-Z</a></li>
</ul>
<p>&nbsp;</p>
<p><strong>Patzelt-Analyse: Umkehr bei den Jungwählern</strong><br />
Junge Leute sind eher bereit als ältere Wähler, Kritikern bestehender und als ungut empfundener Zustände ihre Stimme zu geben. Warum junge Leute rechts wählen – und was daraus folgt.<br />
&#8230; Alles vom 28.10.2024 bitte lesen auf<br />
<a href="https://www.achgut.com/artikel/patzelt_analyse_umkehr_bei_den_jungwaehlern">https://www.achgut.com/artikel/patzelt_analyse_umkehr_bei_den_jungwaehlern</a></p>

<p>Home &gt;Engagement &gt;Jugend &gt;Zukunft &gt;Psyche &gt;Angst-Jugend &gt;Jungwähler Listenauswahl eines Beitrags: Bitte anklicken oder runterscrollen Pulverfass Boomer-Republik Deutschland: Warum die Jugend mit diesem Land bricht (3.4.2026) Jugendliche Abgeordnete in BW (25.2.2026) Giessen muß friedlich bleiben (28.11.2025) Die Wahlumfragen zeigen eine Richtung: Die Krise spitzt sich langsam, aber stetig &hellip; <a href="https://www.freiburg-schwarzwald.de/blog/selbsthilfe/jugend/jungwaehler/">Weiterlesen <span class="meta-nav">&rarr;</span></a></p>
