{"id":127162,"date":"2024-10-01T16:43:52","date_gmt":"2024-10-01T14:43:52","guid":{"rendered":"https:\/\/www.freiburg-schwarzwald.de\/blog\/?page_id=127162"},"modified":"2026-02-03T21:23:46","modified_gmt":"2026-02-03T20:23:46","slug":"gleichschaltung","status":"publish","type":"page","link":"https:\/\/www.freiburg-schwarzwald.de\/blog\/kultur\/medien\/gleichschaltung\/","title":{"rendered":"Gleichschaltung"},"content":{"rendered":"<p><a href=\"https:\/\/www.freiburg-schwarzwald.de\/blog\">Home<\/a>\u00a0&gt;<a title=\"Kultur\" href=\"https:\/\/www.freiburg-schwarzwald.de\/blog\/kultur\/\">Kultur<\/a>\u00a0&gt;<a title=\"Medien\" href=\"https:\/\/www.freiburg-schwarzwald.de\/blog\/kultur\/medien\/\">Medien<\/a>\u00a0&gt;<a title=\"Zeitung\" href=\"https:\/\/www.freiburg-schwarzwald.de\/blog\/kultur\/medien\/zeitung\/\">Zeitung<\/a>\u00a0&gt;<a href=\"https:\/\/www.freiburg-schwarzwald.de\/blog\/kultur\/medien\/mediendemokratie\/\">Mediendemokratie<\/a> &gt;<a href=\"https:\/\/www.freiburg-schwarzwald.de\/blog\/kultur\/medien\/medien-unabhaengigkeit\/\">Medien-Unabhaengigkeit<\/a> Gleichschaltung<\/p>\n<div id=\"attachment_126981\" style=\"width: 648px\" class=\"wp-caption alignnone\"><a href=\"https:\/\/www.freiburg-schwarzwald.de\/blog\/wp-content\/uploads\/2024\/09\/Feigenernte-pan240924.jpg\"><img loading=\"lazy\" decoding=\"async\" aria-describedby=\"caption-attachment-126981\" class=\"size-full wp-image-126981\" src=\"https:\/\/www.freiburg-schwarzwald.de\/blog\/wp-content\/uploads\/2024\/09\/Feigenernte-pan240924.jpg\" alt=\"\" width=\"638\" height=\"352\" srcset=\"https:\/\/www.freiburg-schwarzwald.de\/blog\/wp-content\/uploads\/2024\/09\/Feigenernte-pan240924.jpg 638w, https:\/\/www.freiburg-schwarzwald.de\/blog\/wp-content\/uploads\/2024\/09\/Feigenernte-pan240924-180x99.jpg 180w\" sizes=\"auto, (max-width: 638px) 100vw, 638px\" \/><\/a><p id=\"caption-attachment-126981\" class=\"wp-caption-text\">Feigenernte in Freiburg am 22.9.2024<\/p><\/div>\n<ul>\n<li><em>Listenauswahl eines Beitrags: Bitte anklicken oder runterscrollen<\/em><\/li>\n<li><a href=\"https:\/\/www.freiburg-schwarzwald.de\/blog\/engagement\/zukunft\/demokratie\/gleichheit\/gleichmacherei\/\">Wenn alle alles k\u00f6nnen sollen<\/a>\u00a0(31.1.2026)<\/li>\n<li><a href=\"https:\/\/www.freiburg-schwarzwald.de\/blog\/regulation-zensur-verbot-nein\/\">Regulation Zensur Verbot: Nein!<\/a>\u00a0(26.1.2026)<\/li>\n<li>Precht und Lanz: : Wenn Medien nur noch Mainstream abbilden (7.10.2025)<\/li>\n<li><a href=\"https:\/\/www.freiburg-schwarzwald.de\/blog\/engagement\/zukunft\/demokratie\/gleichheit\/\">Gleichmacherein in der Schule<\/a>\u00a0(14.1.2025)<\/li>\n<li><a href=\"https:\/\/www.freiburg-schwarzwald.de\/blog\/kultur\/medien\/gez-medien\/\">Der verkommene Journalismus: \u00d6RR, Medienanstalten, Rundfunkr\u00e4te<\/a>\u00a0(2.10.2024)<\/li>\n<li>Die Medien unterscheiden sich kaum (30.9.2024)<\/li>\n<li><\/li>\n<li><a href=\"https:\/\/www.freiburg-schwarzwald.de\/blog\/engagement\/zukunft\/demokratie\/gleichheit\/gleichmacherei\/\">Gleichmacherei<\/a><\/li>\n<li><a href=\"https:\/\/www.freiburg-schwarzwald.de\/blog\/kultur\/medien\/mainstream\/\">Mainstream<\/a><\/li>\n<li><a href=\"https:\/\/www.freiburg-schwarzwald.de\/blog\/kultur\/medien\/medien-politik\/\">Medien-Politik<\/a><\/li>\n<\/ul>\n<p>&nbsp;<\/p>\n<p>&#8222;Wie soll man einem Medium vertrauen, dessen eigene Angestellte glauben, dass man gewisse Sichtweisen lieber nicht \u00e4u\u00dfert?&#8220;<br \/>\n(Giovanni di Lorenzo, Zeit-Chefredakteur)<br \/>\n==============================================================<\/p>\n<p>&nbsp;<\/p>\n<p><strong>Precht und Lanz: : Wenn Medien nur noch Mainstream abbilden<\/strong><br \/>\n<strong>Verengtes Spektrum<\/strong><br \/>\nGibt es heute in den westlich-demokratischen Gesellschaften weniger Meinungsfreiheit als fr\u00fcher? Und wenn ja: Was sind die strukturellen Mechanismen, die zur Entwicklung schwindender Meinungsfreiheit gef\u00fchrt haben? Viele Menschen denken Dinge, die sie in der \u00d6ffentlichkeit nicht mehr auszusprechen wagen. Das Wegreden solcher schwelenden Fragen und Konflikte war das Thema in der neuesten Podcast-Folge, der Nummer 212 von &#8222;Lanz &amp; Precht&#8220;: <a href=\"https:\/\/www.youtube.com\/watch?v=dFFpbOzauNg\">https:\/\/www.youtube.com\/watch?v=dFFpbOzauNg<\/a><br \/>\nEs war einmal mehr der studierte Philosoph, Richard David Precht, der die Debatte aufs Gleis stellte, ihr Substanz und Richtung gab: &#8222;Seit den 50er Jahren&#8220;, so Precht, g\u00e4be es in der Bundesrepublik nicht mehr &#8222;ein so gro\u00dfes Problem mit der Meinungsfreiheit.&#8220; Precht verwies auf die regelm\u00e4\u00dfigen Umfragen des Instituts f\u00fcr Demoskopie Allensbach <a href=\"https:\/\/www.ifd-allensbach.de\/\">https:\/\/www.ifd-allensbach.de\/<\/a> nach der &#8222;gef\u00fchlten Meinungsfreiheit&#8220; <a href=\"http:\/\/de.mediatenor.com\/de\/bibliothek\/newsletter\/1360\/schlechtester-wert-seit-1953-nur-noch-40-prozent-der-deutschen-trauen-sich-ihre-meinung-frei-zu-sagen\">http:\/\/de.mediatenor.com\/de\/bibliothek\/newsletter\/1360\/schlechtester-wert-seit-1953-nur-noch-40-prozent-der-deutschen-trauen-sich-ihre-meinung-frei-zu-sagen<\/a>.<br \/>\n&#8230;<br \/>\n&#8222;In meiner Jugend sah das Meinungsspektrum des \u00f6ffentlich-rechtlichen Rundfunks v\u00f6llig anders aus, als heute. Das muss man sich mit aller Deutlichkeit vor Augen f\u00fchren. Da gab es das &#8222;ZDF Magazin&#8220;<a href=\"https:\/\/www.youtube.com\/watch?v=QC4_zcn70fs\"> https:\/\/www.youtube.com\/watch?v=QC4_zcn70fs<\/a> mit Gerhard L\u00f6wenthal. [\u2026] Und auf der anderen Seite der WDR: der galt als roter Sender. Es gab Sigmund Gottlieb <a href=\"https:\/\/www.youtube.com\/watch?v=KybNsDGORl4\">https:\/\/www.youtube.com\/watch?v=KybNsDGORl4<\/a> vom Bayerischen Rundfunk, es gab Heinz Klaus Mertes, noch ein ganzes St\u00fcck rechts von Sigmund Gottlieb. Es gab Friedrich K\u00fcppersbusch auf der linken Seite, der kein Blatt vor den Mund nahm und seine Sprachakrobatik hervorzauberte. Alles das gibt es heute nicht mehr.&#8220; Richard David Precht<br \/>\n&#8230;<br \/>\n&#8222;Die Angst, die man hat, ist die Angst vor Shitstorms&#8220;<br \/>\nJe geringer das Meinungsspektrum ist, das medial abgebildet wird, umso gr\u00f6\u00dfer werde die Zahl der Unzufriedenen. &#8222;Deswegen w\u00fcrde ich ein flammendes Pl\u00e4doyer daf\u00fcr halten, dass man das Meinungsspektrum im \u00f6ffentlich-rechtlichen Rundfunk, und zwar nicht nur nach rechts, sondern auch auf etwas, was ich links nenne, was aber die Gr\u00fcnen nicht links nennen w\u00fcrden, verschiebt. &#8222;Warum kann man das denn nicht in beide Himmelsrichtungen wieder erweitern?&#8220; Es gehe nicht um formelle, sondern um die gef\u00fchlte Meinungsfreiheit. &#8222;Und in der gef\u00fchlten Meinungsfreiheit geht es um die Frage der sozialen Kosten. Die Angst, die man hat, ist die Angst vor Shitstorms, die Angst vor cancel culture, die Angst keine Karriere zu machen&#8220;.<br \/>\n&#8230;<br \/>\nEinmaliger Freiheitsverlust<br \/>\nDie Schlussworte hatte wieder Richard David Precht: &#8222;Das Problem besteht in der Verengung des Meinungsspektrums. Weil keiner mehr anecken will, weil keiner mehr es aush\u00e4lt, wenn man Meinungen vertritt, die nicht die eigenen sind und f\u00fcr die es Gegenwind gibt \u2013 ja es soll Gegenwind geben. Das geh\u00f6rt zur Gesellschaft dazu. Das muss alles abgebildet werden. Und da brauchen wir auch Programmverantwortliche, die das aushalten.&#8220;<br \/>\n&#8230; Alles vom 7.10.2025 bitte lesen auf<br \/>\n<a href=\"https:\/\/www.telepolis.de\/features\/Verengtes-Spektrum-Wenn-Medien-nur-noch-Mainstream-abbilden-10726264.html\">https:\/\/www.telepolis.de\/features\/Verengtes-Spektrum-Wenn-Medien-nur-noch-Mainstream-abbilden-10726264.html<\/a><br \/>\n.<br \/>\nEinige Kommentare:<br \/>\nWas hier im Artikel als Mainstream bezeichnet wird, ist in Wirklichkeit ein Minderheitenprogramm. Und genau das ist das Problem: Die \u00fcberwiegende Mehrheit der Leute f\u00fchlt sich durch die Medien nicht mehr repr\u00e4sentiert. mifhein<br \/>\n.<br \/>\nInformationen sind eingeschr\u00e4nkt<br \/>\nIrgendwie mu\u00df man eine Meinung entwickeln &#8211; aufgrund von Informationen. Wenn die Informationen einseitig sind und &#8222;wir&#8220; nur die Guten sind, kann nur ein eingeschr\u00e4nkter Meinungskorridor &#8211; also Wertungen &#8211; m\u00f6glich sein. Notwendig ist also eine Vielfalt des Informationsangebots. Und das gibt es in Deutschland schon lange nicht mehr. Jedenfalls nicht vom &#8222;Mainstream&#8220;. Der kennt nur eingeschr\u00e4nkte Informationen, damit die eigenen Wertungen auch schl\u00fcssig sind. Schwarzwei\u00dfmalerei eben. J.Fox<br \/>\nEnde Kommentare<\/p>\n<p>&nbsp;<\/p>\n<p><strong>Die Medien unterscheiden sich kaum<\/strong><br \/>\nKriegspropaganda zur Disziplinierung der Heimatfront<br \/>\nMassenmedien sind eine Art \u201eFenster zur Welt\u201c, so die Charakterisierung der Medien durch Walter Lippmann, ein US-amerikanischer Journalist und Publizist, der 1922 ein Grundlagenwerk des Journalismus mit dem Titel \u201eDie \u00f6ffentliche Meinung\u201c ver\u00f6ffentlichte. Und dieses \u201eFenster-zur-Welt-sein\u201c ist umso mehr gegeben, je mehr die realen Ereignisse sich den Prim\u00e4rerfahrungen des Menschen und der Gesellschaft durch r\u00e4umliche Distanzen entziehen.<br \/>\n&#8230;<br \/>\nWas aber, wenn die Medien sich inhaltlich kaum unterscheiden, weil die Redaktionslinien ideologisch und gesinnungsethisch mehr oder minder identisch sind \u2013 wenn also nur die H\u00fclle, nicht indes der Inhalt variiert? Oder wenn sogar signifikant abweichende Medien verboten w\u00fcrden? Wenn also Informationen und Meinungen eng auf eine spezifisch ideologische Richtung hin kanalisiert werden? Wenn Faktenberichterstattung nach bestem Wissen und Gewissen, also die Einhaltung journalistischer Standards, durch Haltungsjournalismus, das hei\u00dft journalistische Gesinnungsethik, ersetzt wird? Und wenn beide Faktoren (inhaltliche haltungsideologische Eint\u00f6nigkeit der Berichterstattung und Verbote abweichender Berichterstattung und Meinungen) verbunden w\u00fcrden, dann entfiele die Grundlage f\u00fcr die Demokratie. Dann w\u00e4re die Dialektik der Antike, der Rede und Gegenrede mit dem Ziel des guten Erkenntnisgewinns, der Wahrheitsfindung begraben. Die Aufkl\u00e4rung w\u00fcrde auf diese Weise durch die neuen Antiaufkl\u00e4rer mit dem Verweis, die Aufkl\u00e4rung sch\u00fctzen zu m\u00fcssen, faktisch abgewickelt. Der politische Liberalismus, dem ein jahrhundertelanger Kampf zugrunde liegt, drohte zur blo\u00dfen H\u00fclle zu verkommen. Kurzum: Es st\u00fcnde noch Demokratie drauf, aber es w\u00e4re keine gelebte Demokratie mehr drin.<br \/>\nSchon vor 25 Jahren beobachtete der Publizistik- und Kommunikationswissenschaftler S. Ru\u00df-Mohl ein um sich greifendes neues berufliches Selbstverst\u00e4ndnis, n\u00e4mlich der \u201eMoralisierung des Journalismus\u201c \u2013 der Journalist als der selbsternannte, die Gesellschaft erziehende Haltungstr\u00e4ger. Der Jugoslawienkrieg inklusive des NATO-Angriffskrieges beschleunigte diese Entwicklung hin zur Moralisierung der Medien. Die vordergr\u00fcndige Legitimation des NATO-Krieges gegen Jugoslawien war keine v\u00f6lkerrechtliche, wie auch. Es war vielmehr eine von Medien und Politik gemeinsam getragene, rein moralische Rechtfertigung.<br \/>\n&#8230; Alles vom 30.9.2024 von Alexander Neu bitte lesen auf<br \/>\n<a href=\"https:\/\/www.nachdenkseiten.de\/?p=122249\">https:\/\/www.nachdenkseiten.de\/?p=122249<\/a><\/p>\n","protected":false},"excerpt":{"rendered":"<p>Home\u00a0&gt;Kultur\u00a0&gt;Medien\u00a0&gt;Zeitung\u00a0&gt;Mediendemokratie &gt;Medien-Unabhaengigkeit Gleichschaltung Listenauswahl eines Beitrags: Bitte anklicken oder runterscrollen Wenn alle alles k\u00f6nnen sollen\u00a0(31.1.2026) Regulation Zensur Verbot: Nein!\u00a0(26.1.2026) Precht und Lanz: : Wenn Medien nur noch Mainstream abbilden (7.10.2025) Gleichmacherein in der Schule\u00a0(14.1.2025) Der verkommene Journalismus: \u00d6RR, Medienanstalten, Rundfunkr\u00e4te\u00a0(2.10.2024) &hellip; <a href=\"https:\/\/www.freiburg-schwarzwald.de\/blog\/kultur\/medien\/gleichschaltung\/\">Weiterlesen <span class=\"meta-nav\">&rarr;<\/span><\/a><\/p>\n","protected":false},"author":2,"featured_media":0,"parent":678,"menu_order":0,"comment_status":"closed","ping_status":"closed","template":"","meta":{"footnotes":""},"class_list":["post-127162","page","type-page","status-publish","hentry"],"_links":{"self":[{"href":"https:\/\/www.freiburg-schwarzwald.de\/blog\/wp-json\/wp\/v2\/pages\/127162","targetHints":{"allow":["GET"]}}],"collection":[{"href":"https:\/\/www.freiburg-schwarzwald.de\/blog\/wp-json\/wp\/v2\/pages"}],"about":[{"href":"https:\/\/www.freiburg-schwarzwald.de\/blog\/wp-json\/wp\/v2\/types\/page"}],"author":[{"embeddable":true,"href":"https:\/\/www.freiburg-schwarzwald.de\/blog\/wp-json\/wp\/v2\/users\/2"}],"replies":[{"embeddable":true,"href":"https:\/\/www.freiburg-schwarzwald.de\/blog\/wp-json\/wp\/v2\/comments?post=127162"}],"version-history":[{"count":5,"href":"https:\/\/www.freiburg-schwarzwald.de\/blog\/wp-json\/wp\/v2\/pages\/127162\/revisions"}],"predecessor-version":[{"id":145255,"href":"https:\/\/www.freiburg-schwarzwald.de\/blog\/wp-json\/wp\/v2\/pages\/127162\/revisions\/145255"}],"up":[{"embeddable":true,"href":"https:\/\/www.freiburg-schwarzwald.de\/blog\/wp-json\/wp\/v2\/pages\/678"}],"wp:attachment":[{"href":"https:\/\/www.freiburg-schwarzwald.de\/blog\/wp-json\/wp\/v2\/media?parent=127162"}],"curies":[{"name":"wp","href":"https:\/\/api.w.org\/{rel}","templated":true}]}}