{"id":127106,"date":"2024-09-30T20:00:07","date_gmt":"2024-09-30T18:00:07","guid":{"rendered":"https:\/\/www.freiburg-schwarzwald.de\/blog\/?page_id=127106"},"modified":"2025-07-21T15:38:08","modified_gmt":"2025-07-21T13:38:08","slug":"nachrichtendienste","status":"publish","type":"page","link":"https:\/\/www.freiburg-schwarzwald.de\/blog\/kultur\/medien\/nachrichtendienste\/","title":{"rendered":"Nachrichtendienste"},"content":{"rendered":"<p><a href=\"https:\/\/www.freiburg-schwarzwald.de\/blog\">Home<\/a>\u00a0&gt;<a title=\"Kultur\" href=\"https:\/\/www.freiburg-schwarzwald.de\/blog\/kultur\/\">Kultur<\/a>\u00a0&gt;<a title=\"Medien\" href=\"https:\/\/www.freiburg-schwarzwald.de\/blog\/kultur\/medien\/\">Medien<\/a>\u00a0&gt;<a href=\"https:\/\/www.freiburg-schwarzwald.de\/blog\/kultur\/medien\/freie-medien\/\">Freie-Medien<\/a>\u00a0&gt;Neue Medien<\/p>\n<div id=\"attachment_126981\" style=\"width: 648px\" class=\"wp-caption alignnone\"><a href=\"https:\/\/www.freiburg-schwarzwald.de\/blog\/wp-content\/uploads\/2024\/09\/Feigenernte-pan240924.jpg\"><img loading=\"lazy\" decoding=\"async\" aria-describedby=\"caption-attachment-126981\" class=\"size-full wp-image-126981\" src=\"https:\/\/www.freiburg-schwarzwald.de\/blog\/wp-content\/uploads\/2024\/09\/Feigenernte-pan240924.jpg\" alt=\"\" width=\"638\" height=\"352\" srcset=\"https:\/\/www.freiburg-schwarzwald.de\/blog\/wp-content\/uploads\/2024\/09\/Feigenernte-pan240924.jpg 638w, https:\/\/www.freiburg-schwarzwald.de\/blog\/wp-content\/uploads\/2024\/09\/Feigenernte-pan240924-180x99.jpg 180w\" sizes=\"auto, (max-width: 638px) 100vw, 638px\" \/><\/a><p id=\"caption-attachment-126981\" class=\"wp-caption-text\">Feigenernte in Freiburg am 22.9.2024 &#8211; eine beachtliche Vielfalt<\/p><\/div>\n<p>&nbsp;<\/p>\n<ul>\n<li><em>Listenauswahl eines Beitrags: Bitte anklicken oder runterscrollen<\/em><\/li>\n<li><a href=\"https:\/\/www.freiburg-schwarzwald.de\/blog\/sommerinterview-afd-stoerung\/\">Sommerinterview AfD: St\u00f6rung<\/a>\u00a0(21.7.2025)<\/li>\n<li><a href=\"https:\/\/www.freiburg-schwarzwald.de\/blog\/alice-weidel-bei-caren-miosga\/\">Alice Weidel bei Caren Miosga<\/a>\u00a0(3.2.2025)<\/li>\n<li>Wie sich DPA, APA und AFP von den Regierenden f\u00fcr die Gleichrichtung der Medien bezahlen lassen (20.5.2024)<\/li>\n<\/ul>\n<p>&nbsp;<\/p>\n<p><strong>Wie sich DPA, APA und AFP von den Regierenden f\u00fcr die Gleichrichtung der Medien bezahlen lassen<\/strong><br \/>\nDie gro\u00dfen Nachrichtenagenturen entscheiden, was die Mehrheit der Bev\u00f6lkerung erf\u00e4hrt und mit welcher Einkleidung. Um so wichtiger w\u00e4re es, dass sie unabh\u00e4ngig von den Regierenden und deren Agenda agieren. Stattdessen lassen sie sich daf\u00fcr bezahlen, in deren Sinne zu definieren, was die eigenen Journalisten und andere Medien als wahr und als nachrichtenw\u00fcrdig zu betrachten haben. Sie sind der Dreh- und Angelpunkt f\u00fcr die willf\u00e4hrige Gleichrichtung der Berichterstattung bei Themen wie Corona, Klima und Geopolitik.<br \/>\nStellen Sie sich vor, sie sind f\u00fcr die Medienpolitik einer Regierung zust\u00e4ndig, die m\u00f6chte, dass die gro\u00dfen Medien Themen, die der Regierung wichtig, aber in der Gesellschaft umstritten sind, eine regierungsgef\u00e4llige Nachrichtenauswahl treffen und das Narrativ der Regierung st\u00fctzen. Was brauchen Sie, wenn Sie nicht offen zensieren und eine bestimmte Berichterstattung vorschreiben k\u00f6nnen?<br \/>\n1) Eine vermeintlich unabh\u00e4ngige Instanz, die allen mitteilt, was wahr und was die richtige Sichtweise ist<br \/>\n2) Anreize und Restriktionen, die daf\u00fcr sorgen, dass diese Festlegungen \u00fcbernommen werden.<br \/>\nIm folgenden will ich ein real existierendes Arrangement vorstellen das dies gew\u00e4hrleistet.<\/p>\n<p>GADMO<br \/>\nF\u00fcr die mediale Gleichrichtung im deutschsprachigen EU-Raum finanziert die EU-Kommission das im November 2022 gegr\u00fcndete German-Austrian Digital Media Obeservatory, kurz GADMO, also eine deutsch-\u00f6sterreichische Digitalmedien-Beobachtungsstelle. Mitglieder sind die in diesem Raum dominierenden Nachrichtenagenturen DPA, APA und AFP, sowie das regierungsnahe und -finanzierte Recherchekollektiv Correctiv.<br \/>\n&#8230;<br \/>\nFazit<br \/>\nEine aus den USA koordinierte, von der EU bezahlte und der Bundesregierung unterst\u00fctzte Faktencheckerszene sorgt daf\u00fcr, dass alle Medien zu wichtigen Themen mit narrativ-treuen Agenturberichten versorgt werden, die sie weiterverbreiten, und in eigenen Berichten und Kommentaren dem von oben vorgegebenen Narrativ treu bleiben.<br \/>\nAus diesem Blickwinkel erkl\u00e4rt sich auch, warum die Faktenchecks oft so offen tendenzi\u00f6s und die Argumente grenzdebil sind, wie etwa bei den Beitr\u00e4gen der ARD-Faktenerfinder <a href=\"https:\/\/norberthaering.de\/news\/ard-siggelkow-ueber-sanktionen\/\">https:\/\/norberthaering.de\/news\/ard-siggelkow-ueber-sanktionen\/<\/a>. Es geht gar nicht in erster Linie darum, mit diesen Faktenchecks jemand zu \u00fcberzeugen. Ihre Hauptfunktion liegt darin, der Medienlandschaft zu verk\u00fcnden, was die Themen sind, zu denen es ein Narrativ zu respektieren gilt und wie dieses Narrativ lautet.<\/p>\n<p>So erkl\u00e4re ich mir beispielsweise, warum es zu den seit drei Jahren andauernden Verhandlungen \u00fcber ein WHO-Pandemieabkommen und die Versch\u00e4rfung der Internationalen Gesundheitsvorschriften (IHR) bis vor Kurzem fast nur Faktenchecks (von DPA <a href=\"https:\/\/dpa-factchecking.com\/germany\/220705-99-918890\/\">https:\/\/dpa-factchecking.com\/germany\/220705-99-918890\/<\/a> ,<br \/>\nCorrectiv <a href=\"https:\/\/correctiv.org\/faktencheck\/2022\/03\/11\/nein-geplantes-who-instrument-zur-pandemie-praevention-steht-nicht-ueber-nationalen-verfassungen\/\">https:\/\/correctiv.org\/faktencheck\/2022\/03\/11\/nein-geplantes-who-instrument-zur-pandemie-praevention-steht-nicht-ueber-nationalen-verfassungen\/<\/a>,<br \/>\nAPA <a href=\"https:\/\/apa.at\/faktencheck\/who-pandemievertrag-im-einklang-mit-staaten\/\">https:\/\/apa.at\/faktencheck\/who-pandemievertrag-im-einklang-mit-staaten\/<\/a>,<br \/>\nBR <a href=\"https:\/\/www.br.de\/nachrichten\/deutschland-welt\/entwurf-fuer-who-pandemievertrag-staaten-bleiben-souveraen,Ttn8pC0\">https:\/\/www.br.de\/nachrichten\/deutschland-welt\/entwurf-fuer-who-pandemievertrag-staaten-bleiben-souveraen,Ttn8pC0<\/a>,<br \/>\nZDF <a href=\"https:\/\/www.zdf.de\/nachrichten\/politik\/corona-who-pandemievertrag-inhalt-verschwoerungstheorie-100.html\">https:\/\/www.zdf.de\/nachrichten\/politik\/corona-who-pandemievertrag-inhalt-verschwoerungstheorie-100.html<\/a><br \/>\nund Deutsche Welle <a href=\"https:\/\/www.dw.com\/de\/faktencheck-verschw%C3%B6rungsmythen-zum-pandemievertrag\/a-65942005)\">https:\/\/www.dw.com\/de\/faktencheck-verschw%C3%B6rungsmythen-zum-pandemievertrag\/a-65942005)<\/a>,<br \/>\naber fast keine eigenen Berichte der Nachrichtenagenturen und Presseorgane gab. Die Faktenchecks machten deutlich, dass Kritik an den Vertragswerken von hoher Stelle unerw\u00fcnscht war und als abseitig zu gelten hatte (\u201eVerschw\u00f6rungstheorien\u201c, \u201eGeschwurbel\u201c), jedenfalls soweit sich die Kritik gegen den vorgesehenen Machtzuwachs der WHO richtete.<br \/>\n&#8230; Alles vom 20.5.2024 von Norberg H\u00e4ring bitte lesen auf<br \/>\n<a href=\"https:\/\/norberthaering.de\/propaganda-zensur\/edmo-gadmo\/\">https:\/\/norberthaering.de\/propaganda-zensur\/edmo-gadmo\/<\/a><br \/>\n.<br \/>\n<a href=\"https:\/\/www.freiburg-schwarzwald.de\/blog\/wp-content\/uploads\/2024\/09\/gadmo-nachrichtendienste2409.jpg\"><img loading=\"lazy\" decoding=\"async\" class=\"alignnone size-thumbnail wp-image-127110\" src=\"https:\/\/www.freiburg-schwarzwald.de\/blog\/wp-content\/uploads\/2024\/09\/gadmo-nachrichtendienste2409-180x101.jpg\" alt=\"\" width=\"180\" height=\"101\" srcset=\"https:\/\/www.freiburg-schwarzwald.de\/blog\/wp-content\/uploads\/2024\/09\/gadmo-nachrichtendienste2409-180x101.jpg 180w, https:\/\/www.freiburg-schwarzwald.de\/blog\/wp-content\/uploads\/2024\/09\/gadmo-nachrichtendienste2409-640x359.jpg 640w, https:\/\/www.freiburg-schwarzwald.de\/blog\/wp-content\/uploads\/2024\/09\/gadmo-nachrichtendienste2409-768x430.jpg 768w, https:\/\/www.freiburg-schwarzwald.de\/blog\/wp-content\/uploads\/2024\/09\/gadmo-nachrichtendienste2409.jpg 1019w\" sizes=\"auto, (max-width: 180px) 100vw, 180px\" \/><\/a>\u00a0 \u00a0 \u00a0Mediengleichrichtung \u00fcber GADMO<br \/>\n.<br \/>\n<strong>Das Beziehungsgeflecht der Mediengleichrichtung grafisch veranschaulicht<\/strong><br \/>\nChristian Welzel hat meinen Beitrag \u201eWie sich DPA, APA und AFP von den Regierenden f\u00fcr die Gleichrichtung der Medien bezahlen lassen\u201c und weitere Beitr\u00e4ge zur Mediengleichrichtung in eine Infografik \u00fcbersetzt. Sie zeigt das Beziehungsgeflecht zwischen staatlichen Stellen, Medien und sogenannter \u201eZivilgesellschaft\u201c. Dieses stellt sicher, dass in den gro\u00dfen Mainstream-Medien zu den wichtigen Themen mehr oder weniger das Gleiche berichtet und nicht berichtet wird.<br \/>\n&#8230;. Alles vom 28.9.2024 von Christian Wetzel bitte lesen auf <a href=\"https:\/\/norberthaering.de\/propaganda-zensur\/mediengrafik\/\">https:\/\/norberthaering.de\/propaganda-zensur\/mediengrafik\/<\/a><\/p>\n","protected":false},"excerpt":{"rendered":"<p>Home\u00a0&gt;Kultur\u00a0&gt;Medien\u00a0&gt;Freie-Medien\u00a0&gt;Neue Medien &nbsp; Listenauswahl eines Beitrags: Bitte anklicken oder runterscrollen Sommerinterview AfD: St\u00f6rung\u00a0(21.7.2025) Alice Weidel bei Caren Miosga\u00a0(3.2.2025) Wie sich DPA, APA und AFP von den Regierenden f\u00fcr die Gleichrichtung der Medien bezahlen lassen (20.5.2024) &nbsp; Wie sich DPA, APA &hellip; <a href=\"https:\/\/www.freiburg-schwarzwald.de\/blog\/kultur\/medien\/nachrichtendienste\/\">Weiterlesen <span class=\"meta-nav\">&rarr;<\/span><\/a><\/p>\n","protected":false},"author":2,"featured_media":0,"parent":678,"menu_order":0,"comment_status":"closed","ping_status":"closed","template":"","meta":{"footnotes":""},"class_list":["post-127106","page","type-page","status-publish","hentry"],"_links":{"self":[{"href":"https:\/\/www.freiburg-schwarzwald.de\/blog\/wp-json\/wp\/v2\/pages\/127106","targetHints":{"allow":["GET"]}}],"collection":[{"href":"https:\/\/www.freiburg-schwarzwald.de\/blog\/wp-json\/wp\/v2\/pages"}],"about":[{"href":"https:\/\/www.freiburg-schwarzwald.de\/blog\/wp-json\/wp\/v2\/types\/page"}],"author":[{"embeddable":true,"href":"https:\/\/www.freiburg-schwarzwald.de\/blog\/wp-json\/wp\/v2\/users\/2"}],"replies":[{"embeddable":true,"href":"https:\/\/www.freiburg-schwarzwald.de\/blog\/wp-json\/wp\/v2\/comments?post=127106"}],"version-history":[{"count":5,"href":"https:\/\/www.freiburg-schwarzwald.de\/blog\/wp-json\/wp\/v2\/pages\/127106\/revisions"}],"predecessor-version":[{"id":136598,"href":"https:\/\/www.freiburg-schwarzwald.de\/blog\/wp-json\/wp\/v2\/pages\/127106\/revisions\/136598"}],"up":[{"embeddable":true,"href":"https:\/\/www.freiburg-schwarzwald.de\/blog\/wp-json\/wp\/v2\/pages\/678"}],"wp:attachment":[{"href":"https:\/\/www.freiburg-schwarzwald.de\/blog\/wp-json\/wp\/v2\/media?parent=127106"}],"curies":[{"name":"wp","href":"https:\/\/api.w.org\/{rel}","templated":true}]}}

<p><a href="https://www.freiburg-schwarzwald.de/blog">Home</a> &gt;<a title="Kultur" href="https://www.freiburg-schwarzwald.de/blog/kultur/">Kultur</a> &gt;<a title="Medien" href="https://www.freiburg-schwarzwald.de/blog/kultur/medien/">Medien</a> &gt;<a href="https://www.freiburg-schwarzwald.de/blog/kultur/medien/freie-medien/">Freie-Medien</a> &gt;Neue Medien</p>
<div id="attachment_126981" style="width: 648px" class="wp-caption alignnone"><a href="https://www.freiburg-schwarzwald.de/blog/wp-content/uploads/2024/09/Feigenernte-pan240924.jpg"><img loading="lazy" decoding="async" aria-describedby="caption-attachment-126981" class="size-full wp-image-126981" src="https://www.freiburg-schwarzwald.de/blog/wp-content/uploads/2024/09/Feigenernte-pan240924.jpg" alt="" width="638" height="352" srcset="https://www.freiburg-schwarzwald.de/blog/wp-content/uploads/2024/09/Feigenernte-pan240924.jpg 638w, https://www.freiburg-schwarzwald.de/blog/wp-content/uploads/2024/09/Feigenernte-pan240924-180x99.jpg 180w" sizes="auto, (max-width: 638px) 100vw, 638px" /></a><p id="caption-attachment-126981" class="wp-caption-text">Feigenernte in Freiburg am 22.9.2024 &#8211; eine beachtliche Vielfalt</p></div>
<p>&nbsp;</p>
<ul>
<li><em>Listenauswahl eines Beitrags: Bitte anklicken oder runterscrollen</em></li>
<li><a href="https://www.freiburg-schwarzwald.de/blog/sommerinterview-afd-stoerung/">Sommerinterview AfD: Störung</a> (21.7.2025)</li>
<li><a href="https://www.freiburg-schwarzwald.de/blog/alice-weidel-bei-caren-miosga/">Alice Weidel bei Caren Miosga</a> (3.2.2025)</li>
<li>Wie sich DPA, APA und AFP von den Regierenden für die Gleichrichtung der Medien bezahlen lassen (20.5.2024)</li>
</ul>
<p>&nbsp;</p>
<p><strong>Wie sich DPA, APA und AFP von den Regierenden für die Gleichrichtung der Medien bezahlen lassen</strong><br />
Die großen Nachrichtenagenturen entscheiden, was die Mehrheit der Bevölkerung erfährt und mit welcher Einkleidung. Um so wichtiger wäre es, dass sie unabhängig von den Regierenden und deren Agenda agieren. Stattdessen lassen sie sich dafür bezahlen, in deren Sinne zu definieren, was die eigenen Journalisten und andere Medien als wahr und als nachrichtenwürdig zu betrachten haben. Sie sind der Dreh- und Angelpunkt für die willfährige Gleichrichtung der Berichterstattung bei Themen wie Corona, Klima und Geopolitik.<br />
Stellen Sie sich vor, sie sind für die Medienpolitik einer Regierung zuständig, die möchte, dass die großen Medien Themen, die der Regierung wichtig, aber in der Gesellschaft umstritten sind, eine regierungsgefällige Nachrichtenauswahl treffen und das Narrativ der Regierung stützen. Was brauchen Sie, wenn Sie nicht offen zensieren und eine bestimmte Berichterstattung vorschreiben können?<br />
1) Eine vermeintlich unabhängige Instanz, die allen mitteilt, was wahr und was die richtige Sichtweise ist<br />
2) Anreize und Restriktionen, die dafür sorgen, dass diese Festlegungen übernommen werden.<br />
Im folgenden will ich ein real existierendes Arrangement vorstellen das dies gewährleistet.</p>
<p>GADMO<br />
Für die mediale Gleichrichtung im deutschsprachigen EU-Raum finanziert die EU-Kommission das im November 2022 gegründete German-Austrian Digital Media Obeservatory, kurz GADMO, also eine deutsch-österreichische Digitalmedien-Beobachtungsstelle. Mitglieder sind die in diesem Raum dominierenden Nachrichtenagenturen DPA, APA und AFP, sowie das regierungsnahe und -finanzierte Recherchekollektiv Correctiv.<br />
&#8230;<br />
Fazit<br />
Eine aus den USA koordinierte, von der EU bezahlte und der Bundesregierung unterstützte Faktencheckerszene sorgt dafür, dass alle Medien zu wichtigen Themen mit narrativ-treuen Agenturberichten versorgt werden, die sie weiterverbreiten, und in eigenen Berichten und Kommentaren dem von oben vorgegebenen Narrativ treu bleiben.<br />
Aus diesem Blickwinkel erklärt sich auch, warum die Faktenchecks oft so offen tendenziös und die Argumente grenzdebil sind, wie etwa bei den Beiträgen der ARD-Faktenerfinder <a href="https://norberthaering.de/news/ard-siggelkow-ueber-sanktionen/">https://norberthaering.de/news/ard-siggelkow-ueber-sanktionen/</a>. Es geht gar nicht in erster Linie darum, mit diesen Faktenchecks jemand zu überzeugen. Ihre Hauptfunktion liegt darin, der Medienlandschaft zu verkünden, was die Themen sind, zu denen es ein Narrativ zu respektieren gilt und wie dieses Narrativ lautet.</p>
<p>So erkläre ich mir beispielsweise, warum es zu den seit drei Jahren andauernden Verhandlungen über ein WHO-Pandemieabkommen und die Verschärfung der Internationalen Gesundheitsvorschriften (IHR) bis vor Kurzem fast nur Faktenchecks (von DPA <a href="https://dpa-factchecking.com/germany/220705-99-918890/">https://dpa-factchecking.com/germany/220705-99-918890/</a> ,<br />
Correctiv <a href="https://correctiv.org/faktencheck/2022/03/11/nein-geplantes-who-instrument-zur-pandemie-praevention-steht-nicht-ueber-nationalen-verfassungen/">https://correctiv.org/faktencheck/2022/03/11/nein-geplantes-who-instrument-zur-pandemie-praevention-steht-nicht-ueber-nationalen-verfassungen/</a>,<br />
APA <a href="https://apa.at/faktencheck/who-pandemievertrag-im-einklang-mit-staaten/">https://apa.at/faktencheck/who-pandemievertrag-im-einklang-mit-staaten/</a>,<br />
BR <a href="https://www.br.de/nachrichten/deutschland-welt/entwurf-fuer-who-pandemievertrag-staaten-bleiben-souveraen,Ttn8pC0">https://www.br.de/nachrichten/deutschland-welt/entwurf-fuer-who-pandemievertrag-staaten-bleiben-souveraen,Ttn8pC0</a>,<br />
ZDF <a href="https://www.zdf.de/nachrichten/politik/corona-who-pandemievertrag-inhalt-verschwoerungstheorie-100.html">https://www.zdf.de/nachrichten/politik/corona-who-pandemievertrag-inhalt-verschwoerungstheorie-100.html</a><br />
und Deutsche Welle <a href="https://www.dw.com/de/faktencheck-verschw%C3%B6rungsmythen-zum-pandemievertrag/a-65942005)">https://www.dw.com/de/faktencheck-verschw%C3%B6rungsmythen-zum-pandemievertrag/a-65942005)</a>,<br />
aber fast keine eigenen Berichte der Nachrichtenagenturen und Presseorgane gab. Die Faktenchecks machten deutlich, dass Kritik an den Vertragswerken von hoher Stelle unerwünscht war und als abseitig zu gelten hatte („Verschwörungstheorien“, „Geschwurbel“), jedenfalls soweit sich die Kritik gegen den vorgesehenen Machtzuwachs der WHO richtete.<br />
&#8230; Alles vom 20.5.2024 von Norberg Häring bitte lesen auf<br />
<a href="https://norberthaering.de/propaganda-zensur/edmo-gadmo/">https://norberthaering.de/propaganda-zensur/edmo-gadmo/</a><br />
.<br />
<a href="https://www.freiburg-schwarzwald.de/blog/wp-content/uploads/2024/09/gadmo-nachrichtendienste2409.jpg"><img loading="lazy" decoding="async" class="alignnone size-thumbnail wp-image-127110" src="https://www.freiburg-schwarzwald.de/blog/wp-content/uploads/2024/09/gadmo-nachrichtendienste2409-180x101.jpg" alt="" width="180" height="101" srcset="https://www.freiburg-schwarzwald.de/blog/wp-content/uploads/2024/09/gadmo-nachrichtendienste2409-180x101.jpg 180w, https://www.freiburg-schwarzwald.de/blog/wp-content/uploads/2024/09/gadmo-nachrichtendienste2409-640x359.jpg 640w, https://www.freiburg-schwarzwald.de/blog/wp-content/uploads/2024/09/gadmo-nachrichtendienste2409-768x430.jpg 768w, https://www.freiburg-schwarzwald.de/blog/wp-content/uploads/2024/09/gadmo-nachrichtendienste2409.jpg 1019w" sizes="auto, (max-width: 180px) 100vw, 180px" /></a>     Mediengleichrichtung über GADMO<br />
.<br />
<strong>Das Beziehungsgeflecht der Mediengleichrichtung grafisch veranschaulicht</strong><br />
Christian Welzel hat meinen Beitrag „Wie sich DPA, APA und AFP von den Regierenden für die Gleichrichtung der Medien bezahlen lassen“ und weitere Beiträge zur Mediengleichrichtung in eine Infografik übersetzt. Sie zeigt das Beziehungsgeflecht zwischen staatlichen Stellen, Medien und sogenannter „Zivilgesellschaft“. Dieses stellt sicher, dass in den großen Mainstream-Medien zu den wichtigen Themen mehr oder weniger das Gleiche berichtet und nicht berichtet wird.<br />
&#8230;. Alles vom 28.9.2024 von Christian Wetzel bitte lesen auf <a href="https://norberthaering.de/propaganda-zensur/mediengrafik/">https://norberthaering.de/propaganda-zensur/mediengrafik/</a></p>

<p>Home &gt;Kultur &gt;Medien &gt;Freie-Medien &gt;Neue Medien &nbsp; Listenauswahl eines Beitrags: Bitte anklicken oder runterscrollen Sommerinterview AfD: Störung (21.7.2025) Alice Weidel bei Caren Miosga (3.2.2025) Wie sich DPA, APA und AFP von den Regierenden für die Gleichrichtung der Medien bezahlen lassen (20.5.2024) &nbsp; Wie sich DPA, APA &hellip; <a href="https://www.freiburg-schwarzwald.de/blog/kultur/medien/nachrichtendienste/">Weiterlesen <span class="meta-nav">&rarr;</span></a></p>
