{"id":125647,"date":"2024-07-23T18:12:46","date_gmt":"2024-07-23T16:12:46","guid":{"rendered":"https:\/\/www.freiburg-schwarzwald.de\/blog\/?page_id=125647"},"modified":"2024-11-25T17:20:11","modified_gmt":"2024-11-25T16:20:11","slug":"emigration","status":"publish","type":"page","link":"https:\/\/www.freiburg-schwarzwald.de\/blog\/emigration\/","title":{"rendered":"Emigration"},"content":{"rendered":"<p><a href=\"https:\/\/www.freburg-schwarzwald.de\/blog\">Home<\/a>\u00a0&gt;<a title=\"Engagement\" href=\"https:\/\/www.freiburg-schwarzwald.de\/blog\/engagement\/\">Engagement<\/a>\u00a0&gt;<a title=\"Zukunft\" href=\"https:\/\/www.freiburg-schwarzwald.de\/blog\/engagement\/zukunft\/\">Zukunft<\/a> &gt;<a href=\"https:\/\/www.freiburg-schwarzwald.de\/blog\/engagement\/zukunft\/demokratie\/widerstand\/\">Widerstand<\/a> &gt;<a href=\"https:\/\/www.freiburg-schwarzwald.de\/blog\/engagement\/resignation-der-mitte\/\">Resignation-der-Mitte<\/a> &gt;Emigration<\/p>\n<div id=\"attachment_124919\" style=\"width: 650px\" class=\"wp-caption alignnone\"><a href=\"https:\/\/www.freiburg-schwarzwald.de\/blog\/wp-content\/uploads\/2024\/06\/Oeynhausen-Filippos-einMann2406-pan.jpg\"><img loading=\"lazy\" decoding=\"async\" aria-describedby=\"caption-attachment-124919\" class=\"size-full wp-image-124919\" src=\"https:\/\/www.freiburg-schwarzwald.de\/blog\/wp-content\/uploads\/2024\/06\/Oeynhausen-Filippos-einMann2406-pan.jpg\" alt=\"\" width=\"640\" height=\"341\" srcset=\"https:\/\/www.freiburg-schwarzwald.de\/blog\/wp-content\/uploads\/2024\/06\/Oeynhausen-Filippos-einMann2406-pan.jpg 640w, https:\/\/www.freiburg-schwarzwald.de\/blog\/wp-content\/uploads\/2024\/06\/Oeynhausen-Filippos-einMann2406-pan-180x96.jpg 180w\" sizes=\"auto, (max-width: 640px) 100vw, 640px\" \/><\/a><p id=\"caption-attachment-124919\" class=\"wp-caption-text\">Opfer Philippos (20) aus <a href=\"https:\/\/www.freiburg-schwarzwald.de\/blog\/global\/migration\/badoeynhausen-philippos24juni2024\/\">Bad Oeynhausen<\/a>! &#8211; T\u00e4ter ein Mann (18)?<br \/>6\/2024<\/p><\/div>\n<ul>\n<li><em>Listenauswahl eines Beitrags: Bitte anklicken oder runterscrollen<\/em><\/li>\n<li><a href=\"https:\/\/www.freiburg-schwarzwald.de\/blog\/staat-und-die-andersdenkenden\/\">Staat und die Andersdenkenden<\/a>\u00a0(24.11.2024)<\/li>\n<li>Die gro\u00dfe Vertreibung der Deutschen ins Nirgendwo (21.7.2024)<\/li>\n<li><\/li>\n<li><a href=\"https:\/\/www.freiburg-schwarzwald.de\/blog\/engagement\/eskapismus\/\">Eskapismus<\/a><\/li>\n<li><a href=\"https:\/\/www.freiburg-schwarzwald.de\/blog\/global\/integration\/abschiebung\/remigration\/\">Remigration<\/a><\/li>\n<li><a href=\"https:\/\/www.freiburg-schwarzwald.de\/blog\/engagement\/resignation-der-mitte\/\">Resignation<\/a><\/li>\n<\/ul>\n<p>&nbsp;<\/p>\n<p><strong>Die gro\u00dfe Vertreibung der Deutschen ins Nirgendwo<\/strong><br \/>\nDie Aufhebung der <a href=\"https:\/\/www.freiburg-schwarzwald.de\/blog\/pressefreiheit-compact-verbot\/\">Presse-<\/a> und Meinungsfreiheit hat viele B\u00fcrger schockiert. Es ist das Signal, dass das Grundgesetz mit Taschenspielertricks jederzeit au\u00dfer Kraft gesetzt werden kann. Der Vorgang wirkt wie ein Aufruf zu Vertreibung und Flucht oder zur inneren Emigration und Verweigerung.<\/p>\n<p><em>Auswandern im Inland<\/em><br \/>\nAuswanderung ist l\u00e4ngst ein gro\u00dfes Thema. Viele werden bleiben m\u00fcssen. Aber es gibt auch andere Formen der Auswanderung: R\u00fcckzug ins Private, weitere Ablehnung des Staates, Aufgabe von Verantwortung und wirtschaftlichem wie sozialem Engagement. Ein Staat lebt nicht von seiner Regierung. Er lebt von seinen B\u00fcrgern. Ihrer Arbeitskraft, ihrem Engagement, ihrer Bereitschaft, \u00fcber das eigene Leben hinaus Verantwortung zu \u00fcbernehmen.<br \/>\nViele B\u00fcrger aber, egal ob sie auswandern oder an ihrer festgestellten Adresse wohnen bleiben, f\u00fchlen sich vertrieben.<\/p>\n<p>Es ist eine Vertreibung aus einem gesicherten Land, aus einer vertrauten Heimat: Der Mensch lebt ja nicht an einem Ort, von dem man wegzieht. Wir brauchen, um menschlich zu leben, eine Welt in der wir wohnen, oder wie der franz\u00f6sische Philosoph Paul Ricoeur sagt: \u201eDie Dauerhaftigkeit der Objekte, die der Erosion der Zeit widerstehen\u201c. Man lebt aber nicht nur mit dem steinernen Gesicht der Dome und St\u00e4dte, sondern auch einem vertrauten sozialen Geh\u00e4use, einem Raum, zu dem andere Menschen, und ganz wesentlich, das \u201eRechtssystem\u201c geh\u00f6ren, die Kultur, das Wissen darum, wie man sich verh\u00e4lt und was man besser bleiben l\u00e4sst.<\/p>\n<p>Superm\u00e4rkte funktionieren nicht deshalb, weil die Security so scharf drauf ist. Sondern weil vermutlich 99 Prozent der Bev\u00f6lkerung einfach nicht klauen. Obwohl sie es weitgehend ungestraft k\u00f6nnten.<\/p>\n<p>Gesellschaftlicher Fortschritt kann gesetzlich verordnet werden. Wirkungsvoller ist die Einsicht; und die Summe solcher gemeinschaftsbildenden Einsichten nennt man Kultur. Es sind Gesetze, die man befolgt, auch wenn gerade kein Polizist an der Ecke steht, was in Deutschland l\u00e4ngst ohnehin nicht mehr der Fall ist.<br \/>\nDie Umwelt ist sauberer geworden, weil man einfach nicht mehr in den Wald f\u00e4hrt und die Waschmaschine in einen Graben kippt; Zigaretten-Kippen werden nicht mehr aus dem Autofenster geworfen, Plastikflaschen landen im M\u00fcll und nicht am Stra\u00dfenrand, und Plastikt\u00fcten werden nach Gebrauch sorgf\u00e4ltig gegl\u00e4ttet und wiederverwendet.<br \/>\n&#8230; Alles vom 21.7.2024 von Roland Tichy bitte lesen auf<br \/>\n<a href=\"https:\/\/www.tichyseinblick.de\/tichys-einblick\/die-grosse-vertreibung-der-deutschen-ins-nirgendwo\">https:\/\/www.tichyseinblick.de\/tichys-einblick\/die-grosse-vertreibung-der-deutschen-ins-nirgendwo<\/a><\/p>\n","protected":false},"excerpt":{"rendered":"<p>Home\u00a0&gt;Engagement\u00a0&gt;Zukunft &gt;Widerstand &gt;Resignation-der-Mitte &gt;Emigration Listenauswahl eines Beitrags: Bitte anklicken oder runterscrollen Staat und die Andersdenkenden\u00a0(24.11.2024) Die gro\u00dfe Vertreibung der Deutschen ins Nirgendwo (21.7.2024) Eskapismus Remigration Resignation &nbsp; Die gro\u00dfe Vertreibung der Deutschen ins Nirgendwo Die Aufhebung der Presse- und Meinungsfreiheit &hellip; <a href=\"https:\/\/www.freiburg-schwarzwald.de\/blog\/emigration\/\">Weiterlesen <span class=\"meta-nav\">&rarr;<\/span><\/a><\/p>\n","protected":false},"author":2,"featured_media":0,"parent":0,"menu_order":0,"comment_status":"closed","ping_status":"closed","template":"","meta":{"footnotes":""},"class_list":["post-125647","page","type-page","status-publish","hentry"],"_links":{"self":[{"href":"https:\/\/www.freiburg-schwarzwald.de\/blog\/wp-json\/wp\/v2\/pages\/125647","targetHints":{"allow":["GET"]}}],"collection":[{"href":"https:\/\/www.freiburg-schwarzwald.de\/blog\/wp-json\/wp\/v2\/pages"}],"about":[{"href":"https:\/\/www.freiburg-schwarzwald.de\/blog\/wp-json\/wp\/v2\/types\/page"}],"author":[{"embeddable":true,"href":"https:\/\/www.freiburg-schwarzwald.de\/blog\/wp-json\/wp\/v2\/users\/2"}],"replies":[{"embeddable":true,"href":"https:\/\/www.freiburg-schwarzwald.de\/blog\/wp-json\/wp\/v2\/comments?post=125647"}],"version-history":[{"count":4,"href":"https:\/\/www.freiburg-schwarzwald.de\/blog\/wp-json\/wp\/v2\/pages\/125647\/revisions"}],"predecessor-version":[{"id":128811,"href":"https:\/\/www.freiburg-schwarzwald.de\/blog\/wp-json\/wp\/v2\/pages\/125647\/revisions\/128811"}],"wp:attachment":[{"href":"https:\/\/www.freiburg-schwarzwald.de\/blog\/wp-json\/wp\/v2\/media?parent=125647"}],"curies":[{"name":"wp","href":"https:\/\/api.w.org\/{rel}","templated":true}]}}