{"id":125579,"date":"2024-07-22T20:54:36","date_gmt":"2024-07-22T18:54:36","guid":{"rendered":"https:\/\/www.freiburg-schwarzwald.de\/blog\/?page_id=125579"},"modified":"2026-01-14T11:48:29","modified_gmt":"2026-01-14T10:48:29","slug":"einfache-sprache","status":"publish","type":"page","link":"https:\/\/www.freiburg-schwarzwald.de\/blog\/kultur\/deutsch\/sprache\/einfache-sprache\/","title":{"rendered":"Einfache-Sprache"},"content":{"rendered":"<p><a href=\"https:\/\/www.freiburg-schwarzwald.de\/blog\">Home<\/a>\u00a0&gt;<a title=\"Kultur\" href=\"https:\/\/www.freiburg-schwarzwald.de\/blog\/kultur\/\">Kultur<\/a>\u00a0&gt;<a title=\"Dichter\" href=\"https:\/\/www.freiburg-schwarzwald.de\/blog\/kultur\/dichter\/\">Dichter<\/a>\u00a0&gt;<a href=\"https:\/\/www.freiburg-schwarzwald.de\/blog\/global\/deutschland\/deutsche-kultur\/\">Deutsche-Kultur<\/a> &gt;<a href=\"https:\/\/www.freiburg-schwarzwald.de\/blog\/kultur\/deutsch\/sprache\/\">Sprache<\/a> &gt;Einfache-Sprache<\/p>\n<div id=\"attachment_125159\" style=\"width: 650px\" class=\"wp-caption alignnone\"><a href=\"https:\/\/www.freiburg-schwarzwald.de\/blog\/wp-content\/uploads\/2024\/07\/breisach-mohn13062024pan-1.jpg\"><img loading=\"lazy\" decoding=\"async\" aria-describedby=\"caption-attachment-125159\" class=\"size-full wp-image-125159\" src=\"https:\/\/www.freiburg-schwarzwald.de\/blog\/wp-content\/uploads\/2024\/07\/breisach-mohn13062024pan-1.jpg\" alt=\"\" width=\"640\" height=\"382\" srcset=\"https:\/\/www.freiburg-schwarzwald.de\/blog\/wp-content\/uploads\/2024\/07\/breisach-mohn13062024pan-1.jpg 640w, https:\/\/www.freiburg-schwarzwald.de\/blog\/wp-content\/uploads\/2024\/07\/breisach-mohn13062024pan-1-180x107.jpg 180w\" sizes=\"auto, (max-width: 640px) 100vw, 640px\" \/><\/a><p id=\"caption-attachment-125159\" class=\"wp-caption-text\">Blick \u00fcbers Mohnfeld zum Breisacher M\u00fcnster am 13.6.2024<\/p><\/div>\n<ul>\n<li><em>Listenauswahl eines Beitrags: Bitte <span style=\"text-decoration: underline;\">anklicken<\/span> oder runterscrollen<\/em><\/li>\n<li><a href=\"https:\/\/www.freiburg-schwarzwald.de\/blog\/goethe-in-einfacher-sprache\/\">Goethe in einfacher Sprache?<\/a>\u00a0(14.1.2026)<\/li>\n<li><a href=\"https:\/\/www.freiburg-schwarzwald.de\/blog\/engagement\/zukunft\/demokratie\/wahlen2025\/\">Tagesschau in einfacher Sprache: AfD einfach weglassen<\/a> (17.12.2024)<\/li>\n<li>Energiewende \u2013 Jetzt in einfacher Sprache (22.7.2024)<\/li>\n<li><a href=\"https:\/\/www.freiburg-schwarzwald.de\/blog\/einfache-sprache-nachrichten\/\">Einfache Sprache &#8211; Nachrichten<\/a>\u00a0(16.6.2024)<\/li>\n<li><\/li>\n<li><a href=\"https:\/\/www.freiburg-schwarzwald.de\/blog\/kultur\/kulturverlust\/sprachregime\/\">Sprachregime<\/a><\/li>\n<\/ul>\n<p>&nbsp;<\/p>\n<p><strong>Energiewende \u2013 Jetzt in einfacher Sprache<\/strong><br \/>\nWir haben eine Regierung. Die ist m\u00e4chtig und darf machen, was sie will. Die macht auch Klimapolitik. <a href=\"https:\/\/www.freiburg-schwarzwald.de\/blog\/natur\/klima\/klimapolitik\/\">Klimapolitik<\/a> ist aber schlecht, weil sie uns schadet. Das m\u00fcssen wir den M\u00e4nnern und Frauen in der Regierung sagen. Wir sagen das in einfacher Sprache, damit sie uns verstehen.<\/p>\n<p>1.<br \/>\nDie Autos auf der Stra\u00dfe und die Fabriken machen viel <a href=\"https:\/\/www.freiburg-schwarzwald.de\/blog\/natur\/klima\/co2\/\">b\u00f6ses Gas<\/a>. Das kann man nicht sehen und nicht riechen. Es ist anders als Dampf und Rauch, der aus dem Schornstein kommt. Das Gas ist schuld, dass es auf der Welt immer w\u00e4rmer wird. Bald wird es so warm, dass wir alle sterben m\u00fcssen. Das haben M\u00e4nner in Amerika gesagt. Deswegen d\u00fcrfen wir kein Gas mehr machen, oder nur noch ganz wenig.<\/p>\n<p>2.<br \/>\nDer <a href=\"https:\/\/www.freiburg-schwarzwald.de\/blog\/energie\/strom\/\">Strom<\/a> f\u00fcr unsere Fernseher und Lampen kommt aus einer Fabrik. Da wird Strom aus Kohle gemacht. Dabei entsteht viel b\u00f6ses Gas. Darum haben die Leute in der Regierung das verboten. Die haben auch andere Kraftwerke verboten, die kein b\u00f6ses Gas machen. Das sind die Anton Kraftwerke, oder so. Die sind auch b\u00f6se. Die sind so schlimm, dass man sie kaputt gemacht hat. Die M\u00e4nner, denen die geh\u00f6rt haben, kriegen daf\u00fcr viel Geld, damit sie nicht traurig sind.<br \/>\nUnser Strom kommt jetzt aus Windm\u00fchlen. Die drehen eine elektrische Maschine, die den Strom macht. Die Windm\u00fchlen machen kein b\u00f6ses Gas. Das ist gut. Aber manchmal gibt es keinen Wind. Das ist nicht gut. Man kann auch Strom aus Sonnenschein machen. Dazu werden auf die Felder viele schwarze Platten gelegt. Auch die machen Strom ohne b\u00f6ses Gas. Aber wenn Wolken da sind und nachts bringen sie nichts.<br \/>\nWoher kommt der Strom dann? Dann wird uns Strom von fremden L\u00e4ndern in elektrischen Kabeln geschickt. Daf\u00fcr m\u00fcssen wir viel Geld bezahlen. Manchmal schalten wir auch wieder ein altes Kraftwerk ein. Das verbrennt Kohle und macht wieder b\u00f6ses Gas. Das wollten wir doch nicht.<br \/>\nWir haben in Deutschland gro\u00dfe Fabriken, in denen Autos oder andere Sachen gemacht werden. Da sind ganz gro\u00dfe Maschinen, die ganz viel Strom brauchen. F\u00fcr den muss der Mann, dem die Fabrik geh\u00f6rt, ganz viel Geld bezahlen. Manchmal hat er dann kein Geld mehr f\u00fcr die Arbeiter. Dann geht er pleite. Das ist nicht gut, weil die Arbeiter dann keine Arbeit mehr haben.<br \/>\nDas haben aber Leute in der Regierung nicht verstanden.<\/p>\n<p>3.<br \/>\nDas b\u00f6se Gas, das andere L\u00e4nder aussto\u00dfen, die 100.000 Kilometer weg sind, schadet uns genauso. Das haben die M\u00e4nner in Amerika so gesagt. Wenn die Chinesen viel Gas machen, dann wird es auch bei uns hei\u00df. Dann m\u00fcssen wir sterben, trotzdem sich bei uns die Leute auf die Stra\u00dfe kleben. In Indien wird auch viel Kohle verbrannt. Weil da so viele Leute sind. Und die sind ganz arm und k\u00fcmmern sich nicht um das b\u00f6se Gas. Die sind froh, wenn sie zu essen haben.<br \/>\nDie Inder und Chinesen machen tausendmal mehr Gas als wir. Und es gibt Leute die rechnen aus, dass wir mit den Windm\u00fchlen gar kein b\u00f6ses Gas einsparen! Die sagen, wir w\u00fcrden genauso viel Gas machen, wie fr\u00fcher, als es noch kein Klima gab. Obwohl, wegen der Inder und Chinesen ist das auch egal. Aber leiden m\u00fcssen wir trotzdem, weil alles so teuer wird.<\/p>\n<p>4.<br \/>\nWarum macht Ihr von der Regierung das so? Die sch\u00f6ne Landschaft stellt ihr mit riesigen Windr\u00e4dern voll. Die \u00c4cker liegen voller schwarzer Platten. Und dem Klima hilft das rein gar nichts. Der Strom und \u00fcberhaupt alles ist viel zu teuer. Die Gesch\u00e4ftsleute sagen, dass es der Wirtschaft schlecht geht. Wisst ihr eigentlich, was Ihr da tut? Fr\u00fcher, als ihr noch nicht an der Macht wart, da war alles besser. Da ging es uns allen gut. Da waren die Leute auch noch fr\u00f6hlich. Aber heute sind alle misstrauisch und doof.<\/p>\n<p>Was soll das alles? Seid ihr dumm oder b\u00f6se, oder beides?<br \/>\n&#8230; Alles vom 2.7.2024 von <a href=\"https:\/\/www.freiburg-schwarzwald.de\/blog\/natur\/klima\/klima-forschung\/\">Hans Hofmann-Reinecke<\/a> bitte lesen auf<br \/>\n<a href=\"https:\/\/vera-lengsfeld.de\/2024\/07\/22\/energiewende-jetzt-in-einfacher-sprache\/\">https:\/\/vera-lengsfeld.de\/2024\/07\/22\/energiewende-jetzt-in-einfacher-sprache\/<\/a><br \/>\noder auf<a href=\"https:\/\/think-again.org\"> https:\/\/think-again.org<\/a><br \/>\n.<br \/>\n<em>Hans Hofmann-Reinecke hat in M\u00fcnchen Physik studiert und in Kernphysik promoviert. <a href=\"https:\/\/think-again.org\/blog\/\">https:\/\/think-again.org\/blog\/<\/a><\/em><br \/>\n.<br \/>\nEinige B\u00fccher:<br \/>\nEIN GR\u00dcNES REQUIEM: die Politik der unerw\u00fcnschten Folgen, 2023, 29,96 Euro<br \/>\nGr\u00fcn und Dumm &#8211; EXTREM: Ignoranz kennt keine Gnade, 2.22 , 27,82 Euro<br \/>\nGR\u00dcN UND DUMM forever&#8230;: Wenn Panik das Denken ersetzt, 2021, 24,61 Euro<br \/>\nGR\u00dcN UND DUMM: Die Natur l\u00e4sst sich nicht zum Narren halten, 2020, 27,82 Euro<\/p>\n<p>&nbsp;<\/p>\n","protected":false},"excerpt":{"rendered":"<p>Home\u00a0&gt;Kultur\u00a0&gt;Dichter\u00a0&gt;Deutsche-Kultur &gt;Sprache &gt;Einfache-Sprache Listenauswahl eines Beitrags: Bitte anklicken oder runterscrollen Goethe in einfacher Sprache?\u00a0(14.1.2026) Tagesschau in einfacher Sprache: AfD einfach weglassen (17.12.2024) Energiewende \u2013 Jetzt in einfacher Sprache (22.7.2024) Einfache Sprache &#8211; Nachrichten\u00a0(16.6.2024) Sprachregime &nbsp; Energiewende \u2013 Jetzt in einfacher &hellip; <a href=\"https:\/\/www.freiburg-schwarzwald.de\/blog\/kultur\/deutsch\/sprache\/einfache-sprache\/\">Weiterlesen <span class=\"meta-nav\">&rarr;<\/span><\/a><\/p>\n","protected":false},"author":2,"featured_media":0,"parent":95382,"menu_order":0,"comment_status":"closed","ping_status":"closed","template":"","meta":{"footnotes":""},"class_list":["post-125579","page","type-page","status-publish","hentry"],"_links":{"self":[{"href":"https:\/\/www.freiburg-schwarzwald.de\/blog\/wp-json\/wp\/v2\/pages\/125579","targetHints":{"allow":["GET"]}}],"collection":[{"href":"https:\/\/www.freiburg-schwarzwald.de\/blog\/wp-json\/wp\/v2\/pages"}],"about":[{"href":"https:\/\/www.freiburg-schwarzwald.de\/blog\/wp-json\/wp\/v2\/types\/page"}],"author":[{"embeddable":true,"href":"https:\/\/www.freiburg-schwarzwald.de\/blog\/wp-json\/wp\/v2\/users\/2"}],"replies":[{"embeddable":true,"href":"https:\/\/www.freiburg-schwarzwald.de\/blog\/wp-json\/wp\/v2\/comments?post=125579"}],"version-history":[{"count":5,"href":"https:\/\/www.freiburg-schwarzwald.de\/blog\/wp-json\/wp\/v2\/pages\/125579\/revisions"}],"predecessor-version":[{"id":144148,"href":"https:\/\/www.freiburg-schwarzwald.de\/blog\/wp-json\/wp\/v2\/pages\/125579\/revisions\/144148"}],"up":[{"embeddable":true,"href":"https:\/\/www.freiburg-schwarzwald.de\/blog\/wp-json\/wp\/v2\/pages\/95382"}],"wp:attachment":[{"href":"https:\/\/www.freiburg-schwarzwald.de\/blog\/wp-json\/wp\/v2\/media?parent=125579"}],"curies":[{"name":"wp","href":"https:\/\/api.w.org\/{rel}","templated":true}]}}