{"id":123340,"date":"2024-05-07T11:58:41","date_gmt":"2024-05-07T09:58:41","guid":{"rendered":"https:\/\/www.freiburg-schwarzwald.de\/blog\/?page_id=123340"},"modified":"2026-04-30T09:03:42","modified_gmt":"2026-04-30T07:03:42","slug":"unteribental","status":"publish","type":"page","link":"https:\/\/www.freiburg-schwarzwald.de\/blog\/regio\/orte\/unteribental\/","title":{"rendered":"Unteribental"},"content":{"rendered":"<p>Home &gt;<a title=\"Regio\" href=\"https:\/\/www.freiburg-schwarzwald.de\/blog\/regio\/\">Regio<\/a>\u00a0&gt;<a title=\"Orte\" href=\"https:\/\/www.freiburg-schwarzwald.de\/blog\/regio\/orte\/\">Orte<\/a>\u00a0&gt;<a title=\"StPeter\" href=\"https:\/\/www.freiburg-schwarzwald.de\/blog\/regio\/orte\/stpeter\/\">StPeter<\/a> &gt;<a href=\"https:\/\/www.freiburg-schwarzwald.de\/blog\/regio\/orte\/oberibental\/\">Oberibental<\/a> &gt;<a href=\"https:\/\/www.freiburg-schwarzwald.de\/blog\/regio\/orte\/buchenbach\/\">Buchenbach<\/a> &gt;Unteribental<\/p>\n<div id=\"attachment_123342\" style=\"width: 616px\" class=\"wp-caption alignnone\"><a href=\"https:\/\/www.freiburg-schwarzwald.de\/blog\/wp-content\/uploads\/2024\/05\/ibental0211pan.jpg\"><img loading=\"lazy\" decoding=\"async\" aria-describedby=\"caption-attachment-123342\" class=\"size-full wp-image-123342\" src=\"https:\/\/www.freiburg-schwarzwald.de\/blog\/wp-content\/uploads\/2024\/05\/ibental0211pan.jpg\" alt=\"\" width=\"606\" height=\"302\" srcset=\"https:\/\/www.freiburg-schwarzwald.de\/blog\/wp-content\/uploads\/2024\/05\/ibental0211pan.jpg 606w, https:\/\/www.freiburg-schwarzwald.de\/blog\/wp-content\/uploads\/2024\/05\/ibental0211pan-180x90.jpg 180w\" sizes=\"auto, (max-width: 606px) 100vw, 606px\" \/><\/a><p id=\"caption-attachment-123342\" class=\"wp-caption-text\">Blick vom Lindenberg\/St. Peter nach S\u00fcden ins untere Ibental<\/p><\/div>\n<p>&nbsp;<\/p>\n<ul>\n<li><em>Listenauswahl eines Beitrags (Artikel\/Datum, Seite\/Inhalt): <span style=\"text-decoration: underline;\">Klicken<\/span> oder scrollen\u00a0<\/em><\/li>\n<li>Melcherhof in Unteribental: Er\u00f6ffnungskonzert der Saison 3.5.2026 (22.4.2026)<\/li>\n<li><a href=\"https:\/\/www.freiburg-schwarzwald.de\/blog\/regio\/heimat\/geschichte\/dreisamtal-geschichte\/\">Siedler aus dem Dreisamtal 1942-1944 im Elsass<\/a>\u00a0(3.7.2024)<\/li>\n<li>Melcherhof: Ein neues Domizil f\u00fcr junge Musizierende (7.5.2024)<\/li>\n<li><\/li>\n<li><strong>Unteribental Archivseite:<\/strong><br \/>\n<strong><a href=\"https:\/\/www.freiburg-schwarzwald.de\/littenweiler\/unteribental.htm\">https:\/\/www.freiburg-schwarzwald.de\/littenweiler\/unteribental.htm<\/a><\/strong><\/li>\n<li>Bauernh\u00f6fe im Unteribental:<br \/>\n<a href=\"https:\/\/www.freiburg-schwarzwald.de\/unteribental5.htm\">https:\/\/www.freiburg-schwarzwald.de\/unteribental5.htm<\/a><\/li>\n<li><a href=\"https:\/\/www.freiburg-schwarzwald.de\/blog\/regio\/heimat\/geschichte\/dreisamtal-geschichte\/\">Dreisamtal-Geschichte<\/a><\/li>\n<li><a href=\"https:\/\/www.freiburg-schwarzwald.de\/blog\/regio\/orte\/oberibental\/\">Oberibental<\/a><\/li>\n<li><a href=\"https:\/\/www.freiburg-schwarzwald.de\/blog\/regio\/berge\/lindenberg\/\">Lindenberg<\/a><\/li>\n<\/ul>\n<p>Das Ibental liegt im oberen Dreisamtal und ist getrennt: Oberibental geh\u00f6rt zu St. Peter wie auch St. M\u00e4rgen und Unteribental zur Gemeinde Buchenbach. Der Ibenbach entspringt zwischen St. Peter und St. M\u00e4rgen beim Kapfenmathishof und flie\u00dft in dem engen Schwarzwaldtal \u00fcber Oberibental und Unteribental bis Burg, wo er in den Wagensteigbach einm\u00fcndet. Das Sch\u00f6ne am Ibental ist, dass das kleine Str\u00e4\u00dfchen entlang des Baches kaum befahren ist &#8211; ideal also auch f\u00fcr Radfahrer.<br \/>\n===========================================================<br \/>\n.<\/p>\n<p><strong>Melcherhof in Unteribental: Er\u00f6ffnungskonzert der Saison 3.5.2026<\/strong><br \/>\nCarl Philipp Emanuel Bach und Wolfgang Amadeus Mozart<br \/>\nSonntag 3. Mai 2026, 17 Uhr<br \/>\n.<br \/>\nCarl Ph. E. Bach Triosonate h-moll Wq 143 f\u00fcr Fl\u00f6te, Violine und Basso continuo (Klavier u. Cello)<br \/>\nW. A. Mozart Andante F-Dur KV 616 (\u201ef\u00fcr eine Orgelwalze\u201c) f\u00fcr Fl\u00f6te, Oboe, Klarinette und Fagott<br \/>\nCarl Ph. E. Bach Quartett a-moll Wq 93 f\u00fcr Klavier, Fl\u00f6te, Viola und Violoncello<br \/>\nW. A. Mozart Quintett KV 617 f\u00fcr Glasharmonika, Fl\u00f6te, Oboe, Viola und Violoncello<br \/>\nund nach der Pause<br \/>\nW. A. Mozart Serenade Es- Dur KV 375 f\u00fcr 2 Oboen, 2 Klarinetten, 2 H\u00f6rner und 2 Fagotte<br \/>\nEs werden musizieren:<br \/>\nCarolin\u00e1 von Marschall (Fl\u00f6te), Christina Uherek und Harald Kreuser (Oboe), Oskar Schultheis und Maximilian F\u00fctterer (Klarinette), Christian Eckert und Carolin\u00e1 von Marschall (Fagott), Rolf Schlichenmaier und Christina Maier (Horn), Ernst von Marschall (Violine und Viola), Makoto Shinozaki (Violoncello) und Wolfgang Erber (Klavier)<br \/>\n.<br \/>\nEintritt frei, Spendenkorb<br \/>\nHefezopf in der Pause .<br \/>\n22.4.2026 ,\u00a0<a href=\"https:\/\/melcherhof-kultur.de\/\">https:\/\/melcherhof-kultur.de\/<\/a><\/p>\n<p>&nbsp;<\/p>\n<p><strong>Melcherhof: Ein neues Domizil f\u00fcr junge Musizierende<\/strong><br \/>\nIm Buchenbacher Ortsteil Unteribental entsteht ein neues Kulturzentrum in einem uralten Bauernhof. Im Melcherhof wollen Carolin\u00e1 und Ernst von Marschall Meisterkurse anbieten und zu Konzerten einladen.<br \/>\n&#8230;<br \/>\nKonzerte: Geplant sind in den kommenden Wochen zwei Konzerte: Das Kinderorchester der Tonhalle D\u00fcsseldorf spielt am 20. Mai um 17 Uhr auf der Offenb\u00fchne im r\u00fcckw\u00e4rtigen Bereich des Melcherhofes. Zudem gibt es ein Vorspiel der Geigenklasse von Susanne Fischer am 7. Juli um 15 Uhr im Maschinenschopf. Es wird kein Eintritt erhoben, aber ein Spendent\u00f6pfle aufgestellt.<br \/>\n&#8230; Alles vom 7.5.2024 von Thomas Biniossek bitte lesen auf<br \/>\n<a href=\"https:\/\/www.badische-zeitung.de\/ein-neues-domizil-fuer-junge-musizierende\">https:\/\/www.badische-zeitung.de\/ein-neues-domizil-fuer-junge-musizierende<\/a><\/p>\n<ul>\n<li>Melcherhof \u00a0<a href=\"https:\/\/www.melcherhof.net\/\">https:\/\/www.melcherhof.net\/<\/a><\/li>\n<li>Archivseite\u00a0 <a href=\"https:\/\/www.freiburg-schwarzwald.de\/hofladen.htm#Melcherhof\">https:\/\/www.freiburg-schwarzwald.de\/hofladen.htm#Melcherhof<\/a><\/li>\n<\/ul>\n","protected":false},"excerpt":{"rendered":"<p>Home &gt;Regio\u00a0&gt;Orte\u00a0&gt;StPeter &gt;Oberibental &gt;Buchenbach &gt;Unteribental &nbsp; Listenauswahl eines Beitrags (Artikel\/Datum, Seite\/Inhalt): Klicken oder scrollen\u00a0 Melcherhof in Unteribental: Er\u00f6ffnungskonzert der Saison 3.5.2026 (22.4.2026) Siedler aus dem Dreisamtal 1942-1944 im Elsass\u00a0(3.7.2024) Melcherhof: Ein neues Domizil f\u00fcr junge Musizierende (7.5.2024) Unteribental Archivseite: https:\/\/www.freiburg-schwarzwald.de\/littenweiler\/unteribental.htm &hellip; <a href=\"https:\/\/www.freiburg-schwarzwald.de\/blog\/regio\/orte\/unteribental\/\">Weiterlesen <span class=\"meta-nav\">&rarr;<\/span><\/a><\/p>\n","protected":false},"author":2,"featured_media":0,"parent":363,"menu_order":0,"comment_status":"closed","ping_status":"closed","template":"","meta":{"footnotes":""},"class_list":["post-123340","page","type-page","status-publish","hentry"],"_links":{"self":[{"href":"https:\/\/www.freiburg-schwarzwald.de\/blog\/wp-json\/wp\/v2\/pages\/123340","targetHints":{"allow":["GET"]}}],"collection":[{"href":"https:\/\/www.freiburg-schwarzwald.de\/blog\/wp-json\/wp\/v2\/pages"}],"about":[{"href":"https:\/\/www.freiburg-schwarzwald.de\/blog\/wp-json\/wp\/v2\/types\/page"}],"author":[{"embeddable":true,"href":"https:\/\/www.freiburg-schwarzwald.de\/blog\/wp-json\/wp\/v2\/users\/2"}],"replies":[{"embeddable":true,"href":"https:\/\/www.freiburg-schwarzwald.de\/blog\/wp-json\/wp\/v2\/comments?post=123340"}],"version-history":[{"count":5,"href":"https:\/\/www.freiburg-schwarzwald.de\/blog\/wp-json\/wp\/v2\/pages\/123340\/revisions"}],"predecessor-version":[{"id":148518,"href":"https:\/\/www.freiburg-schwarzwald.de\/blog\/wp-json\/wp\/v2\/pages\/123340\/revisions\/148518"}],"up":[{"embeddable":true,"href":"https:\/\/www.freiburg-schwarzwald.de\/blog\/wp-json\/wp\/v2\/pages\/363"}],"wp:attachment":[{"href":"https:\/\/www.freiburg-schwarzwald.de\/blog\/wp-json\/wp\/v2\/media?parent=123340"}],"curies":[{"name":"wp","href":"https:\/\/api.w.org\/{rel}","templated":true}]}}

<p>Home &gt;<a title="Regio" href="https://www.freiburg-schwarzwald.de/blog/regio/">Regio</a> &gt;<a title="Orte" href="https://www.freiburg-schwarzwald.de/blog/regio/orte/">Orte</a> &gt;<a title="StPeter" href="https://www.freiburg-schwarzwald.de/blog/regio/orte/stpeter/">StPeter</a> &gt;<a href="https://www.freiburg-schwarzwald.de/blog/regio/orte/oberibental/">Oberibental</a> &gt;<a href="https://www.freiburg-schwarzwald.de/blog/regio/orte/buchenbach/">Buchenbach</a> &gt;Unteribental</p>
<div id="attachment_123342" style="width: 616px" class="wp-caption alignnone"><a href="https://www.freiburg-schwarzwald.de/blog/wp-content/uploads/2024/05/ibental0211pan.jpg"><img loading="lazy" decoding="async" aria-describedby="caption-attachment-123342" class="size-full wp-image-123342" src="https://www.freiburg-schwarzwald.de/blog/wp-content/uploads/2024/05/ibental0211pan.jpg" alt="" width="606" height="302" srcset="https://www.freiburg-schwarzwald.de/blog/wp-content/uploads/2024/05/ibental0211pan.jpg 606w, https://www.freiburg-schwarzwald.de/blog/wp-content/uploads/2024/05/ibental0211pan-180x90.jpg 180w" sizes="auto, (max-width: 606px) 100vw, 606px" /></a><p id="caption-attachment-123342" class="wp-caption-text">Blick vom Lindenberg/St. Peter nach Süden ins untere Ibental</p></div>
<p>&nbsp;</p>
<ul>
<li><em>Listenauswahl eines Beitrags (Artikel/Datum, Seite/Inhalt): <span style="text-decoration: underline;">Klicken</span> oder scrollen </em></li>
<li>Melcherhof in Unteribental: Eröffnungskonzert der Saison 3.5.2026 (22.4.2026)</li>
<li><a href="https://www.freiburg-schwarzwald.de/blog/regio/heimat/geschichte/dreisamtal-geschichte/">Siedler aus dem Dreisamtal 1942-1944 im Elsass</a> (3.7.2024)</li>
<li>Melcherhof: Ein neues Domizil für junge Musizierende (7.5.2024)</li>
<li></li>
<li><strong>Unteribental Archivseite:</strong><br />
<strong><a href="https://www.freiburg-schwarzwald.de/littenweiler/unteribental.htm">https://www.freiburg-schwarzwald.de/littenweiler/unteribental.htm</a></strong></li>
<li>Bauernhöfe im Unteribental:<br />
<a href="https://www.freiburg-schwarzwald.de/unteribental5.htm">https://www.freiburg-schwarzwald.de/unteribental5.htm</a></li>
<li><a href="https://www.freiburg-schwarzwald.de/blog/regio/heimat/geschichte/dreisamtal-geschichte/">Dreisamtal-Geschichte</a></li>
<li><a href="https://www.freiburg-schwarzwald.de/blog/regio/orte/oberibental/">Oberibental</a></li>
<li><a href="https://www.freiburg-schwarzwald.de/blog/regio/berge/lindenberg/">Lindenberg</a></li>
</ul>
<p>Das Ibental liegt im oberen Dreisamtal und ist getrennt: Oberibental gehört zu St. Peter wie auch St. Märgen und Unteribental zur Gemeinde Buchenbach. Der Ibenbach entspringt zwischen St. Peter und St. Märgen beim Kapfenmathishof und fließt in dem engen Schwarzwaldtal über Oberibental und Unteribental bis Burg, wo er in den Wagensteigbach einmündet. Das Schöne am Ibental ist, dass das kleine Sträßchen entlang des Baches kaum befahren ist &#8211; ideal also auch für Radfahrer.<br />
===========================================================<br />
.</p>
<p><strong>Melcherhof in Unteribental: Eröffnungskonzert der Saison 3.5.2026</strong><br />
Carl Philipp Emanuel Bach und Wolfgang Amadeus Mozart<br />
Sonntag 3. Mai 2026, 17 Uhr<br />
.<br />
Carl Ph. E. Bach Triosonate h-moll Wq 143 für Flöte, Violine und Basso continuo (Klavier u. Cello)<br />
W. A. Mozart Andante F-Dur KV 616 („für eine Orgelwalze“) für Flöte, Oboe, Klarinette und Fagott<br />
Carl Ph. E. Bach Quartett a-moll Wq 93 für Klavier, Flöte, Viola und Violoncello<br />
W. A. Mozart Quintett KV 617 für Glasharmonika, Flöte, Oboe, Viola und Violoncello<br />
und nach der Pause<br />
W. A. Mozart Serenade Es- Dur KV 375 für 2 Oboen, 2 Klarinetten, 2 Hörner und 2 Fagotte<br />
Es werden musizieren:<br />
Caroliná von Marschall (Flöte), Christina Uherek und Harald Kreuser (Oboe), Oskar Schultheis und Maximilian Fütterer (Klarinette), Christian Eckert und Caroliná von Marschall (Fagott), Rolf Schlichenmaier und Christina Maier (Horn), Ernst von Marschall (Violine und Viola), Makoto Shinozaki (Violoncello) und Wolfgang Erber (Klavier)<br />
.<br />
Eintritt frei, Spendenkorb<br />
Hefezopf in der Pause .<br />
22.4.2026 , <a href="https://melcherhof-kultur.de/">https://melcherhof-kultur.de/</a></p>
<p>&nbsp;</p>
<p><strong>Melcherhof: Ein neues Domizil für junge Musizierende</strong><br />
Im Buchenbacher Ortsteil Unteribental entsteht ein neues Kulturzentrum in einem uralten Bauernhof. Im Melcherhof wollen Caroliná und Ernst von Marschall Meisterkurse anbieten und zu Konzerten einladen.<br />
&#8230;<br />
Konzerte: Geplant sind in den kommenden Wochen zwei Konzerte: Das Kinderorchester der Tonhalle Düsseldorf spielt am 20. Mai um 17 Uhr auf der Offenbühne im rückwärtigen Bereich des Melcherhofes. Zudem gibt es ein Vorspiel der Geigenklasse von Susanne Fischer am 7. Juli um 15 Uhr im Maschinenschopf. Es wird kein Eintritt erhoben, aber ein Spendentöpfle aufgestellt.<br />
&#8230; Alles vom 7.5.2024 von Thomas Biniossek bitte lesen auf<br />
<a href="https://www.badische-zeitung.de/ein-neues-domizil-fuer-junge-musizierende">https://www.badische-zeitung.de/ein-neues-domizil-fuer-junge-musizierende</a></p>
<ul>
<li>Melcherhof  <a href="https://www.melcherhof.net/">https://www.melcherhof.net/</a></li>
<li>Archivseite  <a href="https://www.freiburg-schwarzwald.de/hofladen.htm#Melcherhof">https://www.freiburg-schwarzwald.de/hofladen.htm#Melcherhof</a></li>
</ul>

<p>Home &gt;Regio &gt;Orte &gt;StPeter &gt;Oberibental &gt;Buchenbach &gt;Unteribental &nbsp; Listenauswahl eines Beitrags (Artikel/Datum, Seite/Inhalt): Klicken oder scrollen  Melcherhof in Unteribental: Eröffnungskonzert der Saison 3.5.2026 (22.4.2026) Siedler aus dem Dreisamtal 1942-1944 im Elsass (3.7.2024) Melcherhof: Ein neues Domizil für junge Musizierende (7.5.2024) Unteribental Archivseite: https://www.freiburg-schwarzwald.de/littenweiler/unteribental.htm &hellip; <a href="https://www.freiburg-schwarzwald.de/blog/regio/orte/unteribental/">Weiterlesen <span class="meta-nav">&rarr;</span></a></p>
