{"id":122896,"date":"2024-04-23T13:12:59","date_gmt":"2024-04-23T11:12:59","guid":{"rendered":"https:\/\/www.freiburg-schwarzwald.de\/blog\/?page_id=122896"},"modified":"2026-04-11T20:13:38","modified_gmt":"2026-04-11T18:13:38","slug":"deutsche-minderheit","status":"publish","type":"page","link":"https:\/\/www.freiburg-schwarzwald.de\/blog\/engagement\/zukunft\/demografie\/minderheit\/deutsche-minderheit\/","title":{"rendered":"Deutsche-Minderheit"},"content":{"rendered":"<p>Home &gt;<a title=\"Engagement\" href=\"https:\/\/www.freiburg-schwarzwald.de\/blog\/engagement\/\">Engagement<\/a>\u00a0&gt;<a title=\"Zukunft\" href=\"https:\/\/www.freiburg-schwarzwald.de\/blog\/engagement\/zukunft\/\">Zukunft<\/a>\u00a0&gt;<a href=\"https:\/\/www.freiburg-schwarzwald.de\/blog\/engagement\/zukunft\/demografie\/\">Demografie<\/a>\u00a0&gt;<a href=\"https:\/\/www.freiburg-schwarzwald.de\/blog\/engagement\/zukunft\/demokratie\/nation\/\">Nation<\/a> &gt;<a href=\"https:\/\/www.freiburg-schwarzwald.de\/blog\/engagement\/zukunft\/demografie\/minderheit\/\">Minderheit<\/a> &gt;Deutsche-Minderheit<\/p>\n<div id=\"attachment_121840\" style=\"width: 650px\" class=\"wp-caption alignnone\"><a href=\"https:\/\/www.freiburg-schwarzwald.de\/blog\/wp-content\/uploads\/2024\/03\/heimatliebe-pan240318-2.jpg\"><img loading=\"lazy\" decoding=\"async\" aria-describedby=\"caption-attachment-121840\" class=\"size-full wp-image-121840\" src=\"https:\/\/www.freiburg-schwarzwald.de\/blog\/wp-content\/uploads\/2024\/03\/heimatliebe-pan240318-2.jpg\" alt=\"\" width=\"640\" height=\"294\" srcset=\"https:\/\/www.freiburg-schwarzwald.de\/blog\/wp-content\/uploads\/2024\/03\/heimatliebe-pan240318-2.jpg 640w, https:\/\/www.freiburg-schwarzwald.de\/blog\/wp-content\/uploads\/2024\/03\/heimatliebe-pan240318-2-180x83.jpg 180w\" sizes=\"auto, (max-width: 640px) 100vw, 640px\" \/><\/a><p id=\"caption-attachment-121840\" class=\"wp-caption-text\">&#8222;Heimatliebe ist kein Verbrechen&#8220; am Gmnasium Ribnitz-Damgarten &#8211; von der Polizei konfisziert am 18.3.2024<\/p><\/div>\n<ul>\n<li><em>Listenauswahl eines Beitrags: Bitte\u00a0anklicken\u00a0oder runterscrollen<\/em><\/li>\n<li><a href=\"https:\/\/www.freiburg-schwarzwald.de\/blog\/schule-gewalt-gegen-den-staat\/\">Schule: Gewalt gegen den Staat<\/a>\u00a0(11.4.2026)<\/li>\n<li><a href=\"https:\/\/www.freiburg-schwarzwald.de\/blog\/kultur\/kulturkampf\/landnahme\/\">Kopftuch und Muezzinruf als Zeichen der Landnahme<\/a>\u00a0(28.2.2026)<\/li>\n<li><a href=\"https:\/\/www.freiburg-schwarzwald.de\/blog\/global\/migration\/migration-gesellschaft\/\">Migration seit 2015: Eine v\u00f6llig transformierte Gesellschaft<\/a>\u00a0(27.2.2026)<\/li>\n<li><a href=\"https:\/\/www.freiburg-schwarzwald.de\/blog\/global\/deutschland\/deutschland2025\/\">\u201eEs gibt kein Deutschland mehr \u2013 es geh\u00f6rt uns Muslimen\u201c<\/a>\u00a0(12.12.2025)<\/li>\n<li><a href=\"https:\/\/www.freiburg-schwarzwald.de\/blog\/global\/deutschland\/buergerkrieg\/\">David J. Betz: Hat in Westeuropa schon der B\u00fcrgerkrieg begonnen?<\/a>\u00a0(21.7.2025)<\/li>\n<li><a href=\"https:\/\/www.freiburg-schwarzwald.de\/blog\/junge-christen-als-minderheit\/\">Junge Christen als Minderheit<\/a>\u00a0(24.4.2025)<\/li>\n<li><a href=\"https:\/\/www.freiburg-schwarzwald.de\/blog\/global\/integration\/fluechtlinge-kriminalitaet\/deutsche-opfer\/\">Gesellschaftliche Traumatisierungen. Sande, Aschaffenburg<\/a>\u00a0(30.1.2025)<\/li>\n<li><a href=\"https:\/\/www.freiburg-schwarzwald.de\/blog\/global\/migration\/migrantenkinder\/\">Bessere Noten f\u00fcr Migrantenkinder<\/a>\u00a0(20.1.2025)<\/li>\n<li><a href=\"https:\/\/www.freiburg-schwarzwald.de\/blog\/bildung\/schulen\/schulen-migration\/\">Fast ein Drittel der Sch\u00fcler haben Migrationshintergrund<\/a>\u00a0(3.9.2024)<\/li>\n<li><a href=\"https:\/\/www.freiburg-schwarzwald.de\/blog\/bildung\/schulen\/schulen-migration\/\">Sch\u00fcler mit Migrationshintergrund in der Mehrheit<\/a> (18.7.2024)<\/li>\n<li><a href=\"https:\/\/www.freiburg-schwarzwald.de\/blog\/global\/deutschland\/deutschland-islam\/\">Deutsche als Minderheit und Opfer<\/a>\u00a0(5.5.2024)<\/li>\n<li>Immer mehr Minderheit &#8211; im eigenen Land (2.5.2024)<\/li>\n<li><a href=\"https:\/\/www.freiburg-schwarzwald.de\/blog\/bildung\/schulen\/schulen-islam\/\">Lernen neben Extremisten<\/a>\u00a0(19.4.2024)<\/li>\n<li><a href=\"https:\/\/www.freiburg-schwarzwald.de\/blog\/bildung\/schulen\/schulen-deutsch\/\">Wachsender Migrationshintergrund unter Sch\u00fclern in Deutschland<\/a> (19.4.2024)<\/li>\n<li>Die Minderheit sind wir: Wachsender Islamismus (19..4.2024)<\/li>\n<li><\/li>\n<li><a href=\"https:\/\/www.freiburg-schwarzwald.de\/blog\/global\/integration\/fluechtlinge-kriminalitaet\/deutsche-opfer\/\">Deutsche-Opfer<\/a><\/li>\n<li><a href=\"https:\/\/www.freiburg-schwarzwald.de\/blog\/religion\/islam\/kalifat\/\">Kalifat<\/a><\/li>\n<li><a href=\"https:\/\/www.freiburg-schwarzwald.de\/blog\/kultur\/kulturkampf\/landnahme\/\">Landnahme<\/a><\/li>\n<li><a href=\"https:\/\/www.freiburg-schwarzwald.de\/blog\/global\/migration\/migration-gesellschaft\/\">Migration-Gesellschaft<\/a><\/li>\n<li><a href=\"https:\/\/www.freiburg-schwarzwald.de\/blog\/bildung\/schulen\/schulen-islam\/\">Schulen-Islam<\/a><\/li>\n<li><a href=\"https:\/\/www.freiburg-schwarzwald.de\/blog\/bildung\/schulen\/schulen-migration\/\">Schulen-Migration<\/a><\/li>\n<\/ul>\n<p>&nbsp;<\/p>\n<p><strong>Immer mehr Minderheit &#8211; im eigenen Land<\/strong><br \/>\n&#8230; Laut einer neuen Umfrage (siehe nius.de, 2.5.2024) f\u00fcrchtet eine 54-Prozent-Mehrheit der befragten Deutschen, \u00bbzur Minderheit im eigenen Land zu werden\u00ab.<br \/>\n&#8230;<br \/>\nDoch der Begriff \u00bbMinderheit im eigenen Land\u00ab hat noch eine weitere L\u00fccke, und die ist noch viel gr\u00f6\u00dfer. N\u00e4mlich: Kein B\u00fcrger erlebt das ganze Deutschland auf einmal. Der Mensch erlebt immer nur seine Stadt, meist nur deren Kern und die wichtigsten Stra\u00dfen, eher seinen Stadtteil und seine Stra\u00dfe, seine Schule und sein Einkaufszentrum. Das hei\u00dft: Die Frage, ob die Deutschen in Deutschland insgesamt rechnerisch und statistisch zur Minderheit werden, ist in der Praxis irrelevant. Fakt ist, dass sich die Deutschen in immer mehr Stadtteilen, Schulen und an \u00f6ffentlichen Orten bereits heute als Minderheit wahrnehmen.<br \/>\nEinem Deutschen, dessen Kinder schon heute t\u00e4glich anti-deutschen Rassismus durch die ausl\u00e4ndische Schulkinder-Mehrheit erleben, muss es geradezu wie Hohn erscheinen, wenn die Propaganda ihnen vorrechnet, dass sie \u2013 statistisch ganz Deutschland einrechnend \u2013 doch gar nicht in der Minderheit sind.<br \/>\n&#8230; Alles vom 2.5.2024 bitte lesen au<br \/>\n<a href=\"https:\/\/www.dushanwegner.com\/minderheit\/\">https:\/\/www.dushanwegner.com\/minderheit\/<\/a><\/p>\n<p>&nbsp;<\/p>\n<p><strong>Die Minderheit sind wir: Wachsender Islamismus<\/strong><br \/>\nJede Generation hat ihre Hoffnungen, W\u00fcnsche und Tr\u00e4ume, die r\u00fcckblickend zwar als naiv bel\u00e4chelt, da sie aber oft mit der Sehnsucht nach Frieden und Harmonie verbunden sind, als wahrhaftig betrachtet werden k\u00f6nnen.<br \/>\nDurch die <a href=\"https:\/\/www.freiburg-schwarzwald.de\/blog\/engagement\/zukunft\/demografie\/\">demographische Verdr\u00e4ngung<\/a> bildet sich nun aber ein wachsender Teil heran, der diese Sehnsucht nicht kennt, sondern \u2013 im Gegenteil \u2013 sich an der <a href=\"https:\/\/www.freiburg-schwarzwald.de\/blog\/religion\/islam\/unterwerfung\/\">Unterwerfung<\/a> und Vernichtung der Ungl\u00e4ubigen und deren Kultur berauscht. Der <a href=\"https:\/\/www.freiburg-schwarzwald.de\/blog\/bildung\/schulen\/schulen-gewalt\/\">Mitsch\u00fcler<\/a> schikaniert, falls sich diese nicht an islamische Kleider- und Essensvorschriften halten. Der Lehrer bedroht, wenn diese aus seiner Sicht Anst\u00f6\u00dfiges vermitteln. So geschehen in Neuss, in K\u00f6ln, Essen und anderswo.<br \/>\nWenn die Polizei jetzt in Iserlohn, D\u00fcsseldorf, M\u00fcnchen und Lippstadt eine Terrorzelle von jugendlichen <a href=\"https:\/\/www.freiburg-schwarzwald.de\/blog\/religion\/islam\/islamismus\/\">IS-Anh\u00e4ngern<\/a> ausgehoben hat, mag das zwar spektakul\u00e4r sein, ist aber nicht \u00fcberraschend.<br \/>\nWas ist schon zu erwarten, wenn sich selbst DFB-Spieler Antonio R\u00fcdiger mit dem erhobenen Zeigefinger der Salafiya ablichten l\u00e4\u00dft und anschlie\u00dfend diese Geste medial verniedlicht wird. Der radikale Islam wird so als interessantes Lebensgef\u00fchl vermittelt, seine tief verwurzelten Ressentiments ignoriert.<\/p>\n<p>Doch die grausamen Folgen lassen sich in Frankreich ablesen, wo die Verdr\u00e4ngung bereits weit vorangeschritten ist und wir mittlerweile in unheimlicher H\u00e4ufigkeit ermordete Lehrer und Sch\u00fcler z\u00e4hlen m\u00fcssen.<br \/>\n&#8230; Alle vom 19.4.2024 von Fabian Schmidt-Ahmad bitte lesen in der JF 17\/24, Seite 2<br \/>\n<a href=\"https:\/\/www.junge-freiheit.de\">https:\/\/www.junge-freiheit.de<\/a><\/p>\n","protected":false},"excerpt":{"rendered":"<p>Home &gt;Engagement\u00a0&gt;Zukunft\u00a0&gt;Demografie\u00a0&gt;Nation &gt;Minderheit &gt;Deutsche-Minderheit Listenauswahl eines Beitrags: Bitte\u00a0anklicken\u00a0oder runterscrollen Schule: Gewalt gegen den Staat\u00a0(11.4.2026) Kopftuch und Muezzinruf als Zeichen der Landnahme\u00a0(28.2.2026) Migration seit 2015: Eine v\u00f6llig transformierte Gesellschaft\u00a0(27.2.2026) \u201eEs gibt kein Deutschland mehr \u2013 es geh\u00f6rt uns Muslimen\u201c\u00a0(12.12.2025) David J. &hellip; <a href=\"https:\/\/www.freiburg-schwarzwald.de\/blog\/engagement\/zukunft\/demografie\/minderheit\/deutsche-minderheit\/\">Weiterlesen <span class=\"meta-nav\">&rarr;<\/span><\/a><\/p>\n","protected":false},"author":2,"featured_media":0,"parent":94333,"menu_order":0,"comment_status":"closed","ping_status":"closed","template":"","meta":{"footnotes":""},"class_list":["post-122896","page","type-page","status-publish","hentry"],"_links":{"self":[{"href":"https:\/\/www.freiburg-schwarzwald.de\/blog\/wp-json\/wp\/v2\/pages\/122896","targetHints":{"allow":["GET"]}}],"collection":[{"href":"https:\/\/www.freiburg-schwarzwald.de\/blog\/wp-json\/wp\/v2\/pages"}],"about":[{"href":"https:\/\/www.freiburg-schwarzwald.de\/blog\/wp-json\/wp\/v2\/types\/page"}],"author":[{"embeddable":true,"href":"https:\/\/www.freiburg-schwarzwald.de\/blog\/wp-json\/wp\/v2\/users\/2"}],"replies":[{"embeddable":true,"href":"https:\/\/www.freiburg-schwarzwald.de\/blog\/wp-json\/wp\/v2\/comments?post=122896"}],"version-history":[{"count":6,"href":"https:\/\/www.freiburg-schwarzwald.de\/blog\/wp-json\/wp\/v2\/pages\/122896\/revisions"}],"predecessor-version":[{"id":147758,"href":"https:\/\/www.freiburg-schwarzwald.de\/blog\/wp-json\/wp\/v2\/pages\/122896\/revisions\/147758"}],"up":[{"embeddable":true,"href":"https:\/\/www.freiburg-schwarzwald.de\/blog\/wp-json\/wp\/v2\/pages\/94333"}],"wp:attachment":[{"href":"https:\/\/www.freiburg-schwarzwald.de\/blog\/wp-json\/wp\/v2\/media?parent=122896"}],"curies":[{"name":"wp","href":"https:\/\/api.w.org\/{rel}","templated":true}]}}

<p>Home &gt;<a title="Engagement" href="https://www.freiburg-schwarzwald.de/blog/engagement/">Engagement</a> &gt;<a title="Zukunft" href="https://www.freiburg-schwarzwald.de/blog/engagement/zukunft/">Zukunft</a> &gt;<a href="https://www.freiburg-schwarzwald.de/blog/engagement/zukunft/demografie/">Demografie</a> &gt;<a href="https://www.freiburg-schwarzwald.de/blog/engagement/zukunft/demokratie/nation/">Nation</a> &gt;<a href="https://www.freiburg-schwarzwald.de/blog/engagement/zukunft/demografie/minderheit/">Minderheit</a> &gt;Deutsche-Minderheit</p>
<div id="attachment_121840" style="width: 650px" class="wp-caption alignnone"><a href="https://www.freiburg-schwarzwald.de/blog/wp-content/uploads/2024/03/heimatliebe-pan240318-2.jpg"><img loading="lazy" decoding="async" aria-describedby="caption-attachment-121840" class="size-full wp-image-121840" src="https://www.freiburg-schwarzwald.de/blog/wp-content/uploads/2024/03/heimatliebe-pan240318-2.jpg" alt="" width="640" height="294" srcset="https://www.freiburg-schwarzwald.de/blog/wp-content/uploads/2024/03/heimatliebe-pan240318-2.jpg 640w, https://www.freiburg-schwarzwald.de/blog/wp-content/uploads/2024/03/heimatliebe-pan240318-2-180x83.jpg 180w" sizes="auto, (max-width: 640px) 100vw, 640px" /></a><p id="caption-attachment-121840" class="wp-caption-text">&#8222;Heimatliebe ist kein Verbrechen&#8220; am Gmnasium Ribnitz-Damgarten &#8211; von der Polizei konfisziert am 18.3.2024</p></div>
<ul>
<li><em>Listenauswahl eines Beitrags: Bitte anklicken oder runterscrollen</em></li>
<li><a href="https://www.freiburg-schwarzwald.de/blog/schule-gewalt-gegen-den-staat/">Schule: Gewalt gegen den Staat</a> (11.4.2026)</li>
<li><a href="https://www.freiburg-schwarzwald.de/blog/kultur/kulturkampf/landnahme/">Kopftuch und Muezzinruf als Zeichen der Landnahme</a> (28.2.2026)</li>
<li><a href="https://www.freiburg-schwarzwald.de/blog/global/migration/migration-gesellschaft/">Migration seit 2015: Eine völlig transformierte Gesellschaft</a> (27.2.2026)</li>
<li><a href="https://www.freiburg-schwarzwald.de/blog/global/deutschland/deutschland2025/">„Es gibt kein Deutschland mehr – es gehört uns Muslimen“</a> (12.12.2025)</li>
<li><a href="https://www.freiburg-schwarzwald.de/blog/global/deutschland/buergerkrieg/">David J. Betz: Hat in Westeuropa schon der Bürgerkrieg begonnen?</a> (21.7.2025)</li>
<li><a href="https://www.freiburg-schwarzwald.de/blog/junge-christen-als-minderheit/">Junge Christen als Minderheit</a> (24.4.2025)</li>
<li><a href="https://www.freiburg-schwarzwald.de/blog/global/integration/fluechtlinge-kriminalitaet/deutsche-opfer/">Gesellschaftliche Traumatisierungen. Sande, Aschaffenburg</a> (30.1.2025)</li>
<li><a href="https://www.freiburg-schwarzwald.de/blog/global/migration/migrantenkinder/">Bessere Noten für Migrantenkinder</a> (20.1.2025)</li>
<li><a href="https://www.freiburg-schwarzwald.de/blog/bildung/schulen/schulen-migration/">Fast ein Drittel der Schüler haben Migrationshintergrund</a> (3.9.2024)</li>
<li><a href="https://www.freiburg-schwarzwald.de/blog/bildung/schulen/schulen-migration/">Schüler mit Migrationshintergrund in der Mehrheit</a> (18.7.2024)</li>
<li><a href="https://www.freiburg-schwarzwald.de/blog/global/deutschland/deutschland-islam/">Deutsche als Minderheit und Opfer</a> (5.5.2024)</li>
<li>Immer mehr Minderheit &#8211; im eigenen Land (2.5.2024)</li>
<li><a href="https://www.freiburg-schwarzwald.de/blog/bildung/schulen/schulen-islam/">Lernen neben Extremisten</a> (19.4.2024)</li>
<li><a href="https://www.freiburg-schwarzwald.de/blog/bildung/schulen/schulen-deutsch/">Wachsender Migrationshintergrund unter Schülern in Deutschland</a> (19.4.2024)</li>
<li>Die Minderheit sind wir: Wachsender Islamismus (19..4.2024)</li>
<li></li>
<li><a href="https://www.freiburg-schwarzwald.de/blog/global/integration/fluechtlinge-kriminalitaet/deutsche-opfer/">Deutsche-Opfer</a></li>
<li><a href="https://www.freiburg-schwarzwald.de/blog/religion/islam/kalifat/">Kalifat</a></li>
<li><a href="https://www.freiburg-schwarzwald.de/blog/kultur/kulturkampf/landnahme/">Landnahme</a></li>
<li><a href="https://www.freiburg-schwarzwald.de/blog/global/migration/migration-gesellschaft/">Migration-Gesellschaft</a></li>
<li><a href="https://www.freiburg-schwarzwald.de/blog/bildung/schulen/schulen-islam/">Schulen-Islam</a></li>
<li><a href="https://www.freiburg-schwarzwald.de/blog/bildung/schulen/schulen-migration/">Schulen-Migration</a></li>
</ul>
<p>&nbsp;</p>
<p><strong>Immer mehr Minderheit &#8211; im eigenen Land</strong><br />
&#8230; Laut einer neuen Umfrage (siehe nius.de, 2.5.2024) fürchtet eine 54-Prozent-Mehrheit der befragten Deutschen, »zur Minderheit im eigenen Land zu werden«.<br />
&#8230;<br />
Doch der Begriff »Minderheit im eigenen Land« hat noch eine weitere Lücke, und die ist noch viel größer. Nämlich: Kein Bürger erlebt das ganze Deutschland auf einmal. Der Mensch erlebt immer nur seine Stadt, meist nur deren Kern und die wichtigsten Straßen, eher seinen Stadtteil und seine Straße, seine Schule und sein Einkaufszentrum. Das heißt: Die Frage, ob die Deutschen in Deutschland insgesamt rechnerisch und statistisch zur Minderheit werden, ist in der Praxis irrelevant. Fakt ist, dass sich die Deutschen in immer mehr Stadtteilen, Schulen und an öffentlichen Orten bereits heute als Minderheit wahrnehmen.<br />
Einem Deutschen, dessen Kinder schon heute täglich anti-deutschen Rassismus durch die ausländische Schulkinder-Mehrheit erleben, muss es geradezu wie Hohn erscheinen, wenn die Propaganda ihnen vorrechnet, dass sie – statistisch ganz Deutschland einrechnend – doch gar nicht in der Minderheit sind.<br />
&#8230; Alles vom 2.5.2024 bitte lesen au<br />
<a href="https://www.dushanwegner.com/minderheit/">https://www.dushanwegner.com/minderheit/</a></p>
<p>&nbsp;</p>
<p><strong>Die Minderheit sind wir: Wachsender Islamismus</strong><br />
Jede Generation hat ihre Hoffnungen, Wünsche und Träume, die rückblickend zwar als naiv belächelt, da sie aber oft mit der Sehnsucht nach Frieden und Harmonie verbunden sind, als wahrhaftig betrachtet werden können.<br />
Durch die <a href="https://www.freiburg-schwarzwald.de/blog/engagement/zukunft/demografie/">demographische Verdrängung</a> bildet sich nun aber ein wachsender Teil heran, der diese Sehnsucht nicht kennt, sondern – im Gegenteil – sich an der <a href="https://www.freiburg-schwarzwald.de/blog/religion/islam/unterwerfung/">Unterwerfung</a> und Vernichtung der Ungläubigen und deren Kultur berauscht. Der <a href="https://www.freiburg-schwarzwald.de/blog/bildung/schulen/schulen-gewalt/">Mitschüler</a> schikaniert, falls sich diese nicht an islamische Kleider- und Essensvorschriften halten. Der Lehrer bedroht, wenn diese aus seiner Sicht Anstößiges vermitteln. So geschehen in Neuss, in Köln, Essen und anderswo.<br />
Wenn die Polizei jetzt in Iserlohn, Düsseldorf, München und Lippstadt eine Terrorzelle von jugendlichen <a href="https://www.freiburg-schwarzwald.de/blog/religion/islam/islamismus/">IS-Anhängern</a> ausgehoben hat, mag das zwar spektakulär sein, ist aber nicht überraschend.<br />
Was ist schon zu erwarten, wenn sich selbst DFB-Spieler Antonio Rüdiger mit dem erhobenen Zeigefinger der Salafiya ablichten läßt und anschließend diese Geste medial verniedlicht wird. Der radikale Islam wird so als interessantes Lebensgefühl vermittelt, seine tief verwurzelten Ressentiments ignoriert.</p>
<p>Doch die grausamen Folgen lassen sich in Frankreich ablesen, wo die Verdrängung bereits weit vorangeschritten ist und wir mittlerweile in unheimlicher Häufigkeit ermordete Lehrer und Schüler zählen müssen.<br />
&#8230; Alle vom 19.4.2024 von Fabian Schmidt-Ahmad bitte lesen in der JF 17/24, Seite 2<br />
<a href="https://www.junge-freiheit.de">https://www.junge-freiheit.de</a></p>

<p>Home &gt;Engagement &gt;Zukunft &gt;Demografie &gt;Nation &gt;Minderheit &gt;Deutsche-Minderheit Listenauswahl eines Beitrags: Bitte anklicken oder runterscrollen Schule: Gewalt gegen den Staat (11.4.2026) Kopftuch und Muezzinruf als Zeichen der Landnahme (28.2.2026) Migration seit 2015: Eine völlig transformierte Gesellschaft (27.2.2026) „Es gibt kein Deutschland mehr – es gehört uns Muslimen“ (12.12.2025) David J. &hellip; <a href="https://www.freiburg-schwarzwald.de/blog/engagement/zukunft/demografie/minderheit/deutsche-minderheit/">Weiterlesen <span class="meta-nav">&rarr;</span></a></p>
