{"id":122661,"date":"2024-04-15T14:55:14","date_gmt":"2024-04-15T12:55:14","guid":{"rendered":"https:\/\/www.freiburg-schwarzwald.de\/blog\/?page_id=122661"},"modified":"2026-01-20T17:29:15","modified_gmt":"2026-01-20T16:29:15","slug":"nicht-muslime","status":"publish","type":"page","link":"https:\/\/www.freiburg-schwarzwald.de\/blog\/global\/integration\/muslime\/nicht-muslime\/","title":{"rendered":"Nicht-Muslime"},"content":{"rendered":"<p><a href=\"https:\/\/www.freiburg-schwarzwald.de\/blog\">Home<\/a>\u00a0&gt;<a title=\"Global\" href=\"https:\/\/www.freiburg-schwarzwald.de\/blog\/global\/\">Global<\/a>\u00a0&gt;<a title=\"Integration\" href=\"https:\/\/www.freiburg-schwarzwald.de\/blog\/global\/integration\/\">Integration<\/a>\u00a0&gt;<a title=\"Parallelgesellschaft\" href=\"https:\/\/www.freiburg-schwarzwald.de\/blog\/global\/integration\/parallelgesellschaft\/\">Parallelgesellschaft<\/a> &gt;<a href=\"https:\/\/www.freiburg-schwarzwald.de\/blog\/global\/integration\/muslime\/\">Muslime<\/a> &gt;Nicht-Muslime<\/p>\n<div id=\"attachment_116453\" style=\"width: 650px\" class=\"wp-caption alignnone\"><a href=\"https:\/\/www.freiburg-schwarzwald.de\/blog\/wp-content\/uploads\/2023\/10\/brandenburgertor-islam-pan231021.jpg\"><img loading=\"lazy\" decoding=\"async\" aria-describedby=\"caption-attachment-116453\" class=\"size-full wp-image-116453\" src=\"https:\/\/www.freiburg-schwarzwald.de\/blog\/wp-content\/uploads\/2023\/10\/brandenburgertor-islam-pan231021.jpg\" alt=\"\" width=\"640\" height=\"359\" srcset=\"https:\/\/www.freiburg-schwarzwald.de\/blog\/wp-content\/uploads\/2023\/10\/brandenburgertor-islam-pan231021.jpg 640w, https:\/\/www.freiburg-schwarzwald.de\/blog\/wp-content\/uploads\/2023\/10\/brandenburgertor-islam-pan231021-180x101.jpg 180w\" sizes=\"auto, (max-width: 640px) 100vw, 640px\" \/><\/a><p id=\"caption-attachment-116453\" class=\"wp-caption-text\">Betende Muslime am Brandenburger Tor in Berlin am 21.10.2023<\/p><\/div>\n<ul>\n<li><em>Listenauswahl eines Beitrags (Artikel\/Datum, Seite\/Inhalt): <span style=\"text-decoration: underline;\">Klicken<\/span> oder scrollen<\/em><\/li>\n<li><a href=\"https:\/\/www.freiburg-schwarzwald.de\/blog\/global\/deutschland\/moral2015\/doppelmoral\/\">Doppelmoral: \u201eJunge Muslime\u201c und \u201eJunge M\u00e4nner\u201c<\/a>\u00a0(4.1.2026)<\/li>\n<li>Ramadan: Islamisierung, die offiziell \u00fcberhaupt nicht stattfindet? (14.4.2024)<\/li>\n<li><a href=\"https:\/\/www.freiburg-schwarzwald.de\/blog\/religion\/islam\/islam-zunahme\/\">Islam: dezentral organisierter, aber letztlich einheitlich agierender Gro\u00dforganismus<\/a>\u00a0(14.4.2023)<\/li>\n<li>SZ unterteilt Deutschland in Muslime und Nicht-Muslime (13,4,2024)<\/li>\n<\/ul>\n<ul>\n<li><a href=\"https:\/\/www.freiburg-schwarzwald.de\/blog\/global\/israel\/antijudaismus\/\">Antijudaismus<\/a><\/li>\n<li><a title=\"Deutschland\" href=\"https:\/\/www.freiburg-schwarzwald.de\/blog\/global\/deutschland\/\">Deutschland<\/a><\/li>\n<li><a title=\"Deutschtuerken\" href=\"https:\/\/www.freiburg-schwarzwald.de\/blog\/global\/integration\/deutschtuerken\/\">Deutscht\u00fcrken<\/a><\/li>\n<li><a title=\"Fluechtlinge-Sex\" href=\"https:\/\/www.freiburg-schwarzwald.de\/blog\/global\/integration\/fluechtlinge-sex\/\">Fl\u00fcchtlinge-Sex<\/a><\/li>\n<li><a title=\"Frauenproteste\" href=\"https:\/\/www.freiburg-schwarzwald.de\/blog\/selbsthilfe\/frauen\/frauenproteste\/\">Frauenproteste<\/a><\/li>\n<li><a href=\"https:\/\/www.freiburg-schwarzwald.de\/blog\/kultur\/dichter\/houellebecq\/\">Houellebecq<\/a><\/li>\n<li><a title=\"Integrieren\" href=\"https:\/\/www.freiburg-schwarzwald.de\/blog\/global\/integration\/integrieren\/\">Integrieren<\/a><\/li>\n<li><a title=\"Islam\" href=\"https:\/\/www.freiburg-schwarzwald.de\/blog\/religion\/islam\/\">Islam<\/a><\/li>\n<li><a title=\"Islam-Antisemitismus\" href=\"https:\/\/www.freiburg-schwarzwald.de\/blog\/religion\/islam\/islam-antisemitismus\/\">Islam-Antisemitismus<\/a><\/li>\n<li><a href=\"https:\/\/www.freiburg-schwarzwald.de\/blog\/religion\/islam\/islam-zunahme\/\">islam-Zunahme<\/a><\/li>\n<li><a title=\"Migration\" href=\"https:\/\/www.freiburg-schwarzwald.de\/blog\/global\/migration\/\">Migration<\/a><\/li>\n<li><a title=\"Moscheen\" href=\"https:\/\/www.freiburg-schwarzwald.de\/blog\/religion\/islam\/moscheen\/\">Moscheen<\/a><\/li>\n<li><a title=\"Muslime-Anzahl\" href=\"https:\/\/www.freiburg-schwarzwald.de\/blog\/global\/integration\/muslime\/muslime-anzahl\/\">Muslime-Anzahl<\/a><\/li>\n<li><a title=\"Muslime-Liebhaber\" href=\"https:\/\/www.freiburg-schwarzwald.de\/blog\/global\/integration\/muslime\/muslime-liebhaber\/\">Muslime-Liebhaber<\/a><\/li>\n<li><a title=\"Muslime-Mobbing\" href=\"https:\/\/www.freiburg-schwarzwald.de\/blog\/global\/integration\/muslime\/muslime-mobbing\/\">Muslime-Mobbing<\/a><\/li>\n<li><a title=\"Taquia\" href=\"https:\/\/www.freiburg-schwarzwald.de\/blog\/religion\/islam\/taquia\/\">Taquia<\/a><\/li>\n<li><a title=\"Ueberfremdung\" href=\"https:\/\/www.freiburg-schwarzwald.de\/blog\/global\/integration\/ueberfremdung\/\">\u00dcberfremdung<\/a><\/li>\n<li><a title=\"Wahn\" href=\"https:\/\/www.freiburg-schwarzwald.de\/blog\/selbsthilfe\/psyche\/wahn\/\">Wahn<\/a><\/li>\n<\/ul>\n<p><strong>Ramadan: Islamisierung, die offiziell \u00fcberhaupt nicht stattfindet?<\/strong><br \/>\nWie auch immer: \u00d6ffentliche Ramadan-Feten oder Gebete sind allgemein sichtbare Details jener Islamisierung, die offiziell \u00fcberhaupt nicht stattfindet. Sie sind Machtdemonstrationen, symbolische Landnahmen, wie auch Kopftuch, Schleier und das raumfordende Auftreten junger Moslemm\u00e4nnergruppen in der \u00d6ffentlichkeit. Die Markierung von Teilen des \u00f6ffentlichen Raums als nunmehr muslimisch findet auf s\u00e4mtlichen Ebenen statt, au\u00dfer vielleicht in den Opernh\u00e4usern, Museen und Weinlokalen. Warum sollte man auch dort beten, wo es keiner mitbekommt?<br \/>\n&#8230;<br \/>\nWer aber etwas, wovor er angeblich geflohen ist, dort etablieren will, wohin ihn seine angebliche Flucht gef\u00fchrt hat, ist, Annalena halt dich fest, am Ende gar kein Fl\u00fcchtling, sondern ein \u2026 ?<br \/>\na) Traumatisierter<br \/>\nb) Erbopfer des Kolonialismus<br \/>\nc) engagierter Antirassist<br \/>\nd) identit\u00e4tspolitisch Erwachter<br \/>\n(Mehrfachnennungen m\u00f6glich)<br \/>\n,,,, Alles vom 14.4.2024 bitte lesen auf<br \/>\n<a href=\"https:\/\/www.klonovsky.de\/2024\/04\/14-april-2024\/\">https:\/\/www.klonovsky.de\/2024\/04\/14-april-2024\/<\/a><\/p>\n<p>&nbsp;<\/p>\n<p><strong>SZ unterteilt Deutschland in Muslime und Nicht-Muslime<\/strong><br \/>\n<strong>Linke Medien sorgen wieder f\u00fcr Aufregung<\/strong><br \/>\n&#8230; In der SZ stellte die \u2013 garantiert echte und nicht von der KI erzeugte \u2013 Redakteurin Dunja Ramadan die pikante Frage: \u201eWoher kommt die Islam-Ignoranz vieler deutscher Nicht-Muslime?\u201c Dass dieser Titel wom\u00f6glich ein wenig zu direkt preisgab, dass man in der Redaktionsstube der \u2013 wie nun bekannt gewordenen Stellen abbauenden \u2013 SZ schon l\u00e4ngst Deutschland in Muslime und Nicht-Muslime unterteilt, begriff man wohl selbst dort, und \u00e4nderte die Schlagzeile flugs in \u201eIslam und Charme in einem Satz? Unvorstellbar\u201c um. Damit war das Narrativ der diskriminierten muslimischen Minderheit wieder gesichert. Die ahnungslosen \u201eNicht-Muslime\u201c wanderten daraufhin in den Vorspann.<\/p>\n<p><em>Alexander Kissler @DrKissler <\/em><br \/>\n<em>&#8222;Der Westen&#8220; macht sich um die Integration der Nicht-Muslime verdient.<\/em><br \/>\n<em>Zuckerfest: Diese peinlichen Fehler sollten Nicht-Muslime unbedingt vermeiden<\/em><br \/>\n<em>10.4.2024 <\/em><br \/>\n<em><a href=\"https:\/\/twitter.com\/DrKissler\/status\/1778080441007735098\">https:\/\/twitter.com\/DrKissler\/status\/1778080441007735098<\/a><\/em><br \/>\n..<br \/>\n&#8230; Alles vom 13.4.2024 bitte lesen auf<br \/>\n<a href=\"https:\/\/www.tichyseinblick.de\/feuilleton\/glosse\/linke-medien-nicht-muslime\/\">https:\/\/www.tichyseinblick.de\/feuilleton\/glosse\/linke-medien-nicht-muslime\/<\/a><\/p>\n<p>Einige Kommentare:<br \/>\nAnabel Schunke schreibt dazu ganz richtig:<br \/>\n@ainyrockstar<br \/>\nEs ist keine Ignoranz. Es ist Abneigung.<br \/>\nUnd warum sind wir Deutschen jetzt eigentlich \u201eNicht-Muslime\u201c und werden \u00fcber unser Nicht-zu-dieser-Religion-geh\u00f6ren, definiert?<br \/>\n.<br \/>\nGem\u00e4ss Koran steht der Begriff \u201aMuslim\u2018 f\u00fcr \u201ader Gl\u00e4ubige\u2018.<br \/>\nWer aus Sicht des Korans\/Islams von \u201aNicht-Muslimen\u2018 schreibt, meint also \u201aNicht-Gl\u00e4ubige\u2018 oder direkt \u201aUngl\u00e4ubige. Lik<br \/>\n.<br \/>\nDie gesamte Gesetzgebung, das Verhalten der linksgr\u00fcnen u. vergr\u00fcnten Politiker, die Anbiederung an die Muslime, auch z. B. das Kreuz-Ablegen der Bisch\u00f6fe, die Ramadan-Beleuchtung, die Behandlung von Muslimen mit Glac\u00e9handschuhen, das Herunterspielen, Verleugnen der Kriminalit\u00e4t, und nun kommen die Ermahnungen, nat\u00fcrlich in Form von Handreichungen f\u00fcr Benehmen, die Muslime so zu behandeln, wie sie es von ihren L\u00e4ndern gewohnt sind. Ja, was soll das? Machen wir es doch so: Wandern wir nach S\u00fcdamerika aus, wir als \u201eKartoffeln\u201c Geschm\u00e4hten, und lassen die das Land genauso verw\u00fcsten, wie sie es mit ihren L\u00e4ndern gemacht haben. Die werden das schaffen mit der Masse von Millionen. bfw<br \/>\n.<br \/>\nDie Bild schreibt, was ein Kreuz f\u00fcr eine Wirkung auf solche haben kann: <a href=\"https:\/\/www.bild.de\/regional\/bayern\/muenchen-aktuell\/regensburg-gewaltexzess-wegen-kreuz-an-halskette-87864126.bild.html\">https:\/\/www.bild.de\/regional\/bayern\/muenchen-aktuell\/regensburg-gewaltexzess-wegen-kreuz-an-halskette-87864126.bild.html<\/a><br \/>\n\u201eSechs Mitarbeiter des Sicherheitsdienstes wurden bei dem Vorfall verletzt, drei von ihnen mussten ambulant behandelt werden.\u201c Zudem: \u201eDie Polizei war mit mehreren Streifen im Einsatz, um die Situation zu beruhigen. Mehrere Migranten wurden vorl\u00e4ufig festgenommen und f\u00fcnf Tunesier auf Antrag der Staatsanwaltschaft Regensburg einem Ermittlungsrichter vorgef\u00fchrt. Dieser erlie\u00df f\u00fcnf Untersuchungshaftbefehle.\u201c<br \/>\nDer link im Text f\u00fchrt nach Suhl, wo sich welche mit Eisenstangen traktierten. Kas<br \/>\n.<br \/>\nEs gibt keine Nicht-Muslime, so wie es auch keine Nicht-Igel gibt. Nur der Islam kennt Nicht-Muslime, die hei\u00dfen aber Ungl\u00e4ubige und sind haram. Umso vielsagender die Verst\u00f6\u00dfe, die den Islam als das Normal und das Nicht-Islamische als das Nicht-Normal darstellen. Das ist kein Zufall. G.K.<br \/>\nEnde Kommentare<\/p>\n","protected":false},"excerpt":{"rendered":"<p>Home\u00a0&gt;Global\u00a0&gt;Integration\u00a0&gt;Parallelgesellschaft &gt;Muslime &gt;Nicht-Muslime Listenauswahl eines Beitrags (Artikel\/Datum, Seite\/Inhalt): Klicken oder scrollen Doppelmoral: \u201eJunge Muslime\u201c und \u201eJunge M\u00e4nner\u201c\u00a0(4.1.2026) Ramadan: Islamisierung, die offiziell \u00fcberhaupt nicht stattfindet? (14.4.2024) Islam: dezentral organisierter, aber letztlich einheitlich agierender Gro\u00dforganismus\u00a0(14.4.2023) SZ unterteilt Deutschland in Muslime und Nicht-Muslime &hellip; <a href=\"https:\/\/www.freiburg-schwarzwald.de\/blog\/global\/integration\/muslime\/nicht-muslime\/\">Weiterlesen <span class=\"meta-nav\">&rarr;<\/span><\/a><\/p>\n","protected":false},"author":2,"featured_media":0,"parent":62580,"menu_order":0,"comment_status":"closed","ping_status":"closed","template":"","meta":{"footnotes":""},"class_list":["post-122661","page","type-page","status-publish","hentry"],"_links":{"self":[{"href":"https:\/\/www.freiburg-schwarzwald.de\/blog\/wp-json\/wp\/v2\/pages\/122661","targetHints":{"allow":["GET"]}}],"collection":[{"href":"https:\/\/www.freiburg-schwarzwald.de\/blog\/wp-json\/wp\/v2\/pages"}],"about":[{"href":"https:\/\/www.freiburg-schwarzwald.de\/blog\/wp-json\/wp\/v2\/types\/page"}],"author":[{"embeddable":true,"href":"https:\/\/www.freiburg-schwarzwald.de\/blog\/wp-json\/wp\/v2\/users\/2"}],"replies":[{"embeddable":true,"href":"https:\/\/www.freiburg-schwarzwald.de\/blog\/wp-json\/wp\/v2\/comments?post=122661"}],"version-history":[{"count":5,"href":"https:\/\/www.freiburg-schwarzwald.de\/blog\/wp-json\/wp\/v2\/pages\/122661\/revisions"}],"predecessor-version":[{"id":144519,"href":"https:\/\/www.freiburg-schwarzwald.de\/blog\/wp-json\/wp\/v2\/pages\/122661\/revisions\/144519"}],"up":[{"embeddable":true,"href":"https:\/\/www.freiburg-schwarzwald.de\/blog\/wp-json\/wp\/v2\/pages\/62580"}],"wp:attachment":[{"href":"https:\/\/www.freiburg-schwarzwald.de\/blog\/wp-json\/wp\/v2\/media?parent=122661"}],"curies":[{"name":"wp","href":"https:\/\/api.w.org\/{rel}","templated":true}]}}

<p><a href="https://www.freiburg-schwarzwald.de/blog">Home</a> &gt;<a title="Global" href="https://www.freiburg-schwarzwald.de/blog/global/">Global</a> &gt;<a title="Integration" href="https://www.freiburg-schwarzwald.de/blog/global/integration/">Integration</a> &gt;<a title="Parallelgesellschaft" href="https://www.freiburg-schwarzwald.de/blog/global/integration/parallelgesellschaft/">Parallelgesellschaft</a> &gt;<a href="https://www.freiburg-schwarzwald.de/blog/global/integration/muslime/">Muslime</a> &gt;Nicht-Muslime</p>
<div id="attachment_116453" style="width: 650px" class="wp-caption alignnone"><a href="https://www.freiburg-schwarzwald.de/blog/wp-content/uploads/2023/10/brandenburgertor-islam-pan231021.jpg"><img loading="lazy" decoding="async" aria-describedby="caption-attachment-116453" class="size-full wp-image-116453" src="https://www.freiburg-schwarzwald.de/blog/wp-content/uploads/2023/10/brandenburgertor-islam-pan231021.jpg" alt="" width="640" height="359" srcset="https://www.freiburg-schwarzwald.de/blog/wp-content/uploads/2023/10/brandenburgertor-islam-pan231021.jpg 640w, https://www.freiburg-schwarzwald.de/blog/wp-content/uploads/2023/10/brandenburgertor-islam-pan231021-180x101.jpg 180w" sizes="auto, (max-width: 640px) 100vw, 640px" /></a><p id="caption-attachment-116453" class="wp-caption-text">Betende Muslime am Brandenburger Tor in Berlin am 21.10.2023</p></div>
<ul>
<li><em>Listenauswahl eines Beitrags (Artikel/Datum, Seite/Inhalt): <span style="text-decoration: underline;">Klicken</span> oder scrollen</em></li>
<li><a href="https://www.freiburg-schwarzwald.de/blog/global/deutschland/moral2015/doppelmoral/">Doppelmoral: „Junge Muslime“ und „Junge Männer“</a> (4.1.2026)</li>
<li>Ramadan: Islamisierung, die offiziell überhaupt nicht stattfindet? (14.4.2024)</li>
<li><a href="https://www.freiburg-schwarzwald.de/blog/religion/islam/islam-zunahme/">Islam: dezentral organisierter, aber letztlich einheitlich agierender Großorganismus</a> (14.4.2023)</li>
<li>SZ unterteilt Deutschland in Muslime und Nicht-Muslime (13,4,2024)</li>
</ul>
<ul>
<li><a href="https://www.freiburg-schwarzwald.de/blog/global/israel/antijudaismus/">Antijudaismus</a></li>
<li><a title="Deutschland" href="https://www.freiburg-schwarzwald.de/blog/global/deutschland/">Deutschland</a></li>
<li><a title="Deutschtuerken" href="https://www.freiburg-schwarzwald.de/blog/global/integration/deutschtuerken/">Deutschtürken</a></li>
<li><a title="Fluechtlinge-Sex" href="https://www.freiburg-schwarzwald.de/blog/global/integration/fluechtlinge-sex/">Flüchtlinge-Sex</a></li>
<li><a title="Frauenproteste" href="https://www.freiburg-schwarzwald.de/blog/selbsthilfe/frauen/frauenproteste/">Frauenproteste</a></li>
<li><a href="https://www.freiburg-schwarzwald.de/blog/kultur/dichter/houellebecq/">Houellebecq</a></li>
<li><a title="Integrieren" href="https://www.freiburg-schwarzwald.de/blog/global/integration/integrieren/">Integrieren</a></li>
<li><a title="Islam" href="https://www.freiburg-schwarzwald.de/blog/religion/islam/">Islam</a></li>
<li><a title="Islam-Antisemitismus" href="https://www.freiburg-schwarzwald.de/blog/religion/islam/islam-antisemitismus/">Islam-Antisemitismus</a></li>
<li><a href="https://www.freiburg-schwarzwald.de/blog/religion/islam/islam-zunahme/">islam-Zunahme</a></li>
<li><a title="Migration" href="https://www.freiburg-schwarzwald.de/blog/global/migration/">Migration</a></li>
<li><a title="Moscheen" href="https://www.freiburg-schwarzwald.de/blog/religion/islam/moscheen/">Moscheen</a></li>
<li><a title="Muslime-Anzahl" href="https://www.freiburg-schwarzwald.de/blog/global/integration/muslime/muslime-anzahl/">Muslime-Anzahl</a></li>
<li><a title="Muslime-Liebhaber" href="https://www.freiburg-schwarzwald.de/blog/global/integration/muslime/muslime-liebhaber/">Muslime-Liebhaber</a></li>
<li><a title="Muslime-Mobbing" href="https://www.freiburg-schwarzwald.de/blog/global/integration/muslime/muslime-mobbing/">Muslime-Mobbing</a></li>
<li><a title="Taquia" href="https://www.freiburg-schwarzwald.de/blog/religion/islam/taquia/">Taquia</a></li>
<li><a title="Ueberfremdung" href="https://www.freiburg-schwarzwald.de/blog/global/integration/ueberfremdung/">Überfremdung</a></li>
<li><a title="Wahn" href="https://www.freiburg-schwarzwald.de/blog/selbsthilfe/psyche/wahn/">Wahn</a></li>
</ul>
<p><strong>Ramadan: Islamisierung, die offiziell überhaupt nicht stattfindet?</strong><br />
Wie auch immer: Öffentliche Ramadan-Feten oder Gebete sind allgemein sichtbare Details jener Islamisierung, die offiziell überhaupt nicht stattfindet. Sie sind Machtdemonstrationen, symbolische Landnahmen, wie auch Kopftuch, Schleier und das raumfordende Auftreten junger Moslemmännergruppen in der Öffentlichkeit. Die Markierung von Teilen des öffentlichen Raums als nunmehr muslimisch findet auf sämtlichen Ebenen statt, außer vielleicht in den Opernhäusern, Museen und Weinlokalen. Warum sollte man auch dort beten, wo es keiner mitbekommt?<br />
&#8230;<br />
Wer aber etwas, wovor er angeblich geflohen ist, dort etablieren will, wohin ihn seine angebliche Flucht geführt hat, ist, Annalena halt dich fest, am Ende gar kein Flüchtling, sondern ein … ?<br />
a) Traumatisierter<br />
b) Erbopfer des Kolonialismus<br />
c) engagierter Antirassist<br />
d) identitätspolitisch Erwachter<br />
(Mehrfachnennungen möglich)<br />
,,,, Alles vom 14.4.2024 bitte lesen auf<br />
<a href="https://www.klonovsky.de/2024/04/14-april-2024/">https://www.klonovsky.de/2024/04/14-april-2024/</a></p>
<p>&nbsp;</p>
<p><strong>SZ unterteilt Deutschland in Muslime und Nicht-Muslime</strong><br />
<strong>Linke Medien sorgen wieder für Aufregung</strong><br />
&#8230; In der SZ stellte die – garantiert echte und nicht von der KI erzeugte – Redakteurin Dunja Ramadan die pikante Frage: „Woher kommt die Islam-Ignoranz vieler deutscher Nicht-Muslime?“ Dass dieser Titel womöglich ein wenig zu direkt preisgab, dass man in der Redaktionsstube der – wie nun bekannt gewordenen Stellen abbauenden – SZ schon längst Deutschland in Muslime und Nicht-Muslime unterteilt, begriff man wohl selbst dort, und änderte die Schlagzeile flugs in „Islam und Charme in einem Satz? Unvorstellbar“ um. Damit war das Narrativ der diskriminierten muslimischen Minderheit wieder gesichert. Die ahnungslosen „Nicht-Muslime“ wanderten daraufhin in den Vorspann.</p>
<p><em>Alexander Kissler @DrKissler </em><br />
<em>&#8222;Der Westen&#8220; macht sich um die Integration der Nicht-Muslime verdient.</em><br />
<em>Zuckerfest: Diese peinlichen Fehler sollten Nicht-Muslime unbedingt vermeiden</em><br />
<em>10.4.2024 </em><br />
<em><a href="https://twitter.com/DrKissler/status/1778080441007735098">https://twitter.com/DrKissler/status/1778080441007735098</a></em><br />
..<br />
&#8230; Alles vom 13.4.2024 bitte lesen auf<br />
<a href="https://www.tichyseinblick.de/feuilleton/glosse/linke-medien-nicht-muslime/">https://www.tichyseinblick.de/feuilleton/glosse/linke-medien-nicht-muslime/</a></p>
<p>Einige Kommentare:<br />
Anabel Schunke schreibt dazu ganz richtig:<br />
@ainyrockstar<br />
Es ist keine Ignoranz. Es ist Abneigung.<br />
Und warum sind wir Deutschen jetzt eigentlich „Nicht-Muslime“ und werden über unser Nicht-zu-dieser-Religion-gehören, definiert?<br />
.<br />
Gemäss Koran steht der Begriff ‚Muslim‘ für ‚der Gläubige‘.<br />
Wer aus Sicht des Korans/Islams von ‚Nicht-Muslimen‘ schreibt, meint also ‚Nicht-Gläubige‘ oder direkt ‚Ungläubige. Lik<br />
.<br />
Die gesamte Gesetzgebung, das Verhalten der linksgrünen u. vergrünten Politiker, die Anbiederung an die Muslime, auch z. B. das Kreuz-Ablegen der Bischöfe, die Ramadan-Beleuchtung, die Behandlung von Muslimen mit Glacéhandschuhen, das Herunterspielen, Verleugnen der Kriminalität, und nun kommen die Ermahnungen, natürlich in Form von Handreichungen für Benehmen, die Muslime so zu behandeln, wie sie es von ihren Ländern gewohnt sind. Ja, was soll das? Machen wir es doch so: Wandern wir nach Südamerika aus, wir als „Kartoffeln“ Geschmähten, und lassen die das Land genauso verwüsten, wie sie es mit ihren Ländern gemacht haben. Die werden das schaffen mit der Masse von Millionen. bfw<br />
.<br />
Die Bild schreibt, was ein Kreuz für eine Wirkung auf solche haben kann: <a href="https://www.bild.de/regional/bayern/muenchen-aktuell/regensburg-gewaltexzess-wegen-kreuz-an-halskette-87864126.bild.html">https://www.bild.de/regional/bayern/muenchen-aktuell/regensburg-gewaltexzess-wegen-kreuz-an-halskette-87864126.bild.html</a><br />
„Sechs Mitarbeiter des Sicherheitsdienstes wurden bei dem Vorfall verletzt, drei von ihnen mussten ambulant behandelt werden.“ Zudem: „Die Polizei war mit mehreren Streifen im Einsatz, um die Situation zu beruhigen. Mehrere Migranten wurden vorläufig festgenommen und fünf Tunesier auf Antrag der Staatsanwaltschaft Regensburg einem Ermittlungsrichter vorgeführt. Dieser erließ fünf Untersuchungshaftbefehle.“<br />
Der link im Text führt nach Suhl, wo sich welche mit Eisenstangen traktierten. Kas<br />
.<br />
Es gibt keine Nicht-Muslime, so wie es auch keine Nicht-Igel gibt. Nur der Islam kennt Nicht-Muslime, die heißen aber Ungläubige und sind haram. Umso vielsagender die Verstöße, die den Islam als das Normal und das Nicht-Islamische als das Nicht-Normal darstellen. Das ist kein Zufall. G.K.<br />
Ende Kommentare</p>

<p>Home &gt;Global &gt;Integration &gt;Parallelgesellschaft &gt;Muslime &gt;Nicht-Muslime Listenauswahl eines Beitrags (Artikel/Datum, Seite/Inhalt): Klicken oder scrollen Doppelmoral: „Junge Muslime“ und „Junge Männer“ (4.1.2026) Ramadan: Islamisierung, die offiziell überhaupt nicht stattfindet? (14.4.2024) Islam: dezentral organisierter, aber letztlich einheitlich agierender Großorganismus (14.4.2023) SZ unterteilt Deutschland in Muslime und Nicht-Muslime &hellip; <a href="https://www.freiburg-schwarzwald.de/blog/global/integration/muslime/nicht-muslime/">Weiterlesen <span class="meta-nav">&rarr;</span></a></p>
