{"id":122647,"date":"2024-04-15T14:39:00","date_gmt":"2024-04-15T12:39:00","guid":{"rendered":"https:\/\/www.freiburg-schwarzwald.de\/blog\/?page_id=122647"},"modified":"2024-04-20T20:22:36","modified_gmt":"2024-04-20T18:22:36","slug":"phobie","status":"publish","type":"page","link":"https:\/\/www.freiburg-schwarzwald.de\/blog\/selbsthilfe\/psyche\/phobie\/","title":{"rendered":"Phobie"},"content":{"rendered":"<p><a href=\"https:\/\/www.freiburg-schwarzwald.de\/blog\">Home<\/a>\u00a0&gt;<a title=\"Engagement\" href=\"https:\/\/www.freiburg-schwarzwald.de\/blog\/engagement\/\">Engagement<\/a>\u00a0&gt;<a title=\"Zukunft\" href=\"https:\/\/www.freiburg-schwarzwald.de\/blog\/engagement\/zukunft\/\">Zukunft<\/a>\u00a0&gt;<a title=\"Psyche\" href=\"https:\/\/www.freiburg-schwarzwald.de\/blog\/selbsthilfe\/psyche\/\">Psyche<\/a> &gt;<a href=\"https:\/\/www.freiburg-schwarzwald.de\/blog\/engagement\/zukunft\/angst\/\">Angst<\/a> &gt;Phobie<\/p>\n<div id=\"attachment_116708\" style=\"width: 650px\" class=\"wp-caption alignnone\"><a href=\"https:\/\/www.freiburg-schwarzwald.de\/blog\/wp-content\/uploads\/2023\/10\/unibibliothek-freiburg-letzte-pan231016.jpg\"><img loading=\"lazy\" decoding=\"async\" aria-describedby=\"caption-attachment-116708\" class=\"size-full wp-image-116708\" src=\"https:\/\/www.freiburg-schwarzwald.de\/blog\/wp-content\/uploads\/2023\/10\/unibibliothek-freiburg-letzte-pan231016.jpg\" alt=\"\" width=\"640\" height=\"309\" srcset=\"https:\/\/www.freiburg-schwarzwald.de\/blog\/wp-content\/uploads\/2023\/10\/unibibliothek-freiburg-letzte-pan231016.jpg 640w, https:\/\/www.freiburg-schwarzwald.de\/blog\/wp-content\/uploads\/2023\/10\/unibibliothek-freiburg-letzte-pan231016-180x87.jpg 180w\" sizes=\"auto, (max-width: 640px) 100vw, 640px\" \/><\/a><p id=\"caption-attachment-116708\" class=\"wp-caption-text\">Letzte Generation bespr\u00fcht Unibibliothek Freiburg am 16.10.2023<\/p><\/div>\n<ul>\n<li>Die deutsche phobokratische Republik und ihre Freunde (18.4.2024)<\/li>\n<li>Phobiker, nichts als Phobiker! (13.4.2024)<\/li>\n<li><a href=\"https:\/\/www.freiburg-schwarzwald.de\/blog\/religion\/islam\/islamophobie\/\">Moralkeule \u00abIslamo\u00adphobie\u00bb<\/a> (30.6.2023)<\/li>\n<\/ul>\n<p>&nbsp;<\/p>\n<ul>\n<li><a title=\"Bevormundung\" href=\"https:\/\/www.freiburg-schwarzwald.de\/blog\/engagement\/zukunft\/demokratie\/bevormundung\/\">Bevormundung<\/a><\/li>\n<li><a title=\"Debatte\" href=\"https:\/\/www.freiburg-schwarzwald.de\/blog\/engagement\/zukunft\/demokratie\/debatte\/\">Debatte<\/a><\/li>\n<li><a title=\"Diffamierung\" href=\"https:\/\/www.freiburg-schwarzwald.de\/blog\/kultur\/medien\/diffamierung\/\">Diffamierung<\/a><\/li>\n<li><a title=\"Diskussionskultur\" href=\"https:\/\/www.freiburg-schwarzwald.de\/blog\/kultur\/medien\/diskussionskultur\/\">Diskussionskultur<\/a><\/li>\n<li><a title=\"Fake-News\" href=\"https:\/\/www.freiburg-schwarzwald.de\/blog\/kultur\/medien\/fake-news\/\">Fake-News<\/a><\/li>\n<li><a title=\"Freie-Medien\" href=\"https:\/\/www.freiburg-schwarzwald.de\/blog\/kultur\/medien\/freie-medien\/\">Freie-Medien<\/a><\/li>\n<li><a title=\"Gruen-Links\" href=\"https:\/\/www.freiburg-schwarzwald.de\/blog\/engagement\/zukunft\/demokratie\/gruen-links\/\">Gruen-Links<\/a><\/li>\n<li><a title=\"Haltungsjournalismus\" href=\"https:\/\/www.freiburg-schwarzwald.de\/blog\/kultur\/medien\/journalismus\/haltungsjournalismus\/\">Haltungsjournalismus<\/a><\/li>\n<li><a href=\"https:\/\/www.freiburg-schwarzwald.de\/blog\/religion\/islam\/islamophobie\/\">Islamophobie<\/a><\/li>\n<li><a title=\"Konformismus\" href=\"https:\/\/www.freiburg-schwarzwald.de\/blog\/kultur\/medien\/political-correctness\/konformismus\/\">Konformismus<\/a><\/li>\n<li><a title=\"Medienvielfalt\" href=\"https:\/\/www.freiburg-schwarzwald.de\/blog\/kultur\/medien\/medienvielfalt\/\">Medienvielfalt<\/a><\/li>\n<li><a title=\"Meinungsfreiheit\" href=\"https:\/\/www.freiburg-schwarzwald.de\/blog\/kultur\/medien\/meinungsfreiheit\/\">Meinungsfreiheit<\/a><\/li>\n<li><a href=\"https:\/\/www.freiburg-schwarzwald.de\/blog\/engagement\/zukunft\/demokratie\/tabu\/\">Tabu<\/a><\/li>\n<\/ul>\n<p>&nbsp;<\/p>\n<p><strong>Die deutsche phobokratische Republik und ihre Freunde<\/strong><br \/>\n&#8230;. Schon vor mehreren Jahren, schon vor Corona pr\u00e4gte Peter Sloterdijk den Begriff Phobokratie, also der Herrschaft durch Angsterzeugung. Drohungen mit dem kollektiven Untergang und der individuellen Verdammnis bew\u00e4hrten sich schon in fr\u00fcheren Zeiten als Machtmittel. In der schwarzen P\u00e4dagogik der Herrschenden sah man etwas sp\u00e4ter ein typisches Merkmal voraufkl\u00e4rerischer Zeiten und in denjenigen, die darauf besonders gut reagierten, autorit\u00e4re Charaktere. Zu den bleibenden S\u00e4tzen des insgesamt nicht ganz unproblematischen Theodor W. Adorno geh\u00f6rt der Spruch: \u201eBange machen gilt nicht.\u201c Dass das exakte Gegenteil einmal zur Staatsmaxime der aufkl\u00e4rungsfeindlichsten Bundesrepublik aller Zeiten aufsteigen sollte, ahnte vermutlich weder Adorno noch sein viel sp\u00e4terer Kollege Sloterdijk.<br \/>\nZu einem ganz gro\u00dfen Sprung nach vorn bei der Etablierung der Phobokratie kam es im April 2020, als das Bundesinnenministerium den \u00f6sterreichischen Maoisten Otto K\u00f6lbl beauftragte, an zentralen Teilen eines zun\u00e4chst geheim gehaltenen Papiers (\u201eVS \u2013 nur f\u00fcr den Dienstgebrauch\u201c) zur Verhaltenslenkung in Zeiten des Corona-Virus mitzuarbeiten &#8230; Im Kern des BMI-Papiers (<a href=\"https:\/\/www.freiburg-schwarzwald.de\/blog\/business\/gesund\/corona-virus\/corona-strategiepapier\/\">Corona-Strategiepapiers<\/a>) geht es jedenfalls darum, eine \u201egew\u00fcnschte Schockwirkung\u201c in der Bev\u00f6lkerung zu erzeugen, einen kollektiven Angstzustand, der die B\u00fcrger dazu bringen sollte, Anweisungen von Regierungen und Beh\u00f6rden m\u00f6glichst widerspruchslos hinzunehmen. Die Strategie \u2013 und das soll in diesem Text noch eine gr\u00f6\u00dfere Rolle spielen \u2013 richtete sich vor allem auf Kinder.<br \/>\n\u201eUm die gew\u00fcnschte Schockwirkung zu erzielen\u201c, hie\u00df es in dem Dokument, \u201em\u00fcssen die konkreten Auswirkungen einer Durchseuchung auf die menschliche Gesellschaft verdeutlicht werden: &#8230;<br \/>\n&#8230;<br \/>\nDas moderne Angstmanagement (um es einmal von den klassischen, der Drohung mit dem Fegefeuer zu unterscheiden) entstand nicht beil\u00e4ufig und nicht als Nebenprodukt, sondern als sorgf\u00e4ltig ausgearbeitete, zielgerichtete Methode. Die vermutlich beste Blaupause findet sich in dem Buch \u201eLeading the Public into Emergency Mode\u201c der Psychologin Margaret Klein Salamon aus dem Jahr 2019 <a href=\"https:\/\/www.theclimatemobilization.org\/resources__trashed\/whitepapers\/leading-public-emergency-mode\/\">https:\/\/www.theclimatemobilization.org\/resources__trashed\/whitepapers\/leading-public-emergency-mode\/<\/a>. In \u201eDie \u00d6ffentlichkeit in den Notfallmodus f\u00fchren\u201c beschreibt Klein Salamon, welche Vorteile sich f\u00fcr die Durchsetzung eines Ziels ergeben, wenn es erst einmal gelingt, durch Angsterzeugung <a href=\"https:\/\/www.tichyseinblick.de\/meinungen\/die-psychologie-des-gruenen-erfolgs\/\">https:\/\/www.tichyseinblick.de\/meinungen\/die-psychologie-des-gruenen-erfolgs\/<\/a> einen gesellschaftlichen Ausnahmezustand herzustellen:<br \/>\n\u201eDas Akzeptieren der Klimawahrheit kann nicht nur dein b\u00fcrgerliches und politisches Engagement beeinflussen, sondern auch deine Priorit\u00e4ten, Ziele und dein Identit\u00e4tsgef\u00fchl. \u00dcblicherweise hei\u00dft es in der Argumentation der Klimapolitik, dass \u201aFurcht nicht funktioniert\u2018: Der \u00d6ffentlichkeit die erschreckende Wahrheit zu erkl\u00e4ren, w\u00fcrde nur vor Klimaaktionen abschrecken und die Aufgabe der Klimabewegung best\u00fcnde darin, den Klimawandel als handhabbares Problem mit handhabbaren L\u00f6sungen darzustellen. Aber Verzweiflung, Panik und Angst sind nicht nur die einzigen Antworten auf die Klima-Wahrheit.<br \/>\nDer Notfall-Modus ist der Modus der humanen psychologischen Funktion, der eintritt, wenn Individuen oder Gruppen optimal auf existenzielle oder moralische Notf\u00e4lle reagieren. Dieser Modus des humanen Funktionierens, der sich von dem \u201anormalen\u2018 Funktionieren unterscheidet, ist von einer extremen Konzentration von Aufmerksamkeit und Ressourcen gepr\u00e4gt, um produktiv zusammenzuarbeiten und den Notfall zu l\u00f6sen. Um diesen Weg zu beschreiten, m\u00fcssen die Menschen erkennen, dass sie mit einem Notfall-Problem konfrontiert sind, das Notfall-L\u00f6sungen erfordert.\u201c<br \/>\n&#8230;.<br \/>\nEs gibt tats\u00e4chlich so etwas wie eine Epidemie der Angst. Es handelt sich um die erste Epidemie, die eine bestimmte Gruppe von Politikern, Medienmachern und Stichwortexperten nicht nur nicht bek\u00e4mpft. Sie streuen die Keime, wo sie k\u00f6nnen. Sie bet\u00e4tigen sich als Krankheitsverbreiter, um sich gleichzeitig als Therapeuten anzubieten. Nat\u00fcrlich gegen gutes Honorar, auszahlbar in Gefolgschaft und Geld.<br \/>\n&#8230; Alles vom 18.4.2023 von <a href=\"https:\/\/www.freiburg-schwarzwald.de\/blog\/kultur\/kulturverlust\/verachtung\/\">Alexander Wendt<\/a> bitte lesen auf<br \/>\n<a href=\"https:\/\/www.tichyseinblick.de\/meinungen\/angst-deutschland\/\">https:\/\/www.tichyseinblick.de\/meinungen\/angst-deutschland\/<\/a><\/p>\n<p>&nbsp;<\/p>\n<p><strong>Phobiker, nichts als Phobiker!<\/strong><br \/>\nWer die aktuelle gesellschaftliche Entwicklung kritisiert, wird als Phobiker abgestempelt. So werden Verbotszonen errichtet und die Grenzen des Sagbaren festgesteckt.<br \/>\nZu den aktuellen Techniken der politischen und sozialen \u00c4chtung geh\u00f6rt die <a href=\"https:\/\/www.freiburg-schwarzwald.de\/blog\/kultur\/medien\/diffamierung\/\">Stigmatisierung<\/a> als \u201ephobisch\u201c oder \u201efeindlich\u201c. Wer an der Tatsache festh\u00e4lt, dass es biologisch lediglich zwei Geschlechter gibt, es aber mancherlei sexuelle Orientierungen und Desorientierungen gibt, gilt als \u201etrans\u201c- oder \u201equeerphob\u201c. Wer andere, ihm unbekannte oder fremde Personen nicht als seine Freunde betrachtet und seine Feinde sogar als Feinde erkennt, gilt als \u201exenophob\u201c. Wer Anh\u00e4nger Allahs f\u00fcr leichtgl\u00e4ubig oder bigott h\u00e4lt und die Millionen radikaler Muslime weltweit nicht zu seinen besten Freunden z\u00e4hlt, gilt als \u201eislamophob\u201c.<br \/>\nWer die miserablen Zust\u00e4nde in einigen L\u00e4ndern des S\u00fcdens auch nach vielen Jahrzehnten nicht f\u00fcr das Ergebnis des europ\u00e4ischen Imperialismus h\u00e4lt, gilt als \u201eSp\u00e4tkolonialist\u201c oder \u201eRassist\u201c. Wer nicht alle Fl\u00fcchtlinge dieser Welt im eigenen Land aufzunehmen w\u00fcnscht, gilt gleichfalls als xenophob, rassistisch oder \u201eunmenschlich\u201c. Wer etliche Subjekte, welche zurzeit die Stra\u00dfen, Pl\u00e4tze, B\u00fchnen und Bildschirme bev\u00f6lkern, nicht f\u00fcr die kl\u00fcgsten Exemplare der Tierart Mensch h\u00e4lt, gilt generell als \u201emenschenverachtend\u201c.<\/p>\n<p>Die Diskreditierung benutzt stets dieselbe Methode: Sie stigmatisiert denjenigen, der nicht der eigenen Meinung oder Gesinnung folgt, als psychisch, moralisch oder politisch krank. Er ist ein Extremist, ein Faschist, ein Nazi (was im \u00dcbrigen nicht dasselbe ist), jedenfalls ein Feind der Demokratie. Nur wer der eigenen Gesinnung entspricht \u2013 und die eigene Partei w\u00e4hlt, ist ein wahrer Demokrat. Alle anderen sind es nicht. Sie geh\u00f6ren beobachtet, notiert, ge\u00e4chtet, eingesperrt.<br \/>\n&#8230; Alles vom 13.4.2024 von Wolfgang Sofsky bitte lesen auf<br \/>\n<a href=\"https:\/\/www.achgut.com\/artikel\/diffamierungs_zauberwort_phobiker_ueberall_\">https:\/\/www.achgut.com\/artikel\/diffamierungs_zauberwort_phobiker_ueberall_<\/a><br \/>\n.<br \/>\nKommentare:<br \/>\nIch habe eine schwere Ampelphobie, die sich innerhalb der letzten zweieinhalb Jahre immer st\u00e4rker auspr\u00e4gte. Ich habe mich erkundigt, es gibt nur die Behandlungsformen \u201causwandern\u201d und \u201cneue Regierung\u201d. Ich hoffe sehr, ich muss nicht auswandern, aber die Symptome, sie sind schon l\u00e4nger unertr\u00e4glich. K.A.<br \/>\n.<br \/>\nHaben sie jetzt ein neues Wort vereinnahmt? Die Eroberung der Sprache schreitet fort. Aber das liegt alles daran, dass sie das Volk nicht ernst nehmen, vom Volk wenig halten, meinen ohne Anleitung k\u00f6nne dieses gar nicht denken, gar nichts wollen, nur das Falsche wollen. Deshalb versuchen sie, die Sprache zu okkupieren. Zum Beispiel, dass man bei dem Wort Phobie an Rechte denkt. B\u00f6se Rechte. Gender-Phobie, Trans-Phobie, Friedensphobie usw. Dabei sind sie es selber, die den Hass sch\u00fcren, sind sie es selber, die hassen. Wer hat gesungen : Wir durchbrechen den Hass-Schirm? Jedenfalls keiner von ihnen. W.A.<br \/>\nEnde Kommentare<\/p>\n<p>&nbsp;<\/p>\n","protected":false},"excerpt":{"rendered":"<p>Home\u00a0&gt;Engagement\u00a0&gt;Zukunft\u00a0&gt;Psyche &gt;Angst &gt;Phobie Die deutsche phobokratische Republik und ihre Freunde (18.4.2024) Phobiker, nichts als Phobiker! (13.4.2024) Moralkeule \u00abIslamo\u00adphobie\u00bb (30.6.2023) &nbsp; Bevormundung Debatte Diffamierung Diskussionskultur Fake-News Freie-Medien Gruen-Links Haltungsjournalismus Islamophobie Konformismus Medienvielfalt Meinungsfreiheit Tabu &nbsp; Die deutsche phobokratische Republik und ihre &hellip; <a href=\"https:\/\/www.freiburg-schwarzwald.de\/blog\/selbsthilfe\/psyche\/phobie\/\">Weiterlesen <span class=\"meta-nav\">&rarr;<\/span><\/a><\/p>\n","protected":false},"author":2,"featured_media":0,"parent":1146,"menu_order":0,"comment_status":"closed","ping_status":"closed","template":"","meta":{"footnotes":""},"class_list":["post-122647","page","type-page","status-publish","hentry"],"_links":{"self":[{"href":"https:\/\/www.freiburg-schwarzwald.de\/blog\/wp-json\/wp\/v2\/pages\/122647","targetHints":{"allow":["GET"]}}],"collection":[{"href":"https:\/\/www.freiburg-schwarzwald.de\/blog\/wp-json\/wp\/v2\/pages"}],"about":[{"href":"https:\/\/www.freiburg-schwarzwald.de\/blog\/wp-json\/wp\/v2\/types\/page"}],"author":[{"embeddable":true,"href":"https:\/\/www.freiburg-schwarzwald.de\/blog\/wp-json\/wp\/v2\/users\/2"}],"replies":[{"embeddable":true,"href":"https:\/\/www.freiburg-schwarzwald.de\/blog\/wp-json\/wp\/v2\/comments?post=122647"}],"version-history":[{"count":5,"href":"https:\/\/www.freiburg-schwarzwald.de\/blog\/wp-json\/wp\/v2\/pages\/122647\/revisions"}],"predecessor-version":[{"id":122856,"href":"https:\/\/www.freiburg-schwarzwald.de\/blog\/wp-json\/wp\/v2\/pages\/122647\/revisions\/122856"}],"up":[{"embeddable":true,"href":"https:\/\/www.freiburg-schwarzwald.de\/blog\/wp-json\/wp\/v2\/pages\/1146"}],"wp:attachment":[{"href":"https:\/\/www.freiburg-schwarzwald.de\/blog\/wp-json\/wp\/v2\/media?parent=122647"}],"curies":[{"name":"wp","href":"https:\/\/api.w.org\/{rel}","templated":true}]}}