{"id":121288,"date":"2024-03-02T21:26:33","date_gmt":"2024-03-02T20:26:33","guid":{"rendered":"https:\/\/www.freiburg-schwarzwald.de\/blog\/?page_id=121288"},"modified":"2024-03-02T21:39:31","modified_gmt":"2024-03-02T20:39:31","slug":"prole-drift","status":"publish","type":"page","link":"https:\/\/www.freiburg-schwarzwald.de\/blog\/kultur\/kulturverlust\/prole-drift\/","title":{"rendered":"Prole-Drift"},"content":{"rendered":"<p><a href=\"https:\/\/www.freiburg-schwarzwald.de\/blog\">Home<\/a>\u00a0&gt;<a title=\"Kultur\" href=\"https:\/\/www.freiburg-schwarzwald.de\/blog\/kultur\/\">Kultur<\/a>\u00a0&gt;<a href=\"https:\/\/www.freiburg-schwarzwald.de\/blog\/kultur\/leitkultur\/\">Leitkultur<\/a>\u00a0&gt;<a href=\"https:\/\/www.freiburg-schwarzwald.de\/blog\/global\/migration\/migration2021\/\">Migration<\/a> &gt;<a href=\"https:\/\/www.freiburg-schwarzwald.de\/blog\/kultur\/kulturkampf\/\">Kulturkampf<\/a> &gt;<a href=\"https:\/\/www.freiburg-schwarzwald.de\/blog\/kultur\/kulturverlust\/\">Kulturverlust<\/a> &gt;Prole-Drift<\/p>\n<div id=\"attachment_121291\" style=\"width: 650px\" class=\"wp-caption alignnone\"><a href=\"https:\/\/www.freiburg-schwarzwald.de\/blog\/wp-content\/uploads\/2024\/03\/jerusalem-bu-klagemauer-pan131030.jpg\"><img loading=\"lazy\" decoding=\"async\" aria-describedby=\"caption-attachment-121291\" class=\"size-full wp-image-121291\" src=\"https:\/\/www.freiburg-schwarzwald.de\/blog\/wp-content\/uploads\/2024\/03\/jerusalem-bu-klagemauer-pan131030.jpg\" alt=\"\" width=\"640\" height=\"317\" srcset=\"https:\/\/www.freiburg-schwarzwald.de\/blog\/wp-content\/uploads\/2024\/03\/jerusalem-bu-klagemauer-pan131030.jpg 640w, https:\/\/www.freiburg-schwarzwald.de\/blog\/wp-content\/uploads\/2024\/03\/jerusalem-bu-klagemauer-pan131030-180x89.jpg 180w\" sizes=\"auto, (max-width: 640px) 100vw, 640px\" \/><\/a><p id=\"caption-attachment-121291\" class=\"wp-caption-text\">Jerusalem mit der Klagemauer und der Al-Aksa-Moschee am 13.10.2023<\/p><\/div>\n<ul>\n<li><a href=\"https:\/\/www.freiburg-schwarzwald.de\/blog\/global\/deutschland\/sieferle\/\">Sieferle: Prole drift \u2013 Ausbreitung von der Stille hin zum L\u00e4rm<\/a> (1.3.2023)<\/li>\n<li>Prole drift: Die Unterschichtskultur breitet sich aus (19.7.2023)<\/li>\n<\/ul>\n<p>&nbsp;<\/p>\n<p><strong>Prole drift: Die Unterschichtskultur breitet sich aus<\/strong><br \/>\nGibt es eine \u201eprole drift\u201d, also ein allm\u00e4hliche Ausbreitung der Unterschichtskultur in die \u201ebessere\u201d und letztlich die gesamte Gesellschaft? Ein Leser moniert eine Acta-Notiz dazu (vom 19. Juli 2023) mit so k\u00f6stlich anma\u00dfenden Worten, dass eine Replik angezeigt scheint. Mein Eintrag war recht kurz, ich r\u00fccke ihn hier noch mal ein:<\/p>\n<p>\u201eDie Sonne bringt es an den Tag. Der deutsche Mensch von ungef\u00e4hr f\u00fcnfundvierzig Jahren abw\u00e4rts ist inzwischen vor allem eins: t\u00e4towiert. Insbesondere in Berlin registriere ich scharenweise T\u00e4towierte beiderlei Geschlechts, bei denen wenig Hautfl\u00e4che mehr frei ist, darunter solche, die nur ein hartgesottener Sexist wie ich noch als weiblich zu lesen vermag \u2013 das Schamgef\u00fchl verwehrt mir, die Bilder genauer zu betrachten. Unl\u00e4ngst lief mir dort eine junge, \u00fcppige Maid entgegen, bei der ich w\u00e4hnte, sie tr\u00fcge blaue Leggins, bis sich aus der N\u00e4he herausstellte, dass die Stampferchen durchg\u00e4ngig blaugestochen waren. Und immer fr\u00fcher fangen sie damit an, sich irgendein existentielles Zwischenfazit stechen zu lassen! Wenn ich mir \u00fcberlege, ich h\u00e4tte das, was mir mit neunzehn, zwanzig Jahren im Kopf herumging, auf meiner Haut verewigt, wird mir ganz bl\u00fcmerant zumute.<\/p>\n<p>Aber damals war es gottlob noch kein Trend. In meiner Teenagerzeit galten die blauen Stigmata als Erkennungsmerkmal von M\u00e4nnern, die im Knast gesessen hatten (Frauen trugen so etwas nicht, jedenfalls nicht an allgemein sichtbaren Stellen). Seeleute und Ethnien mit Tattoo-Tradition gab es in der \u201aEhemaligen\u2019 ja kaum bzw. gar nicht. Aber alle bedeutenden Schl\u00e4ger, die ich kannte, waren t\u00e4towiert. Man las diese Bemalungen also wie Warnsignale. Sie blieben auf spezielle Milieus beschr\u00e4nkt, zwischenzeitlich hatte ich ihrer nicht mehr geachtet, und nun, drei\u00dfig Jahre sp\u00e4ter, wimmelt die kollektive deutsche Epidermis nur so von Tattoos. Warum?<\/p>\n<p>Eine praktische Erkl\u00e4rung lieferte ein Freund, der sagte: Erst habe der Sport im Allgemeinen und der Body-Building-Trend im Besonderen die K\u00f6rper geformt, danach habe man sich die Haare vom trainierten K\u00f6rper rasiert und pl\u00f6tzlich entdeckt, dass die freigelegte Leinwand einer Bemalung bed\u00fcrfe. Jetzt seien eben die Maler am Werk. Aber das sind nur Sekund\u00e4rph\u00e4nomene. Prim\u00e4r markieren die Bemalungen einen Paradigmenwechsel. T\u00e4towieren ist eigentlich ein Brauch der Unterschichten. Wir erleben seit Jahren eine Umkehrung des kulturellen Einflusses; statt dass die oberen Klassen oder Schichten mit ihren Sitten die unteren beeinflussen, \u00fcbernehmen sie deren Gepflogenheiten und halten das f\u00fcr \u201aauthentisch\u2019. Es ist ein Kulturverfallssymptom sui generis: Oben und unten werden habituell ununterscheidbar. Die Luxusvorstellungen eines Firmenchefs oder Politikers \u00e4hneln inzwischen denen eines Gangsta-Rappers. \u00dcber die gesamte westliche Welt ist die Kultur der Unterschicht hereingebrochen.<\/p>\n<p>Dieser Prozess ist eine logische Folge des 1968er Destruktionstheaters; die Befreiung des Menschen von den \u201ab\u00fcrgerlichen Zw\u00e4ngen\u2019 lief naturgem\u00e4\u00df darauf hinaus, dass er seinen animalischen Trieben mehr Auslauf verschaffen durfte. Am signifikantesten verk\u00f6rperten die sogenannte sexuelle Revolution, der explodierende Drogenkonsum und die Rockmusik den neuen Trend. Der amerikanische Kulturhistoriker Paul Fussell hat daf\u00fcr den Begriff prole drift gepr\u00e4gt. Die Umkehrung der kulturpr\u00e4genden Flie\u00dfrichtung von unten nach oben sei in traditionellen Zivilisationen unvorstellbar gewesen.<\/p>\n<p>Zur prole drift geh\u00f6rt auch die Schleifung der Umgangsformen, wovon heute vornehmlich die allgegenw\u00e4rtige Duzerei zeugt; die Reste der aus der aristokratischen Kultur gewachsenen b\u00fcrgerlichen wandern derweil ins Museum. Oper, klassisches Konzert, Hausmusik, Salon, Tischsitten, Konventionen, Konversation, Bildungskanon, all das sind nur noch von distinkten K\u00e4uzen gepflegte \u00dcberbleibsel einer verschwindenden Epoche. Wer einen Prozess namens prole drift \u00fcberhaupt bemerkt, geh\u00f6rt schon zur Minderheit solcher K\u00e4uze.<br \/>\nDas Ph\u00e4nomen prole drift manifestiert sich auch in der Vorliebe f\u00fcr Massenveranstaltungen, Massenpartys, Massentourismus, Massenstr\u00e4nde, Massenskipisten, \u00fcberhaupt alles Massenhafte; Boxk\u00e4mpfe, Fu\u00dfballspiele, \u00fcberhaupt Sportereignisse als der zentrale Kult unserer Zeit z\u00e4hlen ebenfalls dazu. Wer das Publikum dieser Massenveranstaltungen betrachtet, wird bei dessen Kleidung einen Wandel ins Funktionale, Praktische, Stillose, Bequeme, Beliebige, aber in ihrer Beliebigkeit entsetzlich Uniforme feststellen. Womit wir wieder bei den T\u00e4towierungen w\u00e4ren.\u201d<br \/>\n&#8230; Alles vom 1.3.2024 bitte lesen auf<br \/>\n<a href=\"https:\/\/www.klonovsky.de\/2024\/03\/ein-leserbrief-zur-prole-drift\/\">https:\/\/www.klonovsky.de\/2024\/03\/ein-leserbrief-zur-prole-drift\/<\/a><\/p>\n<p>&nbsp;<\/p>\n","protected":false},"excerpt":{"rendered":"<p>Home\u00a0&gt;Kultur\u00a0&gt;Leitkultur\u00a0&gt;Migration &gt;Kulturkampf &gt;Kulturverlust &gt;Prole-Drift Sieferle: Prole drift \u2013 Ausbreitung von der Stille hin zum L\u00e4rm (1.3.2023) Prole drift: Die Unterschichtskultur breitet sich aus (19.7.2023) &nbsp; Prole drift: Die Unterschichtskultur breitet sich aus Gibt es eine \u201eprole drift\u201d, also ein allm\u00e4hliche &hellip; <a href=\"https:\/\/www.freiburg-schwarzwald.de\/blog\/kultur\/kulturverlust\/prole-drift\/\">Weiterlesen <span class=\"meta-nav\">&rarr;<\/span><\/a><\/p>\n","protected":false},"author":2,"featured_media":0,"parent":81438,"menu_order":0,"comment_status":"closed","ping_status":"closed","template":"","meta":{"footnotes":""},"class_list":["post-121288","page","type-page","status-publish","hentry"],"_links":{"self":[{"href":"https:\/\/www.freiburg-schwarzwald.de\/blog\/wp-json\/wp\/v2\/pages\/121288","targetHints":{"allow":["GET"]}}],"collection":[{"href":"https:\/\/www.freiburg-schwarzwald.de\/blog\/wp-json\/wp\/v2\/pages"}],"about":[{"href":"https:\/\/www.freiburg-schwarzwald.de\/blog\/wp-json\/wp\/v2\/types\/page"}],"author":[{"embeddable":true,"href":"https:\/\/www.freiburg-schwarzwald.de\/blog\/wp-json\/wp\/v2\/users\/2"}],"replies":[{"embeddable":true,"href":"https:\/\/www.freiburg-schwarzwald.de\/blog\/wp-json\/wp\/v2\/comments?post=121288"}],"version-history":[{"count":5,"href":"https:\/\/www.freiburg-schwarzwald.de\/blog\/wp-json\/wp\/v2\/pages\/121288\/revisions"}],"predecessor-version":[{"id":121300,"href":"https:\/\/www.freiburg-schwarzwald.de\/blog\/wp-json\/wp\/v2\/pages\/121288\/revisions\/121300"}],"up":[{"embeddable":true,"href":"https:\/\/www.freiburg-schwarzwald.de\/blog\/wp-json\/wp\/v2\/pages\/81438"}],"wp:attachment":[{"href":"https:\/\/www.freiburg-schwarzwald.de\/blog\/wp-json\/wp\/v2\/media?parent=121288"}],"curies":[{"name":"wp","href":"https:\/\/api.w.org\/{rel}","templated":true}]}}

<p><a href="https://www.freiburg-schwarzwald.de/blog">Home</a> &gt;<a title="Kultur" href="https://www.freiburg-schwarzwald.de/blog/kultur/">Kultur</a> &gt;<a href="https://www.freiburg-schwarzwald.de/blog/kultur/leitkultur/">Leitkultur</a> &gt;<a href="https://www.freiburg-schwarzwald.de/blog/global/migration/migration2021/">Migration</a> &gt;<a href="https://www.freiburg-schwarzwald.de/blog/kultur/kulturkampf/">Kulturkampf</a> &gt;<a href="https://www.freiburg-schwarzwald.de/blog/kultur/kulturverlust/">Kulturverlust</a> &gt;Prole-Drift</p>
<div id="attachment_121291" style="width: 650px" class="wp-caption alignnone"><a href="https://www.freiburg-schwarzwald.de/blog/wp-content/uploads/2024/03/jerusalem-bu-klagemauer-pan131030.jpg"><img loading="lazy" decoding="async" aria-describedby="caption-attachment-121291" class="size-full wp-image-121291" src="https://www.freiburg-schwarzwald.de/blog/wp-content/uploads/2024/03/jerusalem-bu-klagemauer-pan131030.jpg" alt="" width="640" height="317" srcset="https://www.freiburg-schwarzwald.de/blog/wp-content/uploads/2024/03/jerusalem-bu-klagemauer-pan131030.jpg 640w, https://www.freiburg-schwarzwald.de/blog/wp-content/uploads/2024/03/jerusalem-bu-klagemauer-pan131030-180x89.jpg 180w" sizes="auto, (max-width: 640px) 100vw, 640px" /></a><p id="caption-attachment-121291" class="wp-caption-text">Jerusalem mit der Klagemauer und der Al-Aksa-Moschee am 13.10.2023</p></div>
<ul>
<li><a href="https://www.freiburg-schwarzwald.de/blog/global/deutschland/sieferle/">Sieferle: Prole drift – Ausbreitung von der Stille hin zum Lärm</a> (1.3.2023)</li>
<li>Prole drift: Die Unterschichtskultur breitet sich aus (19.7.2023)</li>
</ul>
<p>&nbsp;</p>
<p><strong>Prole drift: Die Unterschichtskultur breitet sich aus</strong><br />
Gibt es eine „prole drift”, also ein allmähliche Ausbreitung der Unterschichtskultur in die „bessere” und letztlich die gesamte Gesellschaft? Ein Leser moniert eine Acta-Notiz dazu (vom 19. Juli 2023) mit so köstlich anmaßenden Worten, dass eine Replik angezeigt scheint. Mein Eintrag war recht kurz, ich rücke ihn hier noch mal ein:</p>
<p>„Die Sonne bringt es an den Tag. Der deutsche Mensch von ungefähr fünfundvierzig Jahren abwärts ist inzwischen vor allem eins: tätowiert. Insbesondere in Berlin registriere ich scharenweise Tätowierte beiderlei Geschlechts, bei denen wenig Hautfläche mehr frei ist, darunter solche, die nur ein hartgesottener Sexist wie ich noch als weiblich zu lesen vermag – das Schamgefühl verwehrt mir, die Bilder genauer zu betrachten. Unlängst lief mir dort eine junge, üppige Maid entgegen, bei der ich wähnte, sie trüge blaue Leggins, bis sich aus der Nähe herausstellte, dass die Stampferchen durchgängig blaugestochen waren. Und immer früher fangen sie damit an, sich irgendein existentielles Zwischenfazit stechen zu lassen! Wenn ich mir überlege, ich hätte das, was mir mit neunzehn, zwanzig Jahren im Kopf herumging, auf meiner Haut verewigt, wird mir ganz blümerant zumute.</p>
<p>Aber damals war es gottlob noch kein Trend. In meiner Teenagerzeit galten die blauen Stigmata als Erkennungsmerkmal von Männern, die im Knast gesessen hatten (Frauen trugen so etwas nicht, jedenfalls nicht an allgemein sichtbaren Stellen). Seeleute und Ethnien mit Tattoo-Tradition gab es in der ‚Ehemaligen’ ja kaum bzw. gar nicht. Aber alle bedeutenden Schläger, die ich kannte, waren tätowiert. Man las diese Bemalungen also wie Warnsignale. Sie blieben auf spezielle Milieus beschränkt, zwischenzeitlich hatte ich ihrer nicht mehr geachtet, und nun, dreißig Jahre später, wimmelt die kollektive deutsche Epidermis nur so von Tattoos. Warum?</p>
<p>Eine praktische Erklärung lieferte ein Freund, der sagte: Erst habe der Sport im Allgemeinen und der Body-Building-Trend im Besonderen die Körper geformt, danach habe man sich die Haare vom trainierten Körper rasiert und plötzlich entdeckt, dass die freigelegte Leinwand einer Bemalung bedürfe. Jetzt seien eben die Maler am Werk. Aber das sind nur Sekundärphänomene. Primär markieren die Bemalungen einen Paradigmenwechsel. Tätowieren ist eigentlich ein Brauch der Unterschichten. Wir erleben seit Jahren eine Umkehrung des kulturellen Einflusses; statt dass die oberen Klassen oder Schichten mit ihren Sitten die unteren beeinflussen, übernehmen sie deren Gepflogenheiten und halten das für ‚authentisch’. Es ist ein Kulturverfallssymptom sui generis: Oben und unten werden habituell ununterscheidbar. Die Luxusvorstellungen eines Firmenchefs oder Politikers ähneln inzwischen denen eines Gangsta-Rappers. Über die gesamte westliche Welt ist die Kultur der Unterschicht hereingebrochen.</p>
<p>Dieser Prozess ist eine logische Folge des 1968er Destruktionstheaters; die Befreiung des Menschen von den ‚bürgerlichen Zwängen’ lief naturgemäß darauf hinaus, dass er seinen animalischen Trieben mehr Auslauf verschaffen durfte. Am signifikantesten verkörperten die sogenannte sexuelle Revolution, der explodierende Drogenkonsum und die Rockmusik den neuen Trend. Der amerikanische Kulturhistoriker Paul Fussell hat dafür den Begriff prole drift geprägt. Die Umkehrung der kulturprägenden Fließrichtung von unten nach oben sei in traditionellen Zivilisationen unvorstellbar gewesen.</p>
<p>Zur prole drift gehört auch die Schleifung der Umgangsformen, wovon heute vornehmlich die allgegenwärtige Duzerei zeugt; die Reste der aus der aristokratischen Kultur gewachsenen bürgerlichen wandern derweil ins Museum. Oper, klassisches Konzert, Hausmusik, Salon, Tischsitten, Konventionen, Konversation, Bildungskanon, all das sind nur noch von distinkten Käuzen gepflegte Überbleibsel einer verschwindenden Epoche. Wer einen Prozess namens prole drift überhaupt bemerkt, gehört schon zur Minderheit solcher Käuze.<br />
Das Phänomen prole drift manifestiert sich auch in der Vorliebe für Massenveranstaltungen, Massenpartys, Massentourismus, Massenstrände, Massenskipisten, überhaupt alles Massenhafte; Boxkämpfe, Fußballspiele, überhaupt Sportereignisse als der zentrale Kult unserer Zeit zählen ebenfalls dazu. Wer das Publikum dieser Massenveranstaltungen betrachtet, wird bei dessen Kleidung einen Wandel ins Funktionale, Praktische, Stillose, Bequeme, Beliebige, aber in ihrer Beliebigkeit entsetzlich Uniforme feststellen. Womit wir wieder bei den Tätowierungen wären.”<br />
&#8230; Alles vom 1.3.2024 bitte lesen auf<br />
<a href="https://www.klonovsky.de/2024/03/ein-leserbrief-zur-prole-drift/">https://www.klonovsky.de/2024/03/ein-leserbrief-zur-prole-drift/</a></p>
<p>&nbsp;</p>

<p>Home &gt;Kultur &gt;Leitkultur &gt;Migration &gt;Kulturkampf &gt;Kulturverlust &gt;Prole-Drift Sieferle: Prole drift – Ausbreitung von der Stille hin zum Lärm (1.3.2023) Prole drift: Die Unterschichtskultur breitet sich aus (19.7.2023) &nbsp; Prole drift: Die Unterschichtskultur breitet sich aus Gibt es eine „prole drift”, also ein allmähliche &hellip; <a href="https://www.freiburg-schwarzwald.de/blog/kultur/kulturverlust/prole-drift/">Weiterlesen <span class="meta-nav">&rarr;</span></a></p>
