{"id":120785,"date":"2024-02-18T12:52:53","date_gmt":"2024-02-18T11:52:53","guid":{"rendered":"https:\/\/www.freiburg-schwarzwald.de\/blog\/?page_id=120785"},"modified":"2026-03-31T11:46:34","modified_gmt":"2026-03-31T09:46:34","slug":"diskussion","status":"publish","type":"page","link":"https:\/\/www.freiburg-schwarzwald.de\/blog\/kultur\/medien\/diskussionskultur\/diskussion\/","title":{"rendered":"Diskussion"},"content":{"rendered":"<p><a href=\"https:\/\/www.freiburg-schwarzwald.de\/blog\">Home<\/a>\u00a0&gt;<a title=\"Kultur\" href=\"https:\/\/www.freiburg-schwarzwald.de\/blog\/kultur\/\">Kultur<\/a>\u00a0&gt;<a title=\"Medien\" href=\"https:\/\/www.freiburg-schwarzwald.de\/blog\/kultur\/medien\/\">Medien<\/a>\u00a0&gt;<a href=\"https:\/\/www.freiburg-schwarzwald.de\/blog\/engagement\/zukunft\/demokratie\/debatte\/\">Debatte<\/a> &gt;<a href=\"https:\/\/www.freiburg-schwarzwald.de\/blog\/kultur\/medien\/meinungsfreiheit\/\">Meinungsfreiheit<\/a> &gt;<a href=\"https:\/\/www.freiburg-schwarzwald.de\/blog\/kultur\/medien\/diskussionskultur\/\">Diskussionskultur<\/a> &gt;Diskussion<\/p>\n<div id=\"attachment_120162\" style=\"width: 650px\" class=\"wp-caption alignnone\"><a href=\"https:\/\/www.freiburg-schwarzwald.de\/blog\/wp-content\/uploads\/2024\/01\/demo-gegen-rechts-pan240127.jpg\"><img loading=\"lazy\" decoding=\"async\" aria-describedby=\"caption-attachment-120162\" class=\"size-full wp-image-120162\" src=\"https:\/\/www.freiburg-schwarzwald.de\/blog\/wp-content\/uploads\/2024\/01\/demo-gegen-rechts-pan240127.jpg\" alt=\"\" width=\"640\" height=\"383\" srcset=\"https:\/\/www.freiburg-schwarzwald.de\/blog\/wp-content\/uploads\/2024\/01\/demo-gegen-rechts-pan240127.jpg 640w, https:\/\/www.freiburg-schwarzwald.de\/blog\/wp-content\/uploads\/2024\/01\/demo-gegen-rechts-pan240127-180x108.jpg 180w\" sizes=\"auto, (max-width: 640px) 100vw, 640px\" \/><\/a><p id=\"caption-attachment-120162\" class=\"wp-caption-text\">Demo gegen rechts 27.1.2024: &#8222;Demokratie braucht keine Alternative&#8220; f\u00fchrt zum Totalitarismus<\/p><\/div>\n<ul>\n<li><em>Listenauswahl eines Beitrags: Bitte anklicken oder runterscrollen<\/em><\/li>\n<li><a href=\"https:\/\/www.freiburg-schwarzwald.de\/blog\/engagement\/zukunft\/krieg\/bundeswehr\/bundeswehr-jugend\/\">Nur Pro-Wehrdienst-Meinung erlaubt \u2013 Schule wirft Major a.D. und Friedensaktivisten vom Podium<\/a>\u00a0(30.3.2026)<\/li>\n<li><a href=\"https:\/\/www.freiburg-schwarzwald.de\/blog\/selbsthilfe\/krise\/gewalt\/linke-gewalt\/giessen29nov2025linkegewalt\/\">Linkes Schutzgeld: Vom Ende der Diskussion<\/a>\u00a0(2.12.2025)<\/li>\n<li><a href=\"https:\/\/www.freiburg-schwarzwald.de\/blog\/diskussionskultur-guerot-hoecke\/\">Diskussionskultur: Gu\u00e9rot und H\u00f6cke<\/a> (15.7.2025)<\/li>\n<li>Eine Gemeinde in Sachsen-Anhalt gegen die Brandmauer: \u201eWarum kann nicht jeder eine eigene Meinung haben?\u201c (23.3.2025)<\/li>\n<li><a href=\"https:\/\/www.freiburg-schwarzwald.de\/blog\/familienkrach-und-politik\/\">Familienkrach und Politik<\/a>\u00a0(26.12.2024)<\/li>\n<li><a href=\"https:\/\/www.freiburg-schwarzwald.de\/blog\/grundgesetz-und-widersprueche\/\">Grundgesetz und Widerspr\u00fcche<\/a>\u00a0(30.6.2024)<\/li>\n<li><a href=\"https:\/\/www.freiburg-schwarzwald.de\/blog\/kultur\/medien\/hass\/hetze\/\">GEW-Funktion\u00e4r: AfDler tr\u00e4umen von \u201eVergasung missliebiger Menschen\u201c<\/a>\u00a0(29.3.2024)<\/li>\n<li><a href=\"https:\/\/www.freiburg-schwarzwald.de\/blog\/unsere-diskussionskultur-zurueck\/\">Wir wollen unsere Diskussionskultur zur\u00fcck<\/a>\u00a0(28.2.2024)<\/li>\n<li><a href=\"https:\/\/www.freiburg-schwarzwald.de\/blog\/kultur\/medien\/kritik\/\">Konstruktive Kritik wandelt sich zu digitalen Ressentiments<\/a>\u00a0(21.2.2024)<\/li>\n<li>Diskussion mit der einen und der anderen Seite\u00a0 (18.2.2024)<\/li>\n<li><a href=\"https:\/\/www.freiburg-schwarzwald.de\/blog\/kultur\/medien\/political-correctness\/konformismus\/\">Konformismus: Warum sind viele nicht offen f\u00fcr rationale Argumentation?<\/a>\u00a0(17.2.2024)<\/li>\n<li><\/li>\n<li><a href=\"https:\/\/www.freiburg-schwarzwald.de\/blog\/kultur\/medien\/alternative-medien\/\">Alternative Medien<\/a><\/li>\n<li><a title=\"Bevormundung\" href=\"https:\/\/www.freiburg-schwarzwald.de\/blog\/engagement\/zukunft\/demokratie\/bevormundung\/\">Bevormundung<\/a><\/li>\n<\/ul>\n<ul>\n<li><a title=\"Buerger\" href=\"https:\/\/www.freiburg-schwarzwald.de\/blog\/engagement\/buerger\/\">Buerger<\/a><\/li>\n<li><a title=\"Dagegen\" href=\"https:\/\/www.freiburg-schwarzwald.de\/blog\/engagement\/dagegen\/\">Dagegen-Sein<\/a><\/li>\n<li><a href=\"https:\/\/www.freiburg-schwarzwald.de\/blog\/kultur\/medien\/diskussionskultur\/diskussionskultur2023\/\">Diskussionskultur2023<\/a><\/li>\n<li><a href=\"https:\/\/www.freiburg-schwarzwald.de\/blog\/kultur\/medien\/meinungsfreiheit\/eigene-meinung\/\">Eigene-Meinung<\/a><\/li>\n<li><a title=\"Einsch\u00fcchterung\" href=\"https:\/\/www.freiburg-schwarzwald.de\/blog\/kultur\/medien\/einschuechterung\/\">Einsch\u00fcchterung<\/a><\/li>\n<li><a title=\"Debatte\" href=\"https:\/\/www.freiburg-schwarzwald.de\/blog\/engagement\/zukunft\/demokratie\/debatte\/\">Debatte<\/a><\/li>\n<li><a title=\"Denunziation\" href=\"https:\/\/www.freiburg-schwarzwald.de\/blog\/engagement\/zukunft\/demokratie\/denunziation\/\">Denunziation<\/a><\/li>\n<li><a title=\"Deutschland2020\" href=\"https:\/\/www.freiburg-schwarzwald.de\/blog\/global\/deutschland\/deutschland2020\/\">Deutschland2020<\/a><\/li>\n<li><a title=\"Diffamierung\" href=\"https:\/\/www.freiburg-schwarzwald.de\/blog\/kultur\/medien\/diffamierung\/\">Diffamierung<\/a><\/li>\n<li><a href=\"https:\/\/www.freiburg-schwarzwald.de\/blog\/kultur\/medien\/diskussionskultur\/diskussion\/\">Diskussion<\/a><\/li>\n<li><a title=\"Diskursverweigerung\" href=\"https:\/\/www.freiburg-schwarzwald.de\/blog\/engagement\/zukunft\/demokratie\/diskursverweigerung\/\">Diskursverweigerung<\/a><\/li>\n<li><a href=\"https:\/\/www.freiburg-schwarzwald.de\/blog\/kultur\/medien\/diskussionskultur\/diskussionskultur2023\/\">Diskussionskultur2023<\/a><\/li>\n<li><a href=\"https:\/\/www.freiburg-schwarzwald.de\/blog\/kultur\/medien\/diversity\/\">Diversity<\/a><\/li>\n<li><a title=\"Ehrlichkeit\" href=\"https:\/\/www.freiburg-schwarzwald.de\/blog\/engagement\/zukunft\/ehrlichkeit\/\">Ehrlichkeit<\/a><\/li>\n<li><a title=\"Fake-News\" href=\"https:\/\/www.freiburg-schwarzwald.de\/blog\/kultur\/medien\/fake-news\/\">Fake-News<\/a><\/li>\n<li><a href=\"https:\/\/www.freiburg-schwarzwald.de\/blog\/engagement\/zukunft\/demokratie\/freiheit\/frei\/\">Frei<\/a><\/li>\n<li><a href=\"https:\/\/www.freiburg-schwarzwald.de\/blog\/kultur\/medien\/freie-medien\/\">Freie-Medien<\/a><\/li>\n<li><a href=\"https:\/\/www.freiburg-schwarzwald.de\/blog\/engagement\/zukunft\/demokratie\/freiheit\/freiheitsrechte\/\">Freiheitsrechte<\/a><\/li>\n<li><a href=\"https:\/\/www.freiburg-schwarzwald.de\/blog\/kultur\/medien\/kritik\/\">Kritik<\/a><\/li>\n<li><a href=\"https:\/\/www.freiburg-schwarzwald.de\/blog\/kultur\/medien\/meinungsfreiheit\/\">Meinungsfreiheit<\/a><\/li>\n<li><a href=\"https:\/\/www.freiburg-schwarzwald.de\/blog\/kultur\/medien\/neue-medien\/\">Neue Medien<\/a><\/li>\n<\/ul>\n<p>&nbsp;<\/p>\n<p><strong>Eine Gemeinde in Sachsen-Anhalt gegen die Brandmauer: \u201eWarum kann nicht jeder eine eigene Meinung haben?\u201c<\/strong><br \/>\n<em>Der Philosoph Michael Andrick diskutiert in der Gemeinde Mehmke auf Einladung des Pfarrers und aller \u00f6rtlichen Parteien \u00fcber <a href=\"https:\/\/www.freiburg-schwarzwald.de\/blog\/kultur\/medien\/meinungsfreiheit\/\">Meinungsfreiheit<\/a> und Debattenkultur.<\/em><br \/>\n&#8230;.<br \/>\nLaut einer Umfrage des Instituts f\u00fcr Demoskopie Allensbach glauben nur noch knapp 40 Prozent der Menschen in Deutschland, dass sie ihre Meinung frei \u00e4u\u00dfern k\u00f6nnen, ohne negative Konsequenzen bef\u00fcrchten zu m\u00fcssen.<br \/>\nGemeinwohlfragen, also politische Angelegenheiten, w\u00fcrden heute oft zu moralischen Fragen umgedeutet, sagt Andrick. Er nennt als Beispiel die Debatte um die Atomkraft: \u201eIhnen ist wohl der Strahlentod Ihrer Enkel egal\u201c \u2013 der Philosoph nutzt diese Aussage als Beispiel, wie man zum Beispiel beim Thema Atomkraft jede Sachdiskussion beenden und den gegnerischen Diskutanten zum \u201eUnmenschen\u201c stempeln kann. Die eigentliche energiepolitische Frage gerate dabei in den Hintergrund, w\u00e4hrend die Diskussion pers\u00f6nlich und ideologisch weitergehe. \u201eEs ist \u00e4u\u00dferst gef\u00e4hrlich, wenn die Gesellschaft alle gro\u00dfen Fragen so diskutiert\u201c, warnt Andrick. \u201eAm Ende werden Mitb\u00fcrger so zu Feinden.\u201c<br \/>\nHeutzutage f\u00fchlten sich Menschen oft gezwungen, sich zu rechtfertigen, bevor sie eine Meinung \u00e4u\u00dfern, sagt er. Ein typisches Beispiel: \u201eIch mag die <a href=\"https:\/\/www.freiburg-schwarzwald.de\/blog\/vereine\/partei\/afd\/afd-opposition\/\">AfD<\/a> nicht, aber man k\u00f6nnte doch eine andere Migrationspolitik machen.\u201c <strong><em>Nur eine offene Konfrontation unterschiedlicher Meinungen ohne Vorurteile k\u00f6nne zu einer gesunden<\/em> <a href=\"https:\/\/www.freiburg-schwarzwald.de\/blog\/engagement\/zukunft\/demokratie\/debatte\/\">Debattenkultur<\/a> zur\u00fcckf\u00fchren.<\/strong> Andrick liest dazu einige Passagen aus seinem Buch \u201eIm Moralgef\u00e4ngnis\u201c.<br \/>\n&#8230;<br \/>\n\u201eWer entscheidet denn, was wahr oder falsch ist? Welche wissenschaftliche These ist akkurat oder weniger akkurat?\u201c, entgegnet Andrick. Gerade in der Corona-Pandemie habe sich gezeigt, dass es zu vielen Aspekten keinen eindeutigen wissenschaftlichen Konsens gegeben habe \u2013 von den Ma\u00dfnahmen bis zu den Impfungen.<br \/>\n&#8230; Alles vom 23.3.2025 bitte lesen auf<br \/>\n<a href=\"https:\/\/www.berliner-zeitung.de\/politik-gesellschaft\/sachsen-anhalt-ohne-brandmauer-hat-angst-meinung-auszusprechen-li.2309899\">https:\/\/www.berliner-zeitung.de\/politik-gesellschaft\/sachsen-anhalt-ohne-brandmauer-hat-angst-meinung-auszusprechen-li.2309899<\/a><\/p>\n<p><em>Michael Andrick: Im Moralgef\u00e4ngnis<\/em><br \/>\n<em>Westend-Verlag, 18 Euro<\/em><\/p>\n<p>&nbsp;<\/p>\n<p><strong>Diskussion mit der einen und der anderen Seite\u00a0<\/strong><br \/>\nNach unsch\u00f6nen Auseinandersetzungen hei\u00dft es bei so manchen famili\u00e4ren Treffen stets &#8222;Aber bitte keine politischen Themen&#8220;. Diese Begrenzung des freien Meinungsaustausch mi\u00dff\u00e4llt auf Dauer, da man wieder so reden m\u00f6chte, &#8222;wie einem der Schnabel gewachsen ist&#8220;. <em><strong>Warum klappt es mit der Diskussionskultur nicht mehr? Mi\u00dfverst\u00e4ndnisse treten oftmals deshalb auch deshalb auf, weil man \u00fcber die jeweils &#8222;andere Seite&#8220; nicht informiert ist.<\/strong> <\/em>Deshalb lautet der Wunsch und die Bitte <a href=\"https:\/\/www.freiburg-schwarzwald.de\/blog\/buerger-audiatur-et-altera-pars\/\">&#8222;Audiatur et altera pars&#8220;<\/a> bzw. <a href=\"https:\/\/www.freiburg-schwarzwald.de\/blog\/auch-die-andere-seite-anhoeren\/\">&#8222;Man h\u00f6re auch die andere Seite&#8220;<\/a>. Wobei die andere Seite in der Minderheit ist, also die nicht-linke bzw. rechte Seite. Dazu zweierlei:<br \/>\n1) Im Parlamentarismus gilt &#8222;Wo es links gibt, ist auch rechts&#8220; (R\u00fcdiger Safranski) bei vielen Abstufungen dazwischen. Ohne die Rechte gibt es keine ausgewogene politische Mitte. Ohne diesen Pluralismus wandelt sich das demokratische zum totalit\u00e4ren System. Die andere, rechte Seite einfach abschaffen bzw. negieren, funktioniert also nicht.<br \/>\n2) Im Gegensatz zu Rechten (Freunde der FDGO) und Rechtsradikalen (Gegner innerhalb der FDGO) zielen nur Rechtsextremisten (Feinde der FDGO) auf die Zerst\u00f6rung der Freiheitlich-Demokratischen Grundordnung (<a href=\"https:\/\/www.freiburg-schwarzwald.de\/blog\/engagement\/zukunft\/demokratie\/verfassung\/fdgo\/\">FDGO<\/a>). Dieselbe Dreigliederung gilt auch f\u00fcr linke Seite.<br \/>\nRadikale (Fundamentalisten, Orthodoxe, &#8230;) stehen am politischen Rand, bejahen aber die FDGO und m\u00fcssen von einer pluralistischen Demokratie ausgehalten werden. Rechtsextremisten wie auch Linksextremisten sind vom wehrhaften demokratischen Rechtsstaat zu bek\u00e4mpfen.<\/p>\n<p>Leider wird mit dem aktuellen Slogan &#8222;gegen rechts&#8220; (z.B. das Demokratief\u00f6rderprogramm &#8222;Kampf gegen rechts&#8220;, die &#8222;Gegen rechts&#8220;-Demonstrationen) bewu\u00dft rechtsextrem mit rechts gleichgesetzt und somit Mi\u00dfverstehen provoziert.<br \/>\nWissen ist alles, aber auch eine unbequeme Holschuld. Um Bildung mu\u00df man sich selbst k\u00fcmmern, man mu\u00df sie sich besorgen.<\/p>\n<p>Wochenzeitungen:<br \/>\nAuf dem Zeitungsmarkt dominieren politisch linke Bl\u00e4tter. Wenn man DIE ZEIT lest , dann auch die Junge Freiheit als einzige nicht-linke Wochenzeitung in Deutschland lesen.<br \/>\n.<br \/>\nTageszeitungen:<br \/>\nDie Print-Tageszeitungen sind gepr\u00e4gt von linken Narrativen. Aber auch bei den t\u00e4glichen News ist es dank Internet m\u00f6glich, sich ausgewogen Wissen zu besorgen. Wenn man die S\u00fcddeutsche Zeitung aufruft, dann auf der Gegenseite bitte auch z.B. TichysEinblick.<\/p>\n<p>Mainstream-Seite:\u00a0 \u00a0 \u00a0 \u00a0 \u00a0 Die andere Seite:<br \/>\n<a href=\"https:\/\/www.zeit.de\">https:\/\/www.zeit.de<\/a> &#8211; <a href=\"https:\/\/www.junge-freiheit.de\">https:\/\/www.junge-freiheit.de<\/a><br \/>\n<a href=\"https:\/\/www.faz.net\">https:\/\/www.faz.net<\/a> &#8211; <a href=\"https:\/\/www.achgut.com\">https:\/\/www.achgut.com<\/a><br \/>\n<a href=\"https:\/\/www-sueddeutsche.de\">https:\/\/www-sueddeutsche.de<\/a> &#8211; <a href=\"https:\/\/www.tichseinblick.de\">https:\/\/www.tichseinblick.de<\/a><br \/>\n<a href=\"https:\/\/www.welt.de\">https:\/\/www.welt.de<\/a> &#8211; <a href=\"https:\/\/www.reitschuster.de\">https:\/\/www.reitschuster.de<\/a><br \/>\n<a href=\"https:\/\/www.taz.de\">https:\/\/www.taz.de<\/a> &#8211; <a href=\"https:\/\/www.pi-news.net\">https:\/\/www.pi-news.net<\/a><br \/>\n<a href=\"https:\/\/www.spiegel.de\">https:\/\/www.spiegel.de<\/a> &#8211; <a href=\"https:\/\/www.nzz.ch\">https:\/\/www.nzz.ch<\/a><br \/>\n<a href=\"https:\/\/www.focus.de\">https:\/\/www.focus.de<\/a> &#8211; <a href=\"https:\/\/weltwoche.ch\">https:\/\/weltwoche.ch<\/a><br \/>\n<a href=\"https:\/\/www.berliner-zeitung.de\">https:\/\/www.berliner-zeitung.de<\/a> &#8211; <a href=\"https:\/\/www.danisch.de\">https:\/\/www.danisch.de<\/a><\/p>\n<p><strong><a href=\"https:\/\/www.freiburg-schwarzwald.de\/blog\/kultur\/medien\/neue-medien\/\">Nicht-linke Websites<\/a> mit Besuch\/Monat im Januar 2024:<\/strong><br \/>\nRanking gem\u00e4\u00df <a href=\"https:\/\/www.similarweb.com\/de\/website\/reitschuster.de\/#traffic\">https:\/\/www.similarweb.com\/de\/website\/reitschuster.de\/#traffic<\/a><br \/>\nTichseinblick.de 6,1 M<br \/>\nReitschuster.de 4,3 M<br \/>\nJunge-Freiheit.de 3,4 M<br \/>\nAchgut.com 3,3 M<br \/>\nNius.de 3,2 M<br \/>\nTelepolis.de 2,7 M<br \/>\nPi-news.net 2,6 M<br \/>\nNachdenkseiten.de 2,4 M<br \/>\nweltwoche.ch 2,4 M<br \/>\nEpochtimes.de 2,4 M<br \/>\nUncutnews.ch 1,6 MB<br \/>\nCicero.de 1,6<br \/>\nDanisch.de 1,4 M<br \/>\nJournalistenwatch.de 1 M<br \/>\nApollo-news.net 833 K<br \/>\nReport24.news 814 K<br \/>\nKopp-report.de 633 K<br \/>\nNetzpolitik.org 559 K<br \/>\nPhilosophia-perennis.de 543 K<br \/>\nTkp.at 442 K<br \/>\nAnsage.org 332 K<br \/>\nAlexander-wallasch.de 289 K<br \/>\nDeutschlandkurier.de 245 K<br \/>\nFreiewelt.net 214 K<br \/>\nKlonovsky.de 210 K<br \/>\nUnser-mitteleuropa.de 176 K<br \/>\nNorberthaering.de 142 K<br \/>\nVera-Lengsfeld 116 K<br \/>\nSciencefiles.org 73 K<br \/>\nDushanwegner.com 51 K<\/p>\n<p>Dersandwirt.de 28 K<br \/>\nFreiburg-schwarzwald.de 19 K<br \/>\nEf-magazin.de 11 K<br \/>\nDeken-erwuenscht.com 6 K<br \/>\ndavidengels.be 2 K<\/p>\n","protected":false},"excerpt":{"rendered":"<p>Home\u00a0&gt;Kultur\u00a0&gt;Medien\u00a0&gt;Debatte &gt;Meinungsfreiheit &gt;Diskussionskultur &gt;Diskussion Listenauswahl eines Beitrags: Bitte anklicken oder runterscrollen Nur Pro-Wehrdienst-Meinung erlaubt \u2013 Schule wirft Major a.D. und Friedensaktivisten vom Podium\u00a0(30.3.2026) Linkes Schutzgeld: Vom Ende der Diskussion\u00a0(2.12.2025) Diskussionskultur: Gu\u00e9rot und H\u00f6cke (15.7.2025) Eine Gemeinde in Sachsen-Anhalt gegen die &hellip; <a href=\"https:\/\/www.freiburg-schwarzwald.de\/blog\/kultur\/medien\/diskussionskultur\/diskussion\/\">Weiterlesen <span class=\"meta-nav\">&rarr;<\/span><\/a><\/p>\n","protected":false},"author":2,"featured_media":0,"parent":58939,"menu_order":0,"comment_status":"closed","ping_status":"closed","template":"","meta":{"footnotes":""},"class_list":["post-120785","page","type-page","status-publish","hentry"],"_links":{"self":[{"href":"https:\/\/www.freiburg-schwarzwald.de\/blog\/wp-json\/wp\/v2\/pages\/120785","targetHints":{"allow":["GET"]}}],"collection":[{"href":"https:\/\/www.freiburg-schwarzwald.de\/blog\/wp-json\/wp\/v2\/pages"}],"about":[{"href":"https:\/\/www.freiburg-schwarzwald.de\/blog\/wp-json\/wp\/v2\/types\/page"}],"author":[{"embeddable":true,"href":"https:\/\/www.freiburg-schwarzwald.de\/blog\/wp-json\/wp\/v2\/users\/2"}],"replies":[{"embeddable":true,"href":"https:\/\/www.freiburg-schwarzwald.de\/blog\/wp-json\/wp\/v2\/comments?post=120785"}],"version-history":[{"count":5,"href":"https:\/\/www.freiburg-schwarzwald.de\/blog\/wp-json\/wp\/v2\/pages\/120785\/revisions"}],"predecessor-version":[{"id":147283,"href":"https:\/\/www.freiburg-schwarzwald.de\/blog\/wp-json\/wp\/v2\/pages\/120785\/revisions\/147283"}],"up":[{"embeddable":true,"href":"https:\/\/www.freiburg-schwarzwald.de\/blog\/wp-json\/wp\/v2\/pages\/58939"}],"wp:attachment":[{"href":"https:\/\/www.freiburg-schwarzwald.de\/blog\/wp-json\/wp\/v2\/media?parent=120785"}],"curies":[{"name":"wp","href":"https:\/\/api.w.org\/{rel}","templated":true}]}}