{"id":120316,"date":"2024-02-03T18:31:33","date_gmt":"2024-02-03T17:31:33","guid":{"rendered":"https:\/\/www.freiburg-schwarzwald.de\/blog\/?page_id=120316"},"modified":"2024-05-27T17:51:37","modified_gmt":"2024-05-27T15:51:37","slug":"dava","status":"publish","type":"page","link":"https:\/\/www.freiburg-schwarzwald.de\/blog\/vereine\/partei\/dava\/","title":{"rendered":"DAVA"},"content":{"rendered":"<p><a href=\"https:\/\/www.freiburg-schwarzwald.de\/blog\">Home<\/a>\u00a0&gt;<a title=\"Vereine\" href=\"https:\/\/www.freiburg-schwarzwald.de\/blog\/vereine\/\">Vereine<\/a>\u00a0&gt;<a title=\"Engagement\" href=\"https:\/\/www.freiburg-schwarzwald.de\/blog\/engagement\/\">Engagement<\/a>\u00a0&gt;<a title=\"Partei\" href=\"https:\/\/www.freiburg-schwarzwald.de\/blog\/vereine\/partei\/\">Partei<\/a> &gt;<a href=\"https:\/\/www.freiburg-schwarzwald.de\/blog\/religion\/islam\/\">Islam<\/a> &gt;DAVA<\/p>\n<div id=\"attachment_116453\" style=\"width: 650px\" class=\"wp-caption alignnone\"><a href=\"https:\/\/www.freiburg-schwarzwald.de\/blog\/wp-content\/uploads\/2023\/10\/brandenburgertor-islam-pan231021.jpg\"><img loading=\"lazy\" decoding=\"async\" aria-describedby=\"caption-attachment-116453\" class=\"size-full wp-image-116453\" src=\"https:\/\/www.freiburg-schwarzwald.de\/blog\/wp-content\/uploads\/2023\/10\/brandenburgertor-islam-pan231021.jpg\" alt=\"\" width=\"640\" height=\"359\" srcset=\"https:\/\/www.freiburg-schwarzwald.de\/blog\/wp-content\/uploads\/2023\/10\/brandenburgertor-islam-pan231021.jpg 640w, https:\/\/www.freiburg-schwarzwald.de\/blog\/wp-content\/uploads\/2023\/10\/brandenburgertor-islam-pan231021-180x101.jpg 180w\" sizes=\"auto, (max-width: 640px) 100vw, 640px\" \/><\/a><p id=\"caption-attachment-116453\" class=\"wp-caption-text\">Betende Muslime am Brandenburger Tor in Berlin am 21.10.2023<\/p><\/div>\n<ul>\n<li>DAVA &#8211; Jetzt kommt die Erdogan-Partei (28.4.2024)<\/li>\n<li>DAVA und AfD an den R\u00e4ndern (23.4.2024)<\/li>\n<li>DAVA: Neue Migrantenpartei formiert sich &#8211; Erdogan als Profiteur (2.2.2024)<\/li>\n<\/ul>\n<p>&nbsp;<\/p>\n<p><strong>DAVA &#8211; Jetzt kommt die Erdogan-Partei<\/strong><br \/>\nDer t\u00fcrkische Pr\u00e4sident Recep Tayyip Erdogan (69) schickt eine eigene Partei namens \u201eDAVA\u201c zur Europa-Wahl am 9. Juni ins Rennen!<br \/>\n\u201eDAVA\u201c ist der neueste Ableger von Erdogans AKP, diese ist eine stramm nationalistische Partei, antidemokratisch, mit islamistischen Z\u00fcgen und offen Israel hassend.<br \/>\nEs gibt heute 2,5 Millionen Muslime in Deutschland mit deutschem Pass und Wahlrecht. Bei einer Ver\u00e4nderung des Staatsb\u00fcrgerschaftsrecht (geplant ab April 2024) k\u00f6nnten bis zu 2,5 Mio. wahlberechtigte muslimische deutsche Staatsb\u00fcrger hinzukommen. Bedeutet: Es gibt rechnerisch ein W\u00e4hlerpotenzial f\u00fcr \u201eDAVA\u201c von f\u00fcnf Millionen Stimmen.<br \/>\n&#8230; Alels vom 28.4.2024 bitte lesen auf<br \/>\n<a href=\"https:\/\/www.bild.de\/politik\/inland\/politik-inland\/es-geht-ihr-um-mehr-macht-in-deutschland-jetzt-kommt-die-erdogan-partei-86935048.bild.html\">https:\/\/www.bild.de\/politik\/inland\/politik-inland\/es-geht-ihr-um-mehr-macht-in-deutschland-jetzt-kommt-die-erdogan-partei-86935048.bild.html<\/a><\/p>\n<p>&nbsp;<\/p>\n<p>&nbsp;<\/p>\n<p><strong>DAVA: Neue Migrantenpartei formiert sich &#8211; Erdogan als Profiteur<\/strong><br \/>\nWer sich in Deutschland noch traut, das Wort \u201eUmvolkung\u201c oder \u201eGro\u00dfer Bev\u00f6lkerungsaustausch\u201c in den Mund zu nehmen, landet auf dem Index des Verfassungsschutzes. Doch ist die gerade von der Ampelmehrheit im Bundestag verabschiedete \u201eModernisierung\u201c des Staatsb\u00fcrgerschaftsrechts ein weiterer, entscheidender Baustein in Richtung Multikulti-Staat. Bei der Europawahl im Juni tritt wohlkalkuliert die \u201eDemokratische Allianz f\u00fcr Vielfalt und Aufbruch\u201c (DAVA) an, denn das neue Einb\u00fcrgerungsrecht mit Doppelstaatsb\u00fcrgerschaften erleichtert den Zugang zum deutschen Pa\u00df.<br \/>\nDie DAVA-Spitzenkandidaten sind Handlanger des t\u00fcrkischen Pr\u00e4sidenten Erdo\u011fan, der seinen in Deutschland lebenden Landsleuten bereits 2010 zugerufen hatte: \u201eAssimilation ist ein Verbrechen an der Menschheit\u201c. Noch Fragen?<\/p>\n<p>In Berlin seien ganze Stadtteile von Arabern \u00fcbernommen worden, klagte k\u00fcrzlich der Top-Unternehmer Hasso Plattner. Zu Recht. \u00dcberall, insbesondere im Westen, st\u00f6\u00dft man auf verwahrloste, balkanisierte Innenst\u00e4dte, auf Kontrollverlust und wachsende Unsicherheit auf den Stra\u00dfen.<br \/>\nDie Warnungen von Ampel- und Unions-Politikern vor der Erdo\u011fan-Partei sind an Scheinheiligkeit nicht zu \u00fcberbieten. Wer den Doppelpa\u00df zur Regel macht, importiert Antisemitismus, verst\u00e4rkt die Spaltung der Gesellschaft. Islamisch gepr\u00e4gter Wahlkampf in den Moscheen? Scholz, Habeck und Lindner betreiben eine zutiefst antideutsche Politik.<br \/>\n&#8230; Alles vom 2.2.2024 von J\u00f6rg K\u00fcrschner bitte lesen auf JF 6\/24, Seite 2<\/p>\n","protected":false},"excerpt":{"rendered":"<p>Home\u00a0&gt;Vereine\u00a0&gt;Engagement\u00a0&gt;Partei &gt;Islam &gt;DAVA DAVA &#8211; Jetzt kommt die Erdogan-Partei (28.4.2024) DAVA und AfD an den R\u00e4ndern (23.4.2024) DAVA: Neue Migrantenpartei formiert sich &#8211; Erdogan als Profiteur (2.2.2024) &nbsp; DAVA &#8211; Jetzt kommt die Erdogan-Partei Der t\u00fcrkische Pr\u00e4sident Recep Tayyip Erdogan &hellip; <a href=\"https:\/\/www.freiburg-schwarzwald.de\/blog\/vereine\/partei\/dava\/\">Weiterlesen <span class=\"meta-nav\">&rarr;<\/span><\/a><\/p>\n","protected":false},"author":2,"featured_media":0,"parent":2803,"menu_order":0,"comment_status":"closed","ping_status":"closed","template":"","meta":{"footnotes":""},"class_list":["post-120316","page","type-page","status-publish","hentry"],"_links":{"self":[{"href":"https:\/\/www.freiburg-schwarzwald.de\/blog\/wp-json\/wp\/v2\/pages\/120316","targetHints":{"allow":["GET"]}}],"collection":[{"href":"https:\/\/www.freiburg-schwarzwald.de\/blog\/wp-json\/wp\/v2\/pages"}],"about":[{"href":"https:\/\/www.freiburg-schwarzwald.de\/blog\/wp-json\/wp\/v2\/types\/page"}],"author":[{"embeddable":true,"href":"https:\/\/www.freiburg-schwarzwald.de\/blog\/wp-json\/wp\/v2\/users\/2"}],"replies":[{"embeddable":true,"href":"https:\/\/www.freiburg-schwarzwald.de\/blog\/wp-json\/wp\/v2\/comments?post=120316"}],"version-history":[{"count":3,"href":"https:\/\/www.freiburg-schwarzwald.de\/blog\/wp-json\/wp\/v2\/pages\/120316\/revisions"}],"predecessor-version":[{"id":123947,"href":"https:\/\/www.freiburg-schwarzwald.de\/blog\/wp-json\/wp\/v2\/pages\/120316\/revisions\/123947"}],"up":[{"embeddable":true,"href":"https:\/\/www.freiburg-schwarzwald.de\/blog\/wp-json\/wp\/v2\/pages\/2803"}],"wp:attachment":[{"href":"https:\/\/www.freiburg-schwarzwald.de\/blog\/wp-json\/wp\/v2\/media?parent=120316"}],"curies":[{"name":"wp","href":"https:\/\/api.w.org\/{rel}","templated":true}]}}