{"id":119170,"date":"2024-01-07T09:23:47","date_gmt":"2024-01-07T08:23:47","guid":{"rendered":"https:\/\/www.freiburg-schwarzwald.de\/blog\/?page_id=119170"},"modified":"2024-02-02T18:51:10","modified_gmt":"2024-02-02T17:51:10","slug":"bauern-rechts","status":"publish","type":"page","link":"https:\/\/www.freiburg-schwarzwald.de\/blog\/natur\/landwirt\/bauern-rechts\/","title":{"rendered":"Bauern-rechts"},"content":{"rendered":"<p><a href=\"https:\/\/www.freiburg-schwarzwald.de\/blog\">Home<\/a>\u00a0&gt;<a title=\"Natur\" href=\"https:\/\/www.freiburg-schwarzwald.de\/blog\/natur\/\">Natur<\/a>\u00a0&gt;<a title=\"Landwirt\" href=\"https:\/\/www.freiburg-schwarzwald.de\/blog\/natur\/landwirt\/\">Landwirt<\/a>\u00a0&gt;<a title=\"Ernaehrung\" href=\"https:\/\/www.freiburg-schwarzwald.de\/blog\/natur\/ernaehrung\/\">Ern\u00e4hrung<\/a>\u00a0&gt;<a href=\"https:\/\/www.freiburg-schwarzwald.de\/blog\/natur\/landwirt\/bauern-protest\/\">Bauern-Protest<\/a> &gt;<a href=\"https:\/\/www.freiburg-schwarzwald.de\/blog\/natur\/landwirt\/bauern-protest\/berlin8jan2024\/\">Berlin8Jan2024d<\/a> &gt;Bauern-rechts<\/p>\n<div id=\"attachment_50232\" style=\"width: 648px\" class=\"wp-caption alignnone\"><a href=\"https:\/\/www.freiburg-schwarzwald.de\/blog\/wp-content\/uploads\/2014\/08\/haeuslemeierhof1pan140822.jpg\"><img loading=\"lazy\" decoding=\"async\" aria-describedby=\"caption-attachment-50232\" class=\"size-full wp-image-50232\" src=\"https:\/\/www.freiburg-schwarzwald.de\/blog\/wp-content\/uploads\/2014\/08\/haeuslemeierhof1pan140822.jpg\" alt=\"\" width=\"638\" height=\"267\" srcset=\"https:\/\/www.freiburg-schwarzwald.de\/blog\/wp-content\/uploads\/2014\/08\/haeuslemeierhof1pan140822.jpg 638w, https:\/\/www.freiburg-schwarzwald.de\/blog\/wp-content\/uploads\/2014\/08\/haeuslemeierhof1pan140822-180x75.jpg 180w\" sizes=\"auto, (max-width: 638px) 100vw, 638px\" \/><\/a><p id=\"caption-attachment-50232\" class=\"wp-caption-text\">Blick nach Norden zum <a href=\"https:\/\/www.freiburg-schwarzwald.de\/blog\/bauernhof\/haeuslemaierhof\/\">H\u00e4uslebauernhof<\/a> oberhalb von Buchenbach-Wiesneck am 22.8.2014<\/p><\/div>\n<ul>\n<li><a href=\"https:\/\/www.freiburg-schwarzwald.de\/blog\/bauernproteste-gegen-ampel\/\">Bauernproteste gegen Ampel<\/a>\u00a0(2.2.2024)<\/li>\n<li><a href=\"https:\/\/www.freiburg-schwarzwald.de\/blog\/natur\/landwirt\/bauern-protest\/\">Bauern und B\u00fcrger \u2013 Die wertsch\u00f6pfende Mitte meldet sich zu Wort<\/a> (27.1.2024)<\/li>\n<li><a href=\"https:\/\/www.freiburg-schwarzwald.de\/blog\/natur\/landwirt\/landwirtschaft\/\">Bauernproteste \u2013 Erwerbsbetriebe \u2013 Einkommen<\/a>\u00a0(17.1.2024)<\/li>\n<li><a href=\"https:\/\/www.freiburg-schwarzwald.de\/blog\/die-angst-vor-den-bauern\/\">Die Angst vor den Bauern<\/a> (10.1.2024)<\/li>\n<li><a href=\"https:\/\/www.freiburg-schwarzwald.de\/blog\/bauernproteste-8-1-in-freiburg\/\">Bauernproteste 8.1. in Freiburg<\/a>\u00a0(8.1.2024)<\/li>\n<li><a href=\"https:\/\/www.freiburg-schwarzwald.de\/blog\/natur\/landwirt\/bauern-protest\/berlin8jan2024\/\">The Power of the Bauer<\/a> (7.1.2024)<\/li>\n<li>Nat\u00fcrlich sind Bauern rechts, was denn sonst? (6.1.2024)<\/li>\n<li><\/li>\n<li><a href=\"https:\/\/www.freiburg-schwarzwald.de\/blog\/natur\/landwirt\/landwirtschaft\/\">Landwirtschaft<\/a><\/li>\n<\/ul>\n<p>&nbsp;<\/p>\n<p><strong>Nat\u00fcrlich sind Bauern rechts, was denn sonst?<\/strong><br \/>\n<em>Es gibt wohl keinen anderen Berufsstand, dem man das <a href=\"https:\/\/www.freiburg-schwarzwald.de\/blog\/engagement\/zukunft\/demokratie\/rechts\/\">Rechtssein<\/a> an praktisch allen seinen Lebens\u00e4u\u00dferungen so direkt ansehen kann, wie den Bauern.<\/em><br \/>\nDas f\u00e4ngt damit an, dass sie ihre Felder zwar mit Mist und G\u00fclle d\u00fcngen, nachhaltig, sozusagen, aber dass die Bauern nie auf die Idee k\u00e4men, ihr Land deshalb, wie andere Nachhaltigkeitsapostel, als ein <a href=\"https:\/\/www.freiburg-schwarzwald.de\/blog\/global\/deutschland\/deutschland-kaputt\/kartoffeln\/\">mieses St\u00fcck Schei\u00dfe<\/a> zu bezeichnen.<br \/>\nF\u00fcr den Bauern ist das Land alles. Er klebt an \u2013 und lebt von \u2013 der Scholle, und viele Bauern bewirtschaften das gleiche St\u00fcck Land schon seit Generationen, ackern und s\u00e4en da, wo schon der Gr0\u00dfvater und der Urgro\u00dfvater geackert und ges\u00e4t haben und wo einst die Enkel und Urenkel noch ackern und s\u00e4en sollen.<br \/>\nDer Bauer sieht den Hof auch weniger als sein Eigentum an als vielmehr als die Lebensgrundlage einer endlosen Folge von Generationen. Ein alter Bauer aus dem Schw\u00e4bischen, am Rande des Lechfelds, hat mir einmal erz\u00e4hlt, dass jede Generation, neben der Landarbeit, dem Hof auch etwas Neues hinzuf\u00fcgen m\u00fcsse. Ob eine neue Scheune oder einen neuen Stall, ob ein neues Wohnhaus oder eine Silo-Anlage, das kommt ganz auf die Zeit und die Notwendigkeiten an, aber einfach das Alte weiter nutzen, sozusagen auf Verschlei\u00df fahren, wie die Bahn oder die Autobahnbr\u00fccken, das kommt f\u00fcr den Bauern nicht in Frage.<\/p>\n<p>Es geht damit weiter, dass die Bauern sehr viel von Biologie verstehen. Sie wissen nicht nur, welcher Boden sich f\u00fcr Kartoffeln eignet und welcher f\u00fcr Getreide, sie wissen, wo Gem\u00fcse gedeiht, wo man Wein anbauen kann und wo es sich lohnt, Hopfeng\u00e4rten anzulegen. Sie wissen auch, dass es auf die richtige Fruchtfolge ankommt, wenn man den Boden lebendig und fruchtbar halten will.<br \/>\nDie Biologiekenntnisse der Bauern gehen aber \u00fcber die Pflanzenwelt weit hinaus. Bauern kennen den Unterschied zwischen G\u00e4nsen und Enten, ohne Ornithologie studiert zu haben. Sie k\u00f6nnen den Hammel in der Schafherde erkennen, und sie kennen seit ewigen Zeiten drei Geschlechter. Beim Rind zum Beispiel, unterscheiden sie treffsicher zwischen<br \/>\n&#8211; der Kuh, weil das das Tier ist, das K\u00e4lber austr\u00e4gt und Milch gibt,<br \/>\n&#8211; dem Stier, weil das das Tier ist (und nicht der Tierarzt!), das die Kuh befruchtet, und auch gutes Fleisch liefert, und<br \/>\n&#8211; dem Ochsen, der weder Milch noch Samen spendet, weil er eben ein Ochs ist.<br \/>\nKein Bauer k\u00e4me jemals auf die Idee, dass zwei Ochsen, oder zwei K\u00fche, oder zwei Stiere jemals ein K\u00e4lbchen zustande bringen k\u00f6nnten. Das wei\u00df der Bauer. Da l\u00e4sst er sich auf gar keine Diskussionen ein.<\/p>\n<p>Er l\u00e4sst sich auch sonst nicht gerne auf Diskussionen ein, au\u00dfer am Stammtisch, beim Dorfwirt, unter seinesgleichen.<br \/>\nDaf\u00fcr hat er ja auch sonst gar keine Zeit. Sein Arbeitstag beginnt sp\u00e4testens um sechs Uhr morgens, und wenn er zw\u00f6lf Stunden sp\u00e4ter die Melkmaschine ausschaltet, muss er sich noch mit der B\u00fcrokratie herumschlagen und Rechnungen bezahlen, oder ellenlange F\u00f6rdermittelantr\u00e4ge ausf\u00fcllen.<br \/>\n&#8230;<br \/>\n<em><strong>Rund 4.000 Euro wollte die Ampel den landwirtschaftlichen Betrieben pro Jahr durchschnittlich wegnehmen.<\/strong> <\/em>Was den Landwirten \u00fcbrig bleibt, kann man aus den Ver\u00f6ffentlichungen des Ministeriums f\u00fcr Landwirtschaft und Ern\u00e4hrung auch ablesen.<br \/>\n<a href=\"https:\/\/www.ble.de\/SharedDocs\/Pressemitteilungen\/DE\/2022\/221219_Landwirtschaftlicher_Produktionswert.html\">https:\/\/www.ble.de\/SharedDocs\/Pressemitteilungen\/DE\/2022\/221219_Landwirtschaftlicher_Produktionswert.html<\/a><br \/>\nUmgesetzt wurden 2022 rund 74,4 Milliarden Euro. Die Kosten f\u00fcr Vorleistungen (D\u00fcnge- und Bodenverbesserungsmittel, Energie und Futtermittel) beliefen sich auf 43 Milliarden. Ohne dass davon schon die Pachtzinsen oder die Tilgungsraten f\u00fcr den Traktor gezahlt worden w\u00e4ren, verblieben den Betrieben im Durchschnitt 125.000 Euro. Bei durchschnittlich 3,5 Besch\u00e4ftigten pro Betrieb ergibt sich pro Person ein durchschnittliches Brutto-Monatseinkommen von knapp 3.000 Euro \u2013 <em><strong>netto bleiben davon rund 2.300 Euro \u00fcbrig.<\/strong><\/em><br \/>\nIm Ergebnis w\u00e4ren die Pl\u00e4ne der Bundesregierung, den Bauern zur Finanzierung von <a href=\"https:\/\/www.freiburg-schwarzwald.de\/blog\/global\/migration\/migration2021\/\">Migration<\/a>, <a href=\"https:\/\/www.freiburg-schwarzwald.de\/blog\/global\/ukraine\/ukrainekrieg\/\">Ukraine-Krieg<\/a> und <a href=\"https:\/\/www.freiburg-schwarzwald.de\/blog\/energie\/energiewende\/\">Energiewende<\/a> mal eben eine Milliarde Euro wegzunehmen, darauf hinausgelaufen, dass <em><strong>alle in der Landwirtschaft Besch\u00e4ftigten statt 12 Monatsgeh\u00e4ltern zu 2.300 Euro netto, nur noch 10,25 Geh\u00e4lter erhalten,<\/strong><\/em> also ab der zweiten Novemberwoche leer ausgehen.<br \/>\n&#8230;<br \/>\n<em><strong>Wo <a href=\"https:\/\/www.freiburg-schwarzwald.de\/blog\/selbsthilfe\/soziales\/arbeit\/buergergeld\/\">B\u00fcrgergeldempf\u00e4ngern<\/a> innerhalb eines Jahres die Bez\u00fcge um 25 Prozent erh\u00f6ht wurden, sollte den Bauern durch einen Federstrich der Ampel 15 Prozent ihres Einkommens genommen werden?<\/strong> <\/em>Und weil sie sich dagegen wehren wollen, sind das jetzt alles Rechtsextremisten?<\/p>\n<p>Nat\u00fcrlich sind Bauern rechts, was denn sonst. Konservativ, landverbunden, patriotisch und mit gesundem Menschenverstand gesegnet, alles was rechts ist.<br \/>\nDas ist gut so. Und wir k\u00f6nnten mehr von dieser Art gebrauchen.<br \/>\n&#8230; Alles vom 6.1.2024 von Egon M. Kreutzer bitte lesen auf<br \/>\n<a href=\"https:\/\/egon-w-kreutzer.de\/natuerlich-sind-bauern-rechts-was-denn-sonst\">https:\/\/egon-w-kreutzer.de\/natuerlich-sind-bauern-rechts-was-denn-sonst<\/a><\/p>\n","protected":false},"excerpt":{"rendered":"<p>Home\u00a0&gt;Natur\u00a0&gt;Landwirt\u00a0&gt;Ern\u00e4hrung\u00a0&gt;Bauern-Protest &gt;Berlin8Jan2024d &gt;Bauern-rechts Bauernproteste gegen Ampel\u00a0(2.2.2024) Bauern und B\u00fcrger \u2013 Die wertsch\u00f6pfende Mitte meldet sich zu Wort (27.1.2024) Bauernproteste \u2013 Erwerbsbetriebe \u2013 Einkommen\u00a0(17.1.2024) Die Angst vor den Bauern (10.1.2024) Bauernproteste 8.1. in Freiburg\u00a0(8.1.2024) The Power of the Bauer (7.1.2024) Nat\u00fcrlich &hellip; <a href=\"https:\/\/www.freiburg-schwarzwald.de\/blog\/natur\/landwirt\/bauern-rechts\/\">Weiterlesen <span class=\"meta-nav\">&rarr;<\/span><\/a><\/p>\n","protected":false},"author":2,"featured_media":0,"parent":1014,"menu_order":0,"comment_status":"closed","ping_status":"closed","template":"","meta":{"footnotes":""},"class_list":["post-119170","page","type-page","status-publish","hentry"],"_links":{"self":[{"href":"https:\/\/www.freiburg-schwarzwald.de\/blog\/wp-json\/wp\/v2\/pages\/119170","targetHints":{"allow":["GET"]}}],"collection":[{"href":"https:\/\/www.freiburg-schwarzwald.de\/blog\/wp-json\/wp\/v2\/pages"}],"about":[{"href":"https:\/\/www.freiburg-schwarzwald.de\/blog\/wp-json\/wp\/v2\/types\/page"}],"author":[{"embeddable":true,"href":"https:\/\/www.freiburg-schwarzwald.de\/blog\/wp-json\/wp\/v2\/users\/2"}],"replies":[{"embeddable":true,"href":"https:\/\/www.freiburg-schwarzwald.de\/blog\/wp-json\/wp\/v2\/comments?post=119170"}],"version-history":[{"count":6,"href":"https:\/\/www.freiburg-schwarzwald.de\/blog\/wp-json\/wp\/v2\/pages\/119170\/revisions"}],"predecessor-version":[{"id":120279,"href":"https:\/\/www.freiburg-schwarzwald.de\/blog\/wp-json\/wp\/v2\/pages\/119170\/revisions\/120279"}],"up":[{"embeddable":true,"href":"https:\/\/www.freiburg-schwarzwald.de\/blog\/wp-json\/wp\/v2\/pages\/1014"}],"wp:attachment":[{"href":"https:\/\/www.freiburg-schwarzwald.de\/blog\/wp-json\/wp\/v2\/media?parent=119170"}],"curies":[{"name":"wp","href":"https:\/\/api.w.org\/{rel}","templated":true}]}}

<p><a href="https://www.freiburg-schwarzwald.de/blog">Home</a> &gt;<a title="Natur" href="https://www.freiburg-schwarzwald.de/blog/natur/">Natur</a> &gt;<a title="Landwirt" href="https://www.freiburg-schwarzwald.de/blog/natur/landwirt/">Landwirt</a> &gt;<a title="Ernaehrung" href="https://www.freiburg-schwarzwald.de/blog/natur/ernaehrung/">Ernährung</a> &gt;<a href="https://www.freiburg-schwarzwald.de/blog/natur/landwirt/bauern-protest/">Bauern-Protest</a> &gt;<a href="https://www.freiburg-schwarzwald.de/blog/natur/landwirt/bauern-protest/berlin8jan2024/">Berlin8Jan2024d</a> &gt;Bauern-rechts</p>
<div id="attachment_50232" style="width: 648px" class="wp-caption alignnone"><a href="https://www.freiburg-schwarzwald.de/blog/wp-content/uploads/2014/08/haeuslemeierhof1pan140822.jpg"><img loading="lazy" decoding="async" aria-describedby="caption-attachment-50232" class="size-full wp-image-50232" src="https://www.freiburg-schwarzwald.de/blog/wp-content/uploads/2014/08/haeuslemeierhof1pan140822.jpg" alt="" width="638" height="267" srcset="https://www.freiburg-schwarzwald.de/blog/wp-content/uploads/2014/08/haeuslemeierhof1pan140822.jpg 638w, https://www.freiburg-schwarzwald.de/blog/wp-content/uploads/2014/08/haeuslemeierhof1pan140822-180x75.jpg 180w" sizes="auto, (max-width: 638px) 100vw, 638px" /></a><p id="caption-attachment-50232" class="wp-caption-text">Blick nach Norden zum <a href="https://www.freiburg-schwarzwald.de/blog/bauernhof/haeuslemaierhof/">Häuslebauernhof</a> oberhalb von Buchenbach-Wiesneck am 22.8.2014</p></div>
<ul>
<li><a href="https://www.freiburg-schwarzwald.de/blog/bauernproteste-gegen-ampel/">Bauernproteste gegen Ampel</a> (2.2.2024)</li>
<li><a href="https://www.freiburg-schwarzwald.de/blog/natur/landwirt/bauern-protest/">Bauern und Bürger – Die wertschöpfende Mitte meldet sich zu Wort</a> (27.1.2024)</li>
<li><a href="https://www.freiburg-schwarzwald.de/blog/natur/landwirt/landwirtschaft/">Bauernproteste – Erwerbsbetriebe – Einkommen</a> (17.1.2024)</li>
<li><a href="https://www.freiburg-schwarzwald.de/blog/die-angst-vor-den-bauern/">Die Angst vor den Bauern</a> (10.1.2024)</li>
<li><a href="https://www.freiburg-schwarzwald.de/blog/bauernproteste-8-1-in-freiburg/">Bauernproteste 8.1. in Freiburg</a> (8.1.2024)</li>
<li><a href="https://www.freiburg-schwarzwald.de/blog/natur/landwirt/bauern-protest/berlin8jan2024/">The Power of the Bauer</a> (7.1.2024)</li>
<li>Natürlich sind Bauern rechts, was denn sonst? (6.1.2024)</li>
<li></li>
<li><a href="https://www.freiburg-schwarzwald.de/blog/natur/landwirt/landwirtschaft/">Landwirtschaft</a></li>
</ul>
<p>&nbsp;</p>
<p><strong>Natürlich sind Bauern rechts, was denn sonst?</strong><br />
<em>Es gibt wohl keinen anderen Berufsstand, dem man das <a href="https://www.freiburg-schwarzwald.de/blog/engagement/zukunft/demokratie/rechts/">Rechtssein</a> an praktisch allen seinen Lebensäußerungen so direkt ansehen kann, wie den Bauern.</em><br />
Das fängt damit an, dass sie ihre Felder zwar mit Mist und Gülle düngen, nachhaltig, sozusagen, aber dass die Bauern nie auf die Idee kämen, ihr Land deshalb, wie andere Nachhaltigkeitsapostel, als ein <a href="https://www.freiburg-schwarzwald.de/blog/global/deutschland/deutschland-kaputt/kartoffeln/">mieses Stück Scheiße</a> zu bezeichnen.<br />
Für den Bauern ist das Land alles. Er klebt an – und lebt von – der Scholle, und viele Bauern bewirtschaften das gleiche Stück Land schon seit Generationen, ackern und säen da, wo schon der Gr0ßvater und der Urgroßvater geackert und gesät haben und wo einst die Enkel und Urenkel noch ackern und säen sollen.<br />
Der Bauer sieht den Hof auch weniger als sein Eigentum an als vielmehr als die Lebensgrundlage einer endlosen Folge von Generationen. Ein alter Bauer aus dem Schwäbischen, am Rande des Lechfelds, hat mir einmal erzählt, dass jede Generation, neben der Landarbeit, dem Hof auch etwas Neues hinzufügen müsse. Ob eine neue Scheune oder einen neuen Stall, ob ein neues Wohnhaus oder eine Silo-Anlage, das kommt ganz auf die Zeit und die Notwendigkeiten an, aber einfach das Alte weiter nutzen, sozusagen auf Verschleiß fahren, wie die Bahn oder die Autobahnbrücken, das kommt für den Bauern nicht in Frage.</p>
<p>Es geht damit weiter, dass die Bauern sehr viel von Biologie verstehen. Sie wissen nicht nur, welcher Boden sich für Kartoffeln eignet und welcher für Getreide, sie wissen, wo Gemüse gedeiht, wo man Wein anbauen kann und wo es sich lohnt, Hopfengärten anzulegen. Sie wissen auch, dass es auf die richtige Fruchtfolge ankommt, wenn man den Boden lebendig und fruchtbar halten will.<br />
Die Biologiekenntnisse der Bauern gehen aber über die Pflanzenwelt weit hinaus. Bauern kennen den Unterschied zwischen Gänsen und Enten, ohne Ornithologie studiert zu haben. Sie können den Hammel in der Schafherde erkennen, und sie kennen seit ewigen Zeiten drei Geschlechter. Beim Rind zum Beispiel, unterscheiden sie treffsicher zwischen<br />
&#8211; der Kuh, weil das das Tier ist, das Kälber austrägt und Milch gibt,<br />
&#8211; dem Stier, weil das das Tier ist (und nicht der Tierarzt!), das die Kuh befruchtet, und auch gutes Fleisch liefert, und<br />
&#8211; dem Ochsen, der weder Milch noch Samen spendet, weil er eben ein Ochs ist.<br />
Kein Bauer käme jemals auf die Idee, dass zwei Ochsen, oder zwei Kühe, oder zwei Stiere jemals ein Kälbchen zustande bringen könnten. Das weiß der Bauer. Da lässt er sich auf gar keine Diskussionen ein.</p>
<p>Er lässt sich auch sonst nicht gerne auf Diskussionen ein, außer am Stammtisch, beim Dorfwirt, unter seinesgleichen.<br />
Dafür hat er ja auch sonst gar keine Zeit. Sein Arbeitstag beginnt spätestens um sechs Uhr morgens, und wenn er zwölf Stunden später die Melkmaschine ausschaltet, muss er sich noch mit der Bürokratie herumschlagen und Rechnungen bezahlen, oder ellenlange Fördermittelanträge ausfüllen.<br />
&#8230;<br />
<em><strong>Rund 4.000 Euro wollte die Ampel den landwirtschaftlichen Betrieben pro Jahr durchschnittlich wegnehmen.</strong> </em>Was den Landwirten übrig bleibt, kann man aus den Veröffentlichungen des Ministeriums für Landwirtschaft und Ernährung auch ablesen.<br />
<a href="https://www.ble.de/SharedDocs/Pressemitteilungen/DE/2022/221219_Landwirtschaftlicher_Produktionswert.html">https://www.ble.de/SharedDocs/Pressemitteilungen/DE/2022/221219_Landwirtschaftlicher_Produktionswert.html</a><br />
Umgesetzt wurden 2022 rund 74,4 Milliarden Euro. Die Kosten für Vorleistungen (Dünge- und Bodenverbesserungsmittel, Energie und Futtermittel) beliefen sich auf 43 Milliarden. Ohne dass davon schon die Pachtzinsen oder die Tilgungsraten für den Traktor gezahlt worden wären, verblieben den Betrieben im Durchschnitt 125.000 Euro. Bei durchschnittlich 3,5 Beschäftigten pro Betrieb ergibt sich pro Person ein durchschnittliches Brutto-Monatseinkommen von knapp 3.000 Euro – <em><strong>netto bleiben davon rund 2.300 Euro übrig.</strong></em><br />
Im Ergebnis wären die Pläne der Bundesregierung, den Bauern zur Finanzierung von <a href="https://www.freiburg-schwarzwald.de/blog/global/migration/migration2021/">Migration</a>, <a href="https://www.freiburg-schwarzwald.de/blog/global/ukraine/ukrainekrieg/">Ukraine-Krieg</a> und <a href="https://www.freiburg-schwarzwald.de/blog/energie/energiewende/">Energiewende</a> mal eben eine Milliarde Euro wegzunehmen, darauf hinausgelaufen, dass <em><strong>alle in der Landwirtschaft Beschäftigten statt 12 Monatsgehältern zu 2.300 Euro netto, nur noch 10,25 Gehälter erhalten,</strong></em> also ab der zweiten Novemberwoche leer ausgehen.<br />
&#8230;<br />
<em><strong>Wo <a href="https://www.freiburg-schwarzwald.de/blog/selbsthilfe/soziales/arbeit/buergergeld/">Bürgergeldempfängern</a> innerhalb eines Jahres die Bezüge um 25 Prozent erhöht wurden, sollte den Bauern durch einen Federstrich der Ampel 15 Prozent ihres Einkommens genommen werden?</strong> </em>Und weil sie sich dagegen wehren wollen, sind das jetzt alles Rechtsextremisten?</p>
<p>Natürlich sind Bauern rechts, was denn sonst. Konservativ, landverbunden, patriotisch und mit gesundem Menschenverstand gesegnet, alles was rechts ist.<br />
Das ist gut so. Und wir könnten mehr von dieser Art gebrauchen.<br />
&#8230; Alles vom 6.1.2024 von Egon M. Kreutzer bitte lesen auf<br />
<a href="https://egon-w-kreutzer.de/natuerlich-sind-bauern-rechts-was-denn-sonst">https://egon-w-kreutzer.de/natuerlich-sind-bauern-rechts-was-denn-sonst</a></p>

<p>Home &gt;Natur &gt;Landwirt &gt;Ernährung &gt;Bauern-Protest &gt;Berlin8Jan2024d &gt;Bauern-rechts Bauernproteste gegen Ampel (2.2.2024) Bauern und Bürger – Die wertschöpfende Mitte meldet sich zu Wort (27.1.2024) Bauernproteste – Erwerbsbetriebe – Einkommen (17.1.2024) Die Angst vor den Bauern (10.1.2024) Bauernproteste 8.1. in Freiburg (8.1.2024) The Power of the Bauer (7.1.2024) Natürlich &hellip; <a href="https://www.freiburg-schwarzwald.de/blog/natur/landwirt/bauern-rechts/">Weiterlesen <span class="meta-nav">&rarr;</span></a></p>
