{"id":118393,"date":"2023-12-17T19:03:35","date_gmt":"2023-12-17T18:03:35","guid":{"rendered":"https:\/\/www.freiburg-schwarzwald.de\/blog\/?page_id=118393"},"modified":"2024-10-15T14:14:38","modified_gmt":"2024-10-15T12:14:38","slug":"geschlechter","status":"publish","type":"page","link":"https:\/\/www.freiburg-schwarzwald.de\/blog\/bildung\/wissenschaft\/biologie\/geschlechter\/","title":{"rendered":"Geschlechter"},"content":{"rendered":"<p>Home &gt;<a title=\"Selbsthilfe\" href=\"https:\/\/www.freiburg-schwarzwald.de\/blog\/selbsthilfe\/\">Selbsthilfe<\/a>\u00a0&gt;<a title=\"Frauen\" href=\"https:\/\/www.freiburg-schwarzwald.de\/blog\/selbsthilfe\/frauen\/\">Frauen<\/a>\u00a0&gt;<a title=\"Maenner\" href=\"https:\/\/www.freiburg-schwarzwald.de\/blog\/selbsthilfe\/maenner\/\">Maenner<\/a> &gt;<a href=\"https:\/\/www.freiburg-schwarzwald.de\/blog\/selbsthilfe\/frauen\/gender\/\">Gender<\/a> &gt;Geschlechter<\/p>\n<div id=\"attachment_118103\" style=\"width: 649px\" class=\"wp-caption alignnone\"><a href=\"https:\/\/www.freiburg-schwarzwald.de\/blog\/wp-content\/uploads\/2023\/12\/kaki7hummelhof-pan231206.jpg\"><img loading=\"lazy\" decoding=\"async\" aria-describedby=\"caption-attachment-118103\" class=\"size-full wp-image-118103\" src=\"https:\/\/www.freiburg-schwarzwald.de\/blog\/wp-content\/uploads\/2023\/12\/kaki7hummelhof-pan231206.jpg\" alt=\"\" width=\"639\" height=\"414\" srcset=\"https:\/\/www.freiburg-schwarzwald.de\/blog\/wp-content\/uploads\/2023\/12\/kaki7hummelhof-pan231206.jpg 639w, https:\/\/www.freiburg-schwarzwald.de\/blog\/wp-content\/uploads\/2023\/12\/kaki7hummelhof-pan231206-180x117.jpg 180w\" sizes=\"auto, (max-width: 639px) 100vw, 639px\" \/><\/a><p id=\"caption-attachment-118103\" class=\"wp-caption-text\">Kaki-Fr\u00fcchte am Baum in Freiburg geerntet am 6.12.2023<\/p><\/div>\n<ul>\n<li><a href=\"https:\/\/www.freiburg-schwarzwald.de\/blog\/selbsthilfe\/frauen\/gender\/trans\/geschlechtsangleichung\/\">Rezension: Ahrbeck\/Felder \u201eWege und Irrwege der Sexualp\u00e4dagogik\u201c<\/a>\u00a0(15.10.2024)<\/li>\n<li><a href=\"https:\/\/www.freiburg-schwarzwald.de\/blog\/selbsthilfe\/frauen\/gender\/trans\/\">Selbstbestimmungsgesetz \u2013 vom Vorzeigeprojekt der Ampel zu einem ihrer gr\u00f6\u00dften Probleme<\/a> (22.1.2024)<\/li>\n<li><a href=\"https:\/\/www.freiburg-schwarzwald.de\/blog\/selbsthilfe\/frauen\/gender\/trans\/selbstbestimmungsgesetz\/\">Anh\u00f6rung als Farce: Wie die Ampel das Selbstbestimmungsgesetz durchpeitscht<\/a>\u00a0(20.12.2023)<\/li>\n<li>Marie-Luise Vollbrecht an HU Berlin: Ablehnung der Transgender-Ideologie (16.12.2023)<\/li>\n<li><\/li>\n<li><a href=\"https:\/\/www.freiburg-schwarzwald.de\/blog\/bildung\/wissenschaft\/biologie\/\">Biologie<\/a><\/li>\n<li><a href=\"https:\/\/www.freiburg-schwarzwald.de\/blog\/selbsthilfe\/frauen\/gender\/\">Gender<\/a><\/li>\n<li><a href=\"https:\/\/www.freiburg-schwarzwald.de\/blog\/selbsthilfe\/frauen\/gender\/trans\/geschlechtsangleichung\/\">Geschlechtsangleichung<\/a><\/li>\n<li><a href=\"https:\/\/www.freiburg-schwarzwald.de\/blog\/selbsthilfe\/frauen\/gender\/trans\/selbstbestimmungsgesetz\/\">Selbstbestimmungsgesetz<\/a><\/li>\n<li><a href=\"https:\/\/www.freiburg-schwarzwald.de\/blog\/selbsthilfe\/frauen\/gender\/trans\/\">Trans<\/a><\/li>\n<\/ul>\n<p>&nbsp;<\/p>\n<p><strong>Marie-Luise Vollbrecht an HU Berlin: Ablehnung der Transgender-Ideologie<\/strong><br \/>\n&#8230; Marie-Luise Vollbrecht konnte einen Erfolg gegen die Humboldt-Universit\u00e4t (HU) Berlin erzielen. Die dort t\u00e4tige Biologin war durch ihre Ablehnung der Transgender-Ideologie bekannt geworden. Von einem von ihr mitverfassten, einschl\u00e4gigen Artikel in der Welt, der vor anderthalb Jahren f\u00fcr Furore sorgte,<br \/>\nhttps:\/\/www.achgut.com\/artikel\/ausgestossene_der_woche_springer_verlag hatte sich die HU in einer Pressemitteilung distanziert. \u201eDie Meinungen, die Frau Vollbrecht [\u2026] vertreten hat, stehen nicht im Einklang mit dem Leitbild der HU und den von ihr vertretenen Werten.\u201c Der Hochschule wird durch ein Urteil des Verwaltungsgerichts Berlin \u2013 in erster Instanz, noch nicht rechtskr\u00e4ftig \u2013 untersagt, diese Aussage zu wiederholen. Aus der Begr\u00fcndung zitiert Vollbrechts Anwalt Ralf H\u00f6cker<br \/>\nhttps:\/\/www.hoecker.eu\/news\/erfolg-gegen-cancel-culture-an-universit%C3%A4ten-verwaltungsgericht-berlin-verbietet-humboldt-uni-absch%C3%A4tzige-pressemitteilung-%C3%BCber-biologin-marie-luise-vollbrecht<br \/>\n: \u201eDas allgemeine Pers\u00f6nlichkeitsrecht verbietet es grunds\u00e4tzlich dem unmittelbar an die Grundrechte gebundenen Staat, sich ohne rechtfertigenden Grund herabsetzend \u00fcber einen B\u00fcrger zu \u00e4u\u00dfern, etwa eine von diesem vertretene Meinung absch\u00e4tzig zu kommentieren.\u201c In der Vergangenheit war es noch generell un\u00fcblich, dass Unis sich allgemeinpolitisch oder zu Meinungen einzelner ihrer Angeh\u00f6rigen \u00e4u\u00dferten.<br \/>\n&#8230; Alles vom 15.12.2023 bitte lesen auf<br \/>\n<a href=\"https:\/\/www.achgut.com\/artikel\/ausgestossene_der_woche_jeremy_fragrance_und_gruene_traenen#leserpost_start\">https:\/\/www.achgut.com\/artikel\/ausgestossene_der_woche_jeremy_fragrance_und_gruene_traenen#leserpost_start<\/a><\/p>\n<p>Kommentar:<br \/>\n<strong>Biologie ist keine Meinung<\/strong><br \/>\nMarie-Luise Vollbrecht vertritt keine \u201eMeinungen\u201c, obwohl die Ausf\u00fchrungen \u00fcber ihre Meinungsfreiheit nat\u00fcrlich auch dann berechtigt und richtig w\u00e4ren, wenn sie es t\u00e4te. Aber sie ist Biologin, und wenn sie davon spricht, dass es beim Menschen ganze 2 und nicht mehr Geschlechter gibt (die wenigen echten Zwitter vereinen beide Geschlechter in einem K\u00f6rper, nicht aber ein 3. Geschlecht), dann \u00e4u\u00dfert sie sich zu einem Faktum, nicht zu einer Meinung. Dass es je nach Augenblickslaune und sexueller Gelegenheit beliebig viele Geschlechter gebe, ist bestenfalls eine Meinung. Frau Vollbrecht muss das Recht haben, Tatsachen nicht nur als Meinungen, sondern auch als naturwissenschaftlich erwiesene Fakten zu vertreten. Noch vor 10 Jahren w\u00e4re ihr Vortrag unn\u00f6tig oder jedenfalls nicht skandal\u00f6s gewesen. Heute ist er nicht deshalb skandal\u00f6s, weil sie etwas Unzutreffendes gesagt h\u00e4tte, sondern im Gegenteil, weil sie die Wahrheit gesagt hat.<br \/>\n&#8230; Alles vom 16.12.2023 von Gudrun Meyer bitte lesen auf<br \/>\n<a href=\"https:\/\/www.achgut.com\/artikel\/leserkommentar_der_woche_Biologie_ist_keine_Meinung\">https:\/\/www.achgut.com\/artikel\/leserkommentar_der_woche_Biologie_ist_keine_Meinung<\/a><\/p>\n","protected":false},"excerpt":{"rendered":"<p>Home &gt;Selbsthilfe\u00a0&gt;Frauen\u00a0&gt;Maenner &gt;Gender &gt;Geschlechter Rezension: Ahrbeck\/Felder \u201eWege und Irrwege der Sexualp\u00e4dagogik\u201c\u00a0(15.10.2024) Selbstbestimmungsgesetz \u2013 vom Vorzeigeprojekt der Ampel zu einem ihrer gr\u00f6\u00dften Probleme (22.1.2024) Anh\u00f6rung als Farce: Wie die Ampel das Selbstbestimmungsgesetz durchpeitscht\u00a0(20.12.2023) Marie-Luise Vollbrecht an HU Berlin: Ablehnung der Transgender-Ideologie &hellip; <a href=\"https:\/\/www.freiburg-schwarzwald.de\/blog\/bildung\/wissenschaft\/biologie\/geschlechter\/\">Weiterlesen <span class=\"meta-nav\">&rarr;<\/span><\/a><\/p>\n","protected":false},"author":2,"featured_media":0,"parent":81870,"menu_order":0,"comment_status":"closed","ping_status":"closed","template":"","meta":{"footnotes":""},"class_list":["post-118393","page","type-page","status-publish","hentry"],"_links":{"self":[{"href":"https:\/\/www.freiburg-schwarzwald.de\/blog\/wp-json\/wp\/v2\/pages\/118393","targetHints":{"allow":["GET"]}}],"collection":[{"href":"https:\/\/www.freiburg-schwarzwald.de\/blog\/wp-json\/wp\/v2\/pages"}],"about":[{"href":"https:\/\/www.freiburg-schwarzwald.de\/blog\/wp-json\/wp\/v2\/types\/page"}],"author":[{"embeddable":true,"href":"https:\/\/www.freiburg-schwarzwald.de\/blog\/wp-json\/wp\/v2\/users\/2"}],"replies":[{"embeddable":true,"href":"https:\/\/www.freiburg-schwarzwald.de\/blog\/wp-json\/wp\/v2\/comments?post=118393"}],"version-history":[{"count":5,"href":"https:\/\/www.freiburg-schwarzwald.de\/blog\/wp-json\/wp\/v2\/pages\/118393\/revisions"}],"predecessor-version":[{"id":127489,"href":"https:\/\/www.freiburg-schwarzwald.de\/blog\/wp-json\/wp\/v2\/pages\/118393\/revisions\/127489"}],"up":[{"embeddable":true,"href":"https:\/\/www.freiburg-schwarzwald.de\/blog\/wp-json\/wp\/v2\/pages\/81870"}],"wp:attachment":[{"href":"https:\/\/www.freiburg-schwarzwald.de\/blog\/wp-json\/wp\/v2\/media?parent=118393"}],"curies":[{"name":"wp","href":"https:\/\/api.w.org\/{rel}","templated":true}]}}

<p>Home &gt;<a title="Selbsthilfe" href="https://www.freiburg-schwarzwald.de/blog/selbsthilfe/">Selbsthilfe</a> &gt;<a title="Frauen" href="https://www.freiburg-schwarzwald.de/blog/selbsthilfe/frauen/">Frauen</a> &gt;<a title="Maenner" href="https://www.freiburg-schwarzwald.de/blog/selbsthilfe/maenner/">Maenner</a> &gt;<a href="https://www.freiburg-schwarzwald.de/blog/selbsthilfe/frauen/gender/">Gender</a> &gt;Geschlechter</p>
<div id="attachment_118103" style="width: 649px" class="wp-caption alignnone"><a href="https://www.freiburg-schwarzwald.de/blog/wp-content/uploads/2023/12/kaki7hummelhof-pan231206.jpg"><img loading="lazy" decoding="async" aria-describedby="caption-attachment-118103" class="size-full wp-image-118103" src="https://www.freiburg-schwarzwald.de/blog/wp-content/uploads/2023/12/kaki7hummelhof-pan231206.jpg" alt="" width="639" height="414" srcset="https://www.freiburg-schwarzwald.de/blog/wp-content/uploads/2023/12/kaki7hummelhof-pan231206.jpg 639w, https://www.freiburg-schwarzwald.de/blog/wp-content/uploads/2023/12/kaki7hummelhof-pan231206-180x117.jpg 180w" sizes="auto, (max-width: 639px) 100vw, 639px" /></a><p id="caption-attachment-118103" class="wp-caption-text">Kaki-Früchte am Baum in Freiburg geerntet am 6.12.2023</p></div>
<ul>
<li><a href="https://www.freiburg-schwarzwald.de/blog/selbsthilfe/frauen/gender/trans/geschlechtsangleichung/">Rezension: Ahrbeck/Felder „Wege und Irrwege der Sexualpädagogik“</a> (15.10.2024)</li>
<li><a href="https://www.freiburg-schwarzwald.de/blog/selbsthilfe/frauen/gender/trans/">Selbstbestimmungsgesetz – vom Vorzeigeprojekt der Ampel zu einem ihrer größten Probleme</a> (22.1.2024)</li>
<li><a href="https://www.freiburg-schwarzwald.de/blog/selbsthilfe/frauen/gender/trans/selbstbestimmungsgesetz/">Anhörung als Farce: Wie die Ampel das Selbstbestimmungsgesetz durchpeitscht</a> (20.12.2023)</li>
<li>Marie-Luise Vollbrecht an HU Berlin: Ablehnung der Transgender-Ideologie (16.12.2023)</li>
<li></li>
<li><a href="https://www.freiburg-schwarzwald.de/blog/bildung/wissenschaft/biologie/">Biologie</a></li>
<li><a href="https://www.freiburg-schwarzwald.de/blog/selbsthilfe/frauen/gender/">Gender</a></li>
<li><a href="https://www.freiburg-schwarzwald.de/blog/selbsthilfe/frauen/gender/trans/geschlechtsangleichung/">Geschlechtsangleichung</a></li>
<li><a href="https://www.freiburg-schwarzwald.de/blog/selbsthilfe/frauen/gender/trans/selbstbestimmungsgesetz/">Selbstbestimmungsgesetz</a></li>
<li><a href="https://www.freiburg-schwarzwald.de/blog/selbsthilfe/frauen/gender/trans/">Trans</a></li>
</ul>
<p>&nbsp;</p>
<p><strong>Marie-Luise Vollbrecht an HU Berlin: Ablehnung der Transgender-Ideologie</strong><br />
&#8230; Marie-Luise Vollbrecht konnte einen Erfolg gegen die Humboldt-Universität (HU) Berlin erzielen. Die dort tätige Biologin war durch ihre Ablehnung der Transgender-Ideologie bekannt geworden. Von einem von ihr mitverfassten, einschlägigen Artikel in der Welt, der vor anderthalb Jahren für Furore sorgte,<br />
https://www.achgut.com/artikel/ausgestossene_der_woche_springer_verlag hatte sich die HU in einer Pressemitteilung distanziert. „Die Meinungen, die Frau Vollbrecht […] vertreten hat, stehen nicht im Einklang mit dem Leitbild der HU und den von ihr vertretenen Werten.“ Der Hochschule wird durch ein Urteil des Verwaltungsgerichts Berlin – in erster Instanz, noch nicht rechtskräftig – untersagt, diese Aussage zu wiederholen. Aus der Begründung zitiert Vollbrechts Anwalt Ralf Höcker<br />
https://www.hoecker.eu/news/erfolg-gegen-cancel-culture-an-universit%C3%A4ten-verwaltungsgericht-berlin-verbietet-humboldt-uni-absch%C3%A4tzige-pressemitteilung-%C3%BCber-biologin-marie-luise-vollbrecht<br />
: „Das allgemeine Persönlichkeitsrecht verbietet es grundsätzlich dem unmittelbar an die Grundrechte gebundenen Staat, sich ohne rechtfertigenden Grund herabsetzend über einen Bürger zu äußern, etwa eine von diesem vertretene Meinung abschätzig zu kommentieren.“ In der Vergangenheit war es noch generell unüblich, dass Unis sich allgemeinpolitisch oder zu Meinungen einzelner ihrer Angehörigen äußerten.<br />
&#8230; Alles vom 15.12.2023 bitte lesen auf<br />
<a href="https://www.achgut.com/artikel/ausgestossene_der_woche_jeremy_fragrance_und_gruene_traenen#leserpost_start">https://www.achgut.com/artikel/ausgestossene_der_woche_jeremy_fragrance_und_gruene_traenen#leserpost_start</a></p>
<p>Kommentar:<br />
<strong>Biologie ist keine Meinung</strong><br />
Marie-Luise Vollbrecht vertritt keine „Meinungen“, obwohl die Ausführungen über ihre Meinungsfreiheit natürlich auch dann berechtigt und richtig wären, wenn sie es täte. Aber sie ist Biologin, und wenn sie davon spricht, dass es beim Menschen ganze 2 und nicht mehr Geschlechter gibt (die wenigen echten Zwitter vereinen beide Geschlechter in einem Körper, nicht aber ein 3. Geschlecht), dann äußert sie sich zu einem Faktum, nicht zu einer Meinung. Dass es je nach Augenblickslaune und sexueller Gelegenheit beliebig viele Geschlechter gebe, ist bestenfalls eine Meinung. Frau Vollbrecht muss das Recht haben, Tatsachen nicht nur als Meinungen, sondern auch als naturwissenschaftlich erwiesene Fakten zu vertreten. Noch vor 10 Jahren wäre ihr Vortrag unnötig oder jedenfalls nicht skandalös gewesen. Heute ist er nicht deshalb skandalös, weil sie etwas Unzutreffendes gesagt hätte, sondern im Gegenteil, weil sie die Wahrheit gesagt hat.<br />
&#8230; Alles vom 16.12.2023 von Gudrun Meyer bitte lesen auf<br />
<a href="https://www.achgut.com/artikel/leserkommentar_der_woche_Biologie_ist_keine_Meinung">https://www.achgut.com/artikel/leserkommentar_der_woche_Biologie_ist_keine_Meinung</a></p>

<p>Home &gt;Selbsthilfe &gt;Frauen &gt;Maenner &gt;Gender &gt;Geschlechter Rezension: Ahrbeck/Felder „Wege und Irrwege der Sexualpädagogik“ (15.10.2024) Selbstbestimmungsgesetz – vom Vorzeigeprojekt der Ampel zu einem ihrer größten Probleme (22.1.2024) Anhörung als Farce: Wie die Ampel das Selbstbestimmungsgesetz durchpeitscht (20.12.2023) Marie-Luise Vollbrecht an HU Berlin: Ablehnung der Transgender-Ideologie &hellip; <a href="https://www.freiburg-schwarzwald.de/blog/bildung/wissenschaft/biologie/geschlechter/">Weiterlesen <span class="meta-nav">&rarr;</span></a></p>
