{"id":118221,"date":"2023-12-11T16:27:53","date_gmt":"2023-12-11T15:27:53","guid":{"rendered":"https:\/\/www.freiburg-schwarzwald.de\/blog\/?page_id=118221"},"modified":"2026-04-27T09:10:15","modified_gmt":"2026-04-27T07:10:15","slug":"nuklear","status":"publish","type":"page","link":"https:\/\/www.freiburg-schwarzwald.de\/blog\/energie\/akw\/nuklear\/","title":{"rendered":"Nuklear"},"content":{"rendered":"<p>Home &gt;<a title=\"Energie\" href=\"https:\/\/www.freiburg-schwarzwald.de\/blog\/energie\/\">Energie<\/a>\u00a0&gt;<a title=\"AKW\" href=\"https:\/\/www.freiburg-schwarzwald.de\/blog\/energie\/akw\/\">AKW<\/a> &gt;<a href=\"https:\/\/www.freiburg-schwarzwald.de\/blog\/energie\/akw\/kernkraft\/\">Kernkraft<\/a> &gt;Nuklear<\/p>\n<p><a href=\"https:\/\/www.freiburg-schwarzwald.de\/blog\/wp-content\/uploads\/2023\/12\/kaki7hummelhof231206.jpg\"><img loading=\"lazy\" decoding=\"async\" class=\"alignnone size-full wp-image-118118\" src=\"https:\/\/www.freiburg-schwarzwald.de\/blog\/wp-content\/uploads\/2023\/12\/kaki7hummelhof231206.jpg\" alt=\"\" width=\"1060\" height=\"795\" srcset=\"https:\/\/www.freiburg-schwarzwald.de\/blog\/wp-content\/uploads\/2023\/12\/kaki7hummelhof231206.jpg 1060w, https:\/\/www.freiburg-schwarzwald.de\/blog\/wp-content\/uploads\/2023\/12\/kaki7hummelhof231206-640x480.jpg 640w, https:\/\/www.freiburg-schwarzwald.de\/blog\/wp-content\/uploads\/2023\/12\/kaki7hummelhof231206-1024x768.jpg 1024w, https:\/\/www.freiburg-schwarzwald.de\/blog\/wp-content\/uploads\/2023\/12\/kaki7hummelhof231206-180x135.jpg 180w, https:\/\/www.freiburg-schwarzwald.de\/blog\/wp-content\/uploads\/2023\/12\/kaki7hummelhof231206-768x576.jpg 768w\" sizes=\"auto, (max-width: 1060px) 100vw, 1060px\" \/><\/a><\/p>\n<ul>\n<li><em>Listenauswahl eines Beitrags (Artikel\/Datum, Seite\/Inhalt): <span style=\"text-decoration: underline;\">Klicken<\/span> oder scrollen<\/em><\/li>\n<li><a href=\"https:\/\/www.freiburg-schwarzwald.de\/blog\/global\/japan\/fukushima\/\">Tschernobyl-Panik 40 Jahre 1996-2026<\/a>\u00a0(26.4.2026)<\/li>\n<li>Fakenuss spezial: Wenn deutsche Antikernkraft-Propagandisten \u00fcberhitzen (10.7.2025)<\/li>\n<li><a href=\"https:\/\/www.freiburg-schwarzwald.de\/blog\/engagement\/buergerinitiativen\/badisch-elsaessische-buergerinitiativen\/\">Vor 50 Jahren wurden die Badisch-Els\u00e4ssischen B\u00fcrgerinitiativen gegr\u00fcndet<\/a>\u00a0(2.8.2024)<\/li>\n<li>Welt-Nuklear-Gipfel Br\u00fcssel Mai 2023 (11.12.2023)<\/li>\n<li><\/li>\n<li><a href=\"https:\/\/www.freiburg-schwarzwald.de\/blog\/energie\/akw\/atomausstieg\/\">Atomausstieg<\/a><\/li>\n<\/ul>\n<p>&nbsp;<\/p>\n<p><strong>Fakenuss spezial: Wenn deutsche Antikernkraft-Propagandisten \u00fcberhitzen<\/strong><br \/>\nWegen der W\u00e4rme im Juni schlittert Frankreichs Atomkraft in die Krise \u2013 das verkaufen Stern, Zeit und Gr\u00fcne ihrem Publikum. Dabei stimmt das Gegenteil: Gerade die Stromversorgung im Nachbarland l\u00e4uft auch in Stresszeiten stabil<br \/>\n&#8230;.<br \/>\nNur herrscht in Frankreich wegen der minimalen Leistungsreduzierung weder eine Stromnot oder gar eine \u201eAKW-Hitzeflaute\u201c, noch ergibt sich daraus auch nur das geringste Argument, Deutschland sollte nicht wieder zur Kernkraft zur\u00fcckzukehren. Denn die Kernkraftwerke hierzulande mussten aus bautechnischen Gr\u00fcnden, um die es gleich gehen soll, selbst in hei\u00dfen Sommern sehr viel weniger R\u00fccksicht auf K\u00fchlgew\u00e4sser nehmen als die franz\u00f6sischen. Vor allem aber: Kernkraft, das zeigen alle Daten sehr deutlich, bleibt auch an den hei\u00dfesten Tagen des Jahres die zuverl\u00e4ssigste Art der Stromerzeugung \u00fcberhaupt.<br \/>\nZun\u00e4chst einmal: Die Betreiber fahren die Kraftwerke nicht herunter, weil das \u201eK\u00fchlwasser zu hei\u00df\u201c w\u00e4re. Mit dieser Formulierung suggerierte Spiegel Online am 2. Juli <a href=\"https:\/\/www.spiegel.de\/wissenschaft\/hitze-in-der-schweiz-akw-beznau-muss-heruntergefahren-werden-a-4794b4ba-a329-454c-9e2c-17f7a321c404\">https:\/\/www.spiegel.de\/wissenschaft\/hitze-in-der-schweiz-akw-beznau-muss-heruntergefahren-werden-a-4794b4ba-a329-454c-9e2c-17f7a321c404<\/a> seinen Lesern in einem Text \u00fcber die kurzzeitig gedrosselten Atommeiler Beznau in der Schweiz, die Kernkraftwerke bek\u00e4men ein Problem, wenn das Flusswasser eine bestimmte Temperatur erreicht. Noch plumper und falscher versucht es die schon mehrfach wegen Faktenverdrehungen aufgefallene Annika Joeres in der Zeit: \u201eFrankreichs Atomkraftwerke \u00fcberhitzen\u201c.<br \/>\n<a href=\"https:\/\/www.zeit.de\/wirtschaft\/2025-07\/kuehlwasser-kernkraftwerke-frankreich-hitzewelle-schweiz\">https:\/\/www.zeit.de\/wirtschaft\/2025-07\/kuehlwasser-kernkraftwerke-frankreich-hitzewelle-schweiz<\/a><br \/>\nDie Journalistin ver\u00f6ffentlicht nicht nur f\u00fcr die Zeit; bei der teils staatsfinanzierten Plattform \u201eCorrectiv\u201c schreibt sie als \u201eSenior Reporter\u201c. Die Leistungsreduktion der Atomkraftwerke in der Schweiz und Frankreich geschieht in Wirklichkeit, um Tierwelt und Fauna in den Fl\u00fcssen zu schonen, im Fall von Beznau die der Aare, deren Temperatur 25 Grad nicht \u00fcberschreiten sollte. Das Kraftwerk k\u00e4me technisch auch mit w\u00e4rmerem Flusswasser zurecht, genauso wie die Anlagen in Frankreich, von denen keine einzige \u201e\u00fcberhitzt\u201c.<br \/>\n&#8230;<br \/>\nWer sich \u00fcber die Stromerzeugung im Nachbarland informieren m\u00f6chte, findet hier \u00fcbrigens aufgeschl\u00fcsselt nach den jeweiligen Quellen Daten fast in Echtzeit.<br \/>\n<a href=\"https:\/\/www.rte-france.com\/en\/eco2mix\/power-generation-energy-source#\">https:\/\/www.rte-france.com\/en\/eco2mix\/power-generation-energy-source#<\/a><br \/>\nDie oben genannten Medien k\u00f6nnen vermutlich nicht anders: Nahezu jeder Text zu Energieerzeugung, der deutschen Energiewende und Klima enth\u00e4lt grobe Verzerrungen, Auslassungen und Falschbehauptungen. Besonders wild geht es regelm\u00e4\u00dfig beim Thema Kernkraft zu: Hier gibt es in den wohlmeinenden deutschen Redaktionen generell weder R\u00fccksicht auf Logik noch auf Statistiken.<br \/>\nEs bleibt dabei: Die beiden gr\u00f6\u00dften Feinde des deutschen Haltungsjournalismus hei\u00dfen: Zahlen und Fakten.<br \/>\n&#8230; Alles vom 10.7.2025 von Alexander Wendt bitte lesen auf<br \/>\n<a href=\"https:\/\/www.publicomag.com\/2025\/07\/fakenuss-spezialwenn-deutsche-antikernkraft-propagandisten-ueberhitzen\/\">https:\/\/www.publicomag.com\/2025\/07\/fakenuss-spezialwenn-deutsche-antikernkraft-propagandisten-ueberhitzen\/<\/a><\/p>\n<p>&nbsp;<\/p>\n<p><strong>Welt-Nuklear-Gipfel Br\u00fcssel Mai 2023<\/strong><br \/>\nIm Vorfeld (<a href=\"https:\/\/www.freiburg-schwarzwald.de\/blog\/natur\/klima\/cop\/\">der Cop28 in Dubai<\/a>) starteten 22 Staaten, davon 13 aus Europa, eine Initiative zur Verdreifachung der Kernkraft-Kapazit\u00e4ten bis 2050. Der Chef der Internationalen Atomenergie-Agentur (IAEA) Rafael Mariano Grossi und Belgiens Premier Alexander De Croo laden f\u00fcr den M\u00e4rz 2024 zum ersten \u201eWelt-Nuklear-Gipfel\u201c nach Br\u00fcssel ein. Deutschland sitzt dabei nicht mal am Katzentisch. Die hiesige Berichterstattung vermeidet die Erw\u00e4hnung der Kernenergie, da vom Kanzler zum toten Pferd erkl\u00e4rt. Nun stellt sich in Dubai heraus, dass der Gaul ganz sch\u00f6n trabt, nur nicht bei uns. Das sorgt international f\u00fcr Verwunderung mit Trend zur Belustigung.<br \/>\n,,, Alles vom 11.12.2023 von <a href=\"https:\/\/www.freiburg-schwarzwald.de\/blog\/natur\/klima\/klimapolitik\/\">Frank Hennig<\/a> bitte lesen auf<br \/>\n<a href=\"https:\/\/www.tichyseinblick.de\/kolumnen\/klima-durchblick\/cop-28-dubai-klimagipfel-kipppunkt\">https:\/\/www.tichyseinblick.de\/kolumnen\/klima-durchblick\/cop-28-dubai-klimagipfel-kipppunkt<\/a>\/<\/p>\n","protected":false},"excerpt":{"rendered":"<p>Home &gt;Energie\u00a0&gt;AKW &gt;Kernkraft &gt;Nuklear Listenauswahl eines Beitrags (Artikel\/Datum, Seite\/Inhalt): Klicken oder scrollen Tschernobyl-Panik 40 Jahre 1996-2026\u00a0(26.4.2026) Fakenuss spezial: Wenn deutsche Antikernkraft-Propagandisten \u00fcberhitzen (10.7.2025) Vor 50 Jahren wurden die Badisch-Els\u00e4ssischen B\u00fcrgerinitiativen gegr\u00fcndet\u00a0(2.8.2024) Welt-Nuklear-Gipfel Br\u00fcssel Mai 2023 (11.12.2023) Atomausstieg &nbsp; Fakenuss spezial: &hellip; <a href=\"https:\/\/www.freiburg-schwarzwald.de\/blog\/energie\/akw\/nuklear\/\">Weiterlesen <span class=\"meta-nav\">&rarr;<\/span><\/a><\/p>\n","protected":false},"author":2,"featured_media":0,"parent":1508,"menu_order":0,"comment_status":"closed","ping_status":"closed","template":"","meta":{"footnotes":""},"class_list":["post-118221","page","type-page","status-publish","hentry"],"_links":{"self":[{"href":"https:\/\/www.freiburg-schwarzwald.de\/blog\/wp-json\/wp\/v2\/pages\/118221","targetHints":{"allow":["GET"]}}],"collection":[{"href":"https:\/\/www.freiburg-schwarzwald.de\/blog\/wp-json\/wp\/v2\/pages"}],"about":[{"href":"https:\/\/www.freiburg-schwarzwald.de\/blog\/wp-json\/wp\/v2\/types\/page"}],"author":[{"embeddable":true,"href":"https:\/\/www.freiburg-schwarzwald.de\/blog\/wp-json\/wp\/v2\/users\/2"}],"replies":[{"embeddable":true,"href":"https:\/\/www.freiburg-schwarzwald.de\/blog\/wp-json\/wp\/v2\/comments?post=118221"}],"version-history":[{"count":5,"href":"https:\/\/www.freiburg-schwarzwald.de\/blog\/wp-json\/wp\/v2\/pages\/118221\/revisions"}],"predecessor-version":[{"id":148395,"href":"https:\/\/www.freiburg-schwarzwald.de\/blog\/wp-json\/wp\/v2\/pages\/118221\/revisions\/148395"}],"up":[{"embeddable":true,"href":"https:\/\/www.freiburg-schwarzwald.de\/blog\/wp-json\/wp\/v2\/pages\/1508"}],"wp:attachment":[{"href":"https:\/\/www.freiburg-schwarzwald.de\/blog\/wp-json\/wp\/v2\/media?parent=118221"}],"curies":[{"name":"wp","href":"https:\/\/api.w.org\/{rel}","templated":true}]}}

<p>Home &gt;<a title="Energie" href="https://www.freiburg-schwarzwald.de/blog/energie/">Energie</a> &gt;<a title="AKW" href="https://www.freiburg-schwarzwald.de/blog/energie/akw/">AKW</a> &gt;<a href="https://www.freiburg-schwarzwald.de/blog/energie/akw/kernkraft/">Kernkraft</a> &gt;Nuklear</p>
<p><a href="https://www.freiburg-schwarzwald.de/blog/wp-content/uploads/2023/12/kaki7hummelhof231206.jpg"><img loading="lazy" decoding="async" class="alignnone size-full wp-image-118118" src="https://www.freiburg-schwarzwald.de/blog/wp-content/uploads/2023/12/kaki7hummelhof231206.jpg" alt="" width="1060" height="795" srcset="https://www.freiburg-schwarzwald.de/blog/wp-content/uploads/2023/12/kaki7hummelhof231206.jpg 1060w, https://www.freiburg-schwarzwald.de/blog/wp-content/uploads/2023/12/kaki7hummelhof231206-640x480.jpg 640w, https://www.freiburg-schwarzwald.de/blog/wp-content/uploads/2023/12/kaki7hummelhof231206-1024x768.jpg 1024w, https://www.freiburg-schwarzwald.de/blog/wp-content/uploads/2023/12/kaki7hummelhof231206-180x135.jpg 180w, https://www.freiburg-schwarzwald.de/blog/wp-content/uploads/2023/12/kaki7hummelhof231206-768x576.jpg 768w" sizes="auto, (max-width: 1060px) 100vw, 1060px" /></a></p>
<ul>
<li><em>Listenauswahl eines Beitrags (Artikel/Datum, Seite/Inhalt): <span style="text-decoration: underline;">Klicken</span> oder scrollen</em></li>
<li><a href="https://www.freiburg-schwarzwald.de/blog/global/japan/fukushima/">Tschernobyl-Panik 40 Jahre 1996-2026</a> (26.4.2026)</li>
<li>Fakenuss spezial: Wenn deutsche Antikernkraft-Propagandisten überhitzen (10.7.2025)</li>
<li><a href="https://www.freiburg-schwarzwald.de/blog/engagement/buergerinitiativen/badisch-elsaessische-buergerinitiativen/">Vor 50 Jahren wurden die Badisch-Elsässischen Bürgerinitiativen gegründet</a> (2.8.2024)</li>
<li>Welt-Nuklear-Gipfel Brüssel Mai 2023 (11.12.2023)</li>
<li></li>
<li><a href="https://www.freiburg-schwarzwald.de/blog/energie/akw/atomausstieg/">Atomausstieg</a></li>
</ul>
<p>&nbsp;</p>
<p><strong>Fakenuss spezial: Wenn deutsche Antikernkraft-Propagandisten überhitzen</strong><br />
Wegen der Wärme im Juni schlittert Frankreichs Atomkraft in die Krise – das verkaufen Stern, Zeit und Grüne ihrem Publikum. Dabei stimmt das Gegenteil: Gerade die Stromversorgung im Nachbarland läuft auch in Stresszeiten stabil<br />
&#8230;.<br />
Nur herrscht in Frankreich wegen der minimalen Leistungsreduzierung weder eine Stromnot oder gar eine „AKW-Hitzeflaute“, noch ergibt sich daraus auch nur das geringste Argument, Deutschland sollte nicht wieder zur Kernkraft zurückzukehren. Denn die Kernkraftwerke hierzulande mussten aus bautechnischen Gründen, um die es gleich gehen soll, selbst in heißen Sommern sehr viel weniger Rücksicht auf Kühlgewässer nehmen als die französischen. Vor allem aber: Kernkraft, das zeigen alle Daten sehr deutlich, bleibt auch an den heißesten Tagen des Jahres die zuverlässigste Art der Stromerzeugung überhaupt.<br />
Zunächst einmal: Die Betreiber fahren die Kraftwerke nicht herunter, weil das „Kühlwasser zu heiß“ wäre. Mit dieser Formulierung suggerierte Spiegel Online am 2. Juli <a href="https://www.spiegel.de/wissenschaft/hitze-in-der-schweiz-akw-beznau-muss-heruntergefahren-werden-a-4794b4ba-a329-454c-9e2c-17f7a321c404">https://www.spiegel.de/wissenschaft/hitze-in-der-schweiz-akw-beznau-muss-heruntergefahren-werden-a-4794b4ba-a329-454c-9e2c-17f7a321c404</a> seinen Lesern in einem Text über die kurzzeitig gedrosselten Atommeiler Beznau in der Schweiz, die Kernkraftwerke bekämen ein Problem, wenn das Flusswasser eine bestimmte Temperatur erreicht. Noch plumper und falscher versucht es die schon mehrfach wegen Faktenverdrehungen aufgefallene Annika Joeres in der Zeit: „Frankreichs Atomkraftwerke überhitzen“.<br />
<a href="https://www.zeit.de/wirtschaft/2025-07/kuehlwasser-kernkraftwerke-frankreich-hitzewelle-schweiz">https://www.zeit.de/wirtschaft/2025-07/kuehlwasser-kernkraftwerke-frankreich-hitzewelle-schweiz</a><br />
Die Journalistin veröffentlicht nicht nur für die Zeit; bei der teils staatsfinanzierten Plattform „Correctiv“ schreibt sie als „Senior Reporter“. Die Leistungsreduktion der Atomkraftwerke in der Schweiz und Frankreich geschieht in Wirklichkeit, um Tierwelt und Fauna in den Flüssen zu schonen, im Fall von Beznau die der Aare, deren Temperatur 25 Grad nicht überschreiten sollte. Das Kraftwerk käme technisch auch mit wärmerem Flusswasser zurecht, genauso wie die Anlagen in Frankreich, von denen keine einzige „überhitzt“.<br />
&#8230;<br />
Wer sich über die Stromerzeugung im Nachbarland informieren möchte, findet hier übrigens aufgeschlüsselt nach den jeweiligen Quellen Daten fast in Echtzeit.<br />
<a href="https://www.rte-france.com/en/eco2mix/power-generation-energy-source#">https://www.rte-france.com/en/eco2mix/power-generation-energy-source#</a><br />
Die oben genannten Medien können vermutlich nicht anders: Nahezu jeder Text zu Energieerzeugung, der deutschen Energiewende und Klima enthält grobe Verzerrungen, Auslassungen und Falschbehauptungen. Besonders wild geht es regelmäßig beim Thema Kernkraft zu: Hier gibt es in den wohlmeinenden deutschen Redaktionen generell weder Rücksicht auf Logik noch auf Statistiken.<br />
Es bleibt dabei: Die beiden größten Feinde des deutschen Haltungsjournalismus heißen: Zahlen und Fakten.<br />
&#8230; Alles vom 10.7.2025 von Alexander Wendt bitte lesen auf<br />
<a href="https://www.publicomag.com/2025/07/fakenuss-spezialwenn-deutsche-antikernkraft-propagandisten-ueberhitzen/">https://www.publicomag.com/2025/07/fakenuss-spezialwenn-deutsche-antikernkraft-propagandisten-ueberhitzen/</a></p>
<p>&nbsp;</p>
<p><strong>Welt-Nuklear-Gipfel Brüssel Mai 2023</strong><br />
Im Vorfeld (<a href="https://www.freiburg-schwarzwald.de/blog/natur/klima/cop/">der Cop28 in Dubai</a>) starteten 22 Staaten, davon 13 aus Europa, eine Initiative zur Verdreifachung der Kernkraft-Kapazitäten bis 2050. Der Chef der Internationalen Atomenergie-Agentur (IAEA) Rafael Mariano Grossi und Belgiens Premier Alexander De Croo laden für den März 2024 zum ersten „Welt-Nuklear-Gipfel“ nach Brüssel ein. Deutschland sitzt dabei nicht mal am Katzentisch. Die hiesige Berichterstattung vermeidet die Erwähnung der Kernenergie, da vom Kanzler zum toten Pferd erklärt. Nun stellt sich in Dubai heraus, dass der Gaul ganz schön trabt, nur nicht bei uns. Das sorgt international für Verwunderung mit Trend zur Belustigung.<br />
,,, Alles vom 11.12.2023 von <a href="https://www.freiburg-schwarzwald.de/blog/natur/klima/klimapolitik/">Frank Hennig</a> bitte lesen auf<br />
<a href="https://www.tichyseinblick.de/kolumnen/klima-durchblick/cop-28-dubai-klimagipfel-kipppunkt">https://www.tichyseinblick.de/kolumnen/klima-durchblick/cop-28-dubai-klimagipfel-kipppunkt</a>/</p>

<p>Home &gt;Energie &gt;AKW &gt;Kernkraft &gt;Nuklear Listenauswahl eines Beitrags (Artikel/Datum, Seite/Inhalt): Klicken oder scrollen Tschernobyl-Panik 40 Jahre 1996-2026 (26.4.2026) Fakenuss spezial: Wenn deutsche Antikernkraft-Propagandisten überhitzen (10.7.2025) Vor 50 Jahren wurden die Badisch-Elsässischen Bürgerinitiativen gegründet (2.8.2024) Welt-Nuklear-Gipfel Brüssel Mai 2023 (11.12.2023) Atomausstieg &nbsp; Fakenuss spezial: &hellip; <a href="https://www.freiburg-schwarzwald.de/blog/energie/akw/nuklear/">Weiterlesen <span class="meta-nav">&rarr;</span></a></p>
