{"id":118214,"date":"2023-12-11T16:17:27","date_gmt":"2023-12-11T15:17:27","guid":{"rendered":"https:\/\/www.freiburg-schwarzwald.de\/blog\/?page_id=118214"},"modified":"2026-03-09T19:16:30","modified_gmt":"2026-03-09T18:16:30","slug":"aussenpolitik","status":"publish","type":"page","link":"https:\/\/www.freiburg-schwarzwald.de\/blog\/engagement\/zukunft\/demokratie\/politik\/aussenpolitik\/","title":{"rendered":"Aussenpolitik"},"content":{"rendered":"<p><a href=\"https:\/\/freiburg-schwarzwald.de\/blog\">Home<\/a>\u00a0&gt;<a title=\"Engagement\" href=\"https:\/\/www.freiburg-schwarzwald.de\/blog\/engagement\/\">Engagement<\/a>\u00a0&gt;<a title=\"Zukunft\" href=\"https:\/\/www.freiburg-schwarzwald.de\/blog\/engagement\/zukunft\/\">Zukunft<\/a>\u00a0&gt;<a title=\"Demokratie\" href=\"https:\/\/www.freiburg-schwarzwald.de\/blog\/engagement\/zukunft\/demokratie\/\">Demokratie<\/a> &gt;<a href=\"https:\/\/www.freiburg-schwarzwald.de\/blog\/engagement\/zukunft\/demokratie\/politik\/\">Politik<\/a> &gt;Aussenpolitik<\/p>\n<div id=\"attachment_117236\" style=\"width: 651px\" class=\"wp-caption alignnone\"><a href=\"https:\/\/www.freiburg-schwarzwald.de\/blog\/wp-content\/uploads\/2023\/11\/demo-wir-gemeinsam-pan2311.jpg\"><img loading=\"lazy\" decoding=\"async\" aria-describedby=\"caption-attachment-117236\" class=\"size-full wp-image-117236\" src=\"https:\/\/www.freiburg-schwarzwald.de\/blog\/wp-content\/uploads\/2023\/11\/demo-wir-gemeinsam-pan2311.jpg\" alt=\"\" width=\"641\" height=\"455\" srcset=\"https:\/\/www.freiburg-schwarzwald.de\/blog\/wp-content\/uploads\/2023\/11\/demo-wir-gemeinsam-pan2311.jpg 641w, https:\/\/www.freiburg-schwarzwald.de\/blog\/wp-content\/uploads\/2023\/11\/demo-wir-gemeinsam-pan2311-180x128.jpg 180w\" sizes=\"auto, (max-width: 641px) 100vw, 641px\" \/><\/a><p id=\"caption-attachment-117236\" class=\"wp-caption-text\">Gemeinsam unterwegs f\u00fcr Frieden, Freiheit und Demokratie<br \/>auf der Demo in Freiburg am 11.11.2023<\/p><\/div>\n<ul>\n<li><em>Listenauswahl eines Beitrags: Bitte\u00a0<span style=\"text-decoration: underline;\">anklicken<\/span>\u00a0oder runterscrollen<\/em><\/li>\n<li><a href=\"https:\/\/www.freiburg-schwarzwald.de\/blog\/global\/deutschland\/deutschland-iran\/\">Ahmet Refii Dener: Irankrieg \u2013 And the loser is Germany<\/a>\u00a0(3.3.2026)<\/li>\n<li><a href=\"https:\/\/www.freiburg-schwarzwald.de\/blog\/diskussionskultur-und-freiheit\/\">Diskussionskultur und Freiheit<\/a>\u00a0(21.4.2025)<\/li>\n<li>\u201ePal\u00e4stinenser k\u00f6nnen nur in Frieden leben, wenn Israelis gehen\u201c \u2013 Baerbock irritiert mit Versprecher bei CNN (11.7.2024)<\/li>\n<li><a href=\"https:\/\/www.freiburg-schwarzwald.de\/blog\/scholz-d-unhoeflich-zu-milei-ar\/\">Scholz\/D unh\u00f6flich zu Milei\/AR<\/a>\u00a0(25.6.2024)<\/li>\n<li><a href=\"https:\/\/www.freiburg-schwarzwald.de\/blog\/global\/deutschland\/deutsche-interessen\/\">S\u00f6llner: Deutscher Moralismus contra eigene Interessen<\/a>\u00a0(21.6.2024)<\/li>\n<li><a href=\"https:\/\/www.freiburg-schwarzwald.de\/blog\/global\/israel\/palaestina\/westbank\/\">Annalena Baerbock im Westjordanland \u2013 taktlos und ohne Gesp\u00fcr<\/a> (10.1.2024)<\/li>\n<li>Gesucht: Aussenpolitik statt Klimaaussenpolitikstrategie (11.12.2023)<\/li>\n<li><\/li>\n<li><a href=\"https:\/\/www.freiburg-schwarzwald.de\/blog\/natur\/klima\/cop\/\">COP<\/a><\/li>\n<li><a href=\"https:\/\/www.freiburg-schwarzwald.de\/blog\/global\/deutschland\/deutschland-iran\/\">Deutschland-Iran<\/a><\/li>\n<\/ul>\n<p>Die Aussenpolitik vertritt (eigentlich) die deutschen Interessen im Ausland<br \/>\n=============================================================<\/p>\n<p><strong>\u201ePal\u00e4stinenser k\u00f6nnen nur in Frieden leben, wenn Israelis gehen\u201c \u2013 Baerbock irritiert mit Versprecher bei CNN<\/strong><br \/>\nAu\u00dfenministerin Baerbock gab dem amerikanischen Fernsehen ein Interview und leistete sich einen peinlichen Versprecher: Statt einem \u201eLeben in Frieden\u201c w\u00fcnschte sie den Israelis, zu \u201egehen\u201c.<br \/>\n&#8230;<br \/>\n\u201eIsraelis k\u00f6nnen nur in Frieden leben, wenn Pal\u00e4stinenser in Frieden leben k\u00f6nnen. Und die Pal\u00e4stinenser k\u00f6nnen nur in Frieden leben, wenn die Israelis in Frieden leben k\u00f6nnen\u201c. Eine Allgemeinformel, ein Nicht-Satz \u2013 den Annalena Baerbock gegen\u00fcber dem amerikanischen Sender allerdings auf Englisch sagte. Dabei verpatzte Baerbock ein Wort und tauschte \u201elive\u201c, leben, mit \u201eleave\u201c, (weg)gehen.<br \/>\nDer ganze Satz verstand sich dann aber so: \u201eIsraelis k\u00f6nnen nur in Frieden leben, wenn die Pal\u00e4stinenser in Frieden leben k\u00f6nnen. Und die Pal\u00e4stinenser k\u00f6nnen nur in Frieden leben, wenn die Israelis in Frieden gehen\u201c. F\u00fcr eine deutsche Au\u00dfenministerin ein maximal ungl\u00fccklicher Versprecher \u2013 Pal\u00e4stinenser sollen leben, Israelis sollen gehen.<br \/>\n&#8230; Alles vom 11.7.2024 bitte lesen auf<br \/>\n<a href=\"https:\/\/apollo-news.net\/palaestinenser-koennen-nur-in-frieden-leben-wenn-israelis-gehen-baerbock-irritiert-mit-versprecher-bei-cnn\/\">https:\/\/apollo-news.net\/palaestinenser-koennen-nur-in-frieden-leben-wenn-israelis-gehen-baerbock-irritiert-mit-versprecher-bei-cnn\/<\/a><\/p>\n<p>&nbsp;<\/p>\n<p><strong>Gesucht: Aussenpolitik statt Klimaaussenpolitikstrategie<\/strong><br \/>\nDie \u201eKlimaau\u00dfenpolitik\u201c ist die Fortsetzung deutschen Gr\u00f6\u00dfenwahns mit anderen Mitteln. Andere L\u00e4nder haben Au\u00dfenministerien, um ihre Interessen in der Welt zu vertreten. Nicht so Deutschland, wo man Au\u00dfenpolitik als \u201eWeltinnenpolitik\u201c versteht und vor allem feministisch ganze Menschheitsaufgaben l\u00f6sen will. Vielleicht sollte man zun\u00e4chst an die deutschen Geiseln in der Hand der Hamas denken und jegliche umstrittenen Zahlungen in den Gaza-Streifen von ihrer Freilassung abh\u00e4ngig machen. Besser w\u00e4re, an alle Geiseln zu denken.<br \/>\nIm Mittelpunkt sollte stehen, Beitr\u00e4ge zum Frieden zu leisten, anstelle Auslandseins\u00e4tze der Bundeswehr zu veranstalten, die wie in Afghanistan und Mali als Flop enden. Deutschland will die globale Energiewende beschleunigen, liefert aber selbst das beste Beispiel, wie man es nicht machen sollte. Der Klimawandel wird zum gef\u00e4hrlichsten Problem stilisiert, dabei w\u00e4re er unser geringstes Problem, wenn der Krieg um die Ukraine eskaliert und wir reingezogen werden.<br \/>\n,,, Alles vom 11.12.2023 von Frank Hennig bitte lesen auf<br \/>\n<a href=\"https:\/\/www.tichyseinblick.de\/kolumnen\/klima-durchblick\/cop-28-dubai-klimagipfel-kipppunkt\/\">https:\/\/www.tichyseinblick.de\/kolumnen\/klima-durchblick\/cop-28-dubai-klimagipfel-kipppunkt\/<\/a><\/p>\n","protected":false},"excerpt":{"rendered":"<p>Home\u00a0&gt;Engagement\u00a0&gt;Zukunft\u00a0&gt;Demokratie &gt;Politik &gt;Aussenpolitik Listenauswahl eines Beitrags: Bitte\u00a0anklicken\u00a0oder runterscrollen Ahmet Refii Dener: Irankrieg \u2013 And the loser is Germany\u00a0(3.3.2026) Diskussionskultur und Freiheit\u00a0(21.4.2025) \u201ePal\u00e4stinenser k\u00f6nnen nur in Frieden leben, wenn Israelis gehen\u201c \u2013 Baerbock irritiert mit Versprecher bei CNN (11.7.2024) Scholz\/D unh\u00f6flich &hellip; <a href=\"https:\/\/www.freiburg-schwarzwald.de\/blog\/engagement\/zukunft\/demokratie\/politik\/aussenpolitik\/\">Weiterlesen <span class=\"meta-nav\">&rarr;<\/span><\/a><\/p>\n","protected":false},"author":2,"featured_media":0,"parent":72376,"menu_order":0,"comment_status":"closed","ping_status":"closed","template":"","meta":{"footnotes":""},"class_list":["post-118214","page","type-page","status-publish","hentry"],"_links":{"self":[{"href":"https:\/\/www.freiburg-schwarzwald.de\/blog\/wp-json\/wp\/v2\/pages\/118214","targetHints":{"allow":["GET"]}}],"collection":[{"href":"https:\/\/www.freiburg-schwarzwald.de\/blog\/wp-json\/wp\/v2\/pages"}],"about":[{"href":"https:\/\/www.freiburg-schwarzwald.de\/blog\/wp-json\/wp\/v2\/types\/page"}],"author":[{"embeddable":true,"href":"https:\/\/www.freiburg-schwarzwald.de\/blog\/wp-json\/wp\/v2\/users\/2"}],"replies":[{"embeddable":true,"href":"https:\/\/www.freiburg-schwarzwald.de\/blog\/wp-json\/wp\/v2\/comments?post=118214"}],"version-history":[{"count":6,"href":"https:\/\/www.freiburg-schwarzwald.de\/blog\/wp-json\/wp\/v2\/pages\/118214\/revisions"}],"predecessor-version":[{"id":146585,"href":"https:\/\/www.freiburg-schwarzwald.de\/blog\/wp-json\/wp\/v2\/pages\/118214\/revisions\/146585"}],"up":[{"embeddable":true,"href":"https:\/\/www.freiburg-schwarzwald.de\/blog\/wp-json\/wp\/v2\/pages\/72376"}],"wp:attachment":[{"href":"https:\/\/www.freiburg-schwarzwald.de\/blog\/wp-json\/wp\/v2\/media?parent=118214"}],"curies":[{"name":"wp","href":"https:\/\/api.w.org\/{rel}","templated":true}]}}