{"id":118075,"date":"2023-12-06T16:25:40","date_gmt":"2023-12-06T15:25:40","guid":{"rendered":"https:\/\/www.freiburg-schwarzwald.de\/blog\/?page_id=118075"},"modified":"2025-09-29T14:53:45","modified_gmt":"2025-09-29T12:53:45","slug":"world-climate","status":"publish","type":"page","link":"https:\/\/www.freiburg-schwarzwald.de\/blog\/natur\/klima\/world-climate\/","title":{"rendered":"World-Climate"},"content":{"rendered":"<p>Home &gt;<a title=\"Natur\" href=\"https:\/\/www.freiburg-schwarzwald.de\/blog\/natur\/\">Natur<\/a>\u00a0&gt;<a title=\"Klima\" href=\"https:\/\/www.freiburg-schwarzwald.de\/blog\/natur\/klima\/\">Klima<\/a>\u00a0&gt;<a title=\"Klimawandel-natuerlich\" href=\"https:\/\/www.freiburg-schwarzwald.de\/blog\/natur\/klima\/klimawandel-natuerlich\/\">Klimawandel-natuerlich<\/a>\u00a0&gt;<a href=\"https:\/\/www.freiburg-schwarzwald.de\/blog\/natur\/klima\/klimapolitik\/\">Klimapolitik<\/a> &gt;<a href=\"https:\/\/www.freiburg-schwarzwald.de\/blog\/natur\/klima\/weltklimarat\/\">Weltklimarat<\/a> &gt;World-Climate<\/p>\n<div id=\"attachment_118103\" style=\"width: 649px\" class=\"wp-caption alignnone\"><a href=\"https:\/\/www.freiburg-schwarzwald.de\/blog\/wp-content\/uploads\/2023\/12\/kaki7hummelhof-pan231206.jpg\"><img loading=\"lazy\" decoding=\"async\" aria-describedby=\"caption-attachment-118103\" class=\"size-full wp-image-118103\" src=\"https:\/\/www.freiburg-schwarzwald.de\/blog\/wp-content\/uploads\/2023\/12\/kaki7hummelhof-pan231206.jpg\" alt=\"\" width=\"639\" height=\"414\" srcset=\"https:\/\/www.freiburg-schwarzwald.de\/blog\/wp-content\/uploads\/2023\/12\/kaki7hummelhof-pan231206.jpg 639w, https:\/\/www.freiburg-schwarzwald.de\/blog\/wp-content\/uploads\/2023\/12\/kaki7hummelhof-pan231206-180x117.jpg 180w\" sizes=\"auto, (max-width: 639px) 100vw, 639px\" \/><\/a><p id=\"caption-attachment-118103\" class=\"wp-caption-text\">Kaki-Fr\u00fcchte am Baum in Freiburg geerntet am 6.12.2023<\/p><\/div>\n<ul>\n<li><em>Listenauswahl eines Beitrags (Artikel\/Datum, Seite\/Inhalt):\u00a0<span style=\"text-decoration: underline;\">Klicken<\/span>\u00a0oder scrollen<\/em><\/li>\n<li><a href=\"https:\/\/www.freiburg-schwarzwald.de\/blog\/traumsommer-trotz-klimawandel\/\">Traumsommer trotz Klimawandel<\/a>\u00a0(30.9.2025)<\/li>\n<li><a href=\"https:\/\/www.freiburg-schwarzwald.de\/blog\/natur\/klima\/klima-forschung\/klimawissenschaft\/\">Klima-Studie des PIK in Nature: Zweifel, R\u00fcckzug?<\/a>\u00a0(5.9.2025)<\/li>\n<li><a href=\"https:\/\/www.freiburg-schwarzwald.de\/blog\/natur\/wald\/regenwald\/\">Regenwald: COP30 in Belem\/Provinz Para \u2013 Von wegen Klimaschutz<\/a>\u00a0(25.4.2025)<\/li>\n<li><a href=\"https:\/\/www.freiburg-schwarzwald.de\/blog\/natur\/klima\/klima-system\/\">Neue Studie zeigt keine Ver\u00e4nderung der gr\u00f6\u00dften Ozean-Str\u00f6mung seit 60 Jahren<\/a> (18.1.2025)<\/li>\n<li><a href=\"https:\/\/www.freiburg-schwarzwald.de\/blog\/demokratie-salonsozialismus\/\">Demokratie \u2013 Salonsozialismus<\/a>\u00a0(3.9.2024)<\/li>\n<li><a href=\"https:\/\/www.freiburg-schwarzwald.de\/blog\/natur\/klima\/cop\/\">Nach Cop28 in Dubai: Klimagipfel am Kipppunkt?<\/a> (11.12.2023)<\/li>\n<li>Weltregierung oder Weltklima \u2013 worum geht es wirklich? (1.12.2023)<\/li>\n<li><a href=\"https:\/\/www.freiburg-schwarzwald.de\/blog\/global\/globalisierung\/world-government\/\">WorldGovernmentSummit oder WorldGovernmentsSummit?<\/a> (1.12.2023)<\/li>\n<li><\/li>\n<\/ul>\n<ul>\n<li><a href=\"https:\/\/www.freiburg-schwarzwald.de\/blog\/natur\/klima\/cop\/\">COP<\/a><\/li>\n<li><a title=\"CO2\" href=\"https:\/\/www.freiburg-schwarzwald.de\/blog\/natur\/klima\/co2\/\">CO2-Fu\u00dfabdruck \u2013 Carbon Footprint CF<\/a><\/li>\n<li><a href=\"https:\/\/www.freiburg-schwarzwald.de\/einsparen.htm\">Einsparen statt verschwenden<\/a>\u00a0&gt;Einsparen<\/li>\n<li><a title=\"Emissionshandel\" href=\"https:\/\/www.freiburg-schwarzwald.de\/blog\/natur\/klima\/emissionshandel\/\">Emissionshandel<\/a><\/li>\n<li><a title=\"FridaysForFuture\" href=\"https:\/\/www.freiburg-schwarzwald.de\/blog\/natur\/klima\/fridaysforfuture\/\">FridaysForFuture<\/a><\/li>\n<li><a href=\"https:\/\/www.freiburg-schwarzwald.de\/blog\/engagement\/zukunft\/demokratie\/grundgesetz\/grundgesetz-klima\/\">Grundgesetz-Klima<\/a><\/li>\n<li><a title=\"Gruen-Links\" href=\"https:\/\/www.freiburg-schwarzwald.de\/blog\/engagement\/zukunft\/demokratie\/gruen-links\/\">Gr\u00fcn-Links<\/a><\/li>\n<li><a title=\"Hitze\" href=\"https:\/\/www.freiburg-schwarzwald.de\/blog\/natur\/klima\/hitze\/\">Hitze<\/a><\/li>\n<li><a href=\"https:\/\/www.freiburg-schwarzwald.de\/blog\/natur\/klima\/weltklimarat\/\">IPCC<\/a><\/li>\n<li><a title=\"Klimagerechtigkeit\" href=\"https:\/\/www.freiburg-schwarzwald.de\/blog\/natur\/klima\/klimagerechtigkeit\/\">Klimagerechtigkeit<\/a><\/li>\n<li><a href=\"https:\/\/www.freiburg-schwarzwald.de\/blog\/natur\/klima\/klimanotstand\/\">Klimanotstand<\/a><\/li>\n<li><a href=\"https:\/\/www.freiburg-schwarzwald.de\/blog\/natur\/klima\/klima-angst\/\">Klima-Angst<\/a><\/li>\n<li><a href=\"https:\/\/www.freiburg-schwarzwald.de\/blog\/natur\/klima\/klima-first\/\">Klima-first<\/a><\/li>\n<li><a title=\"Klima-Forschung\" href=\"https:\/\/www.freiburg-schwarzwald.de\/blog\/natur\/klima\/klima-forschung\/\">Klima-Forschung<\/a><\/li>\n<li><a href=\"https:\/\/www.freiburg-schwarzwald.de\/blog\/natur\/klima\/klimapolitik\/klimapolitik-alternativ\/\">Klimapolitik-alternativ<\/a><\/li>\n<li><a title=\"Klimawandel-natuerlich\" href=\"https:\/\/www.freiburg-schwarzwald.de\/blog\/natur\/klima\/klimawandel-natuerlich\/\">Klimawandel-natuerlich<\/a><\/li>\n<li><a href=\"https:\/\/www.freiburg-schwarzwald.de\/blog\/natur\/klima\/menschengemacht\/\">Menschengemachter Klimawanel<\/a><\/li>\n<li><a title=\"Migrationspolitik\" href=\"https:\/\/www.freiburg-schwarzwald.de\/blog\/global\/migration\/migrationspolitik\/\">Migrationspolitik ab 2020<\/a><\/li>\n<li><a href=\"https:\/\/www.freiburg-schwarzwald.de\/blog\/global\/deutschland\/moral2015\/moralismus\/\">Moralismus<\/a><\/li>\n<li><a title=\"Nachhaltigkeit\" href=\"https:\/\/www.freiburg-schwarzwald.de\/blog\/natur\/klima\/nachhaltigkeit\/\">Nachhaltigkeit<\/a><\/li>\n<li><a href=\"https:\/\/www.freiburg-schwarzwald.de\/blog\/natur\/wald\/regenwald\/\">Regenwald<\/a><\/li>\n<li><a title=\"Religion\" href=\"https:\/\/www.freiburg-schwarzwald.de\/blog\/religion\/\">Religion<\/a><\/li>\n<li><a title=\"Schulstreik\" href=\"https:\/\/www.freiburg-schwarzwald.de\/blog\/bildung\/schulen\/schulstreik\/\">Schulstreik<\/a><\/li>\n<li><a title=\"Spaltung\" href=\"https:\/\/www.freiburg-schwarzwald.de\/blog\/global\/deutschland\/spaltung\/\">Spaltung der Gesellschaft<\/a><\/li>\n<li><a title=\"Suffizienz\" href=\"https:\/\/www.freiburg-schwarzwald.de\/blog\/engagement\/zukunft\/suffizienz\/\">Suffizienz<\/a><\/li>\n<li><a title=\"Transformation\" href=\"https:\/\/www.freiburg-schwarzwald.de\/blog\/natur\/klima\/transformation\/\">Transformation zur \u00d6kodiktatur<\/a><\/li>\n<li><a title=\"Umwelt\" href=\"https:\/\/www.freiburg-schwarzwald.de\/blog\/natur\/umwelt\/\">Umwelt<\/a><\/li>\n<li><a href=\"https:\/\/www.freiburg-schwarzwald.de\/blog\/natur\/klima\/weltklimarat\/\">Weltklimarat IPCC<\/a><\/li>\n<li><a title=\"Weltuntergang\" href=\"https:\/\/www.freiburg-schwarzwald.de\/blog\/natur\/klima\/weltuntergang\/\">Weltuntergang<\/a><\/li>\n<\/ul>\n<p>&nbsp;<\/p>\n<p><strong>Weltregierung oder Weltklima \u2013 worum geht es wirklich?<\/strong><br \/>\nIn der Zeit von Videokonferenzen ist es total wichtig, dass Polit-Funktion\u00e4re in den klimagek\u00fchlten W\u00fcstenstaat Dubai fliegen. Nur so kann das Klima gerettet werden! \u2013 Mal ernsthaft: Worum geht es wirklich? Nur Luxus-Sause oder etwas ganz anderes?<br \/>\n&#8230;<br \/>\nStatt \u00bbWorld Governments Summit\u00ab (<a href=\"https:\/\/www.worldgovernmentssummit.org\">https:\/\/www.worldgovernmentssummit.org<\/a>) hei\u00dft es nun: \u00bbWorld Climate Summit\u00ab (<a href=\"https:\/\/www.worldclimatesummit.org\">https:\/\/www.worldclimatesummit.org<\/a>). Hunderte deutsche Politik-Funktion\u00e4re reisen nach Dubai zur dekadenten Luxus-Sause, in ein Land mit einer der h\u00f6chsten CO\u2082-pro-Kopf-Produktion der Welt. Das ist etwa so glaubw\u00fcrdig wie die Veganer-Konferenz im Schlachthaus. In ein Land mit Wasserknappheit, das Wasser verschwendet wie wenige andere. In ein Land, in dem Menschenrechte nicht so viel gelten und der glitzernde Schein um so mehr.<br \/>\n&#8230;<br \/>\nDubai entlarvt immer wieder die unvorstellbare Dimension der westlichen Heuchelei. Unsere Politiker jetten in sp\u00e4tr\u00f6mischer Dekadenz zum Luxustrip in den W\u00fcstenstaat, um zum Thema \u00bbWeltregierung\u00ab gedrillt zu werden.<br \/>\nHabe ich \u00bbWeltregierung\u00ab gesagt? Oh, Pardon! Ich meine nat\u00fcrlich: Klimapolitik. Im deutschen Staatsfunk wird aber fast offen gesagt, worum es geht. Ich zitiere Werner Ecker vom SWR: \u00bbEs geht um den gr\u00f6\u00dften Umbau der Weltwirtschaft.\u00ab (tagesschau.de, 30.11.2023, <a href=\"https:\/\/www.tagesschau.de\/multimedia\/sendung\/tagesthemen\/video-1278740.html\">https:\/\/www.tagesschau.de\/multimedia\/sendung\/tagesthemen\/video-1278740.html<\/a>)<br \/>\nUnd wer kann so einen Umbau veranstalten? Zentrale Gremien, global agierende zentrale Gremien, man k\u00f6nnte auch sagen Weltregierung. Und es geht nat\u00fcrlich wieder um Umverteilung von deutschem Geld ins Ausland. Mal eben locker flockig hat Deutschland zugesagt, 100 Millionen Dollar in irgendeinen Fonds zu zahlen, der dann an \u00e4rmere, sprich, aller traurigen Erfahrung nach korruptere L\u00e4nder, von Deutschland weg umverteilt wird (tagesschau.de, 30.11.2023, <a href=\"https:\/\/www.tagesschau.de\/ausland\/asien\/cop28-klimagipfel-zusage-200-millionen-100.html\">https:\/\/www.tagesschau.de\/ausland\/asien\/cop28-klimagipfel-zusage-200-millionen-100.html<\/a>). Hauptsache, die deutschen Steuerzahler haben das Geld nicht mehr \u2013 jetzt \u00bbwegen Klima\u00ab.<br \/>\nIch glaube keine Sekunde, dass es denen wirklich um Klima und CO\u2082-Einsparungen geht. Schauen Sie einfach kurz, wo diese Leute sich treffen und wie sie dorthin kommen! Mit Privatjets in die Berge nach Davos, in die klimatisierte W\u00fcste nach Dubai und so weiter.<br \/>\n&#8230; Alles vom 1.12.2023 bitte lesen auf<br \/>\n<a href=\"https:\/\/www.dushanwegner.com\/weltklimaregierung\/\">https:\/\/www.dushanwegner.com\/weltklimaregierung\/<\/a><\/p>\n","protected":false},"excerpt":{"rendered":"<p>Home &gt;Natur\u00a0&gt;Klima\u00a0&gt;Klimawandel-natuerlich\u00a0&gt;Klimapolitik &gt;Weltklimarat &gt;World-Climate Listenauswahl eines Beitrags (Artikel\/Datum, Seite\/Inhalt):\u00a0Klicken\u00a0oder scrollen Traumsommer trotz Klimawandel\u00a0(30.9.2025) Klima-Studie des PIK in Nature: Zweifel, R\u00fcckzug?\u00a0(5.9.2025) Regenwald: COP30 in Belem\/Provinz Para \u2013 Von wegen Klimaschutz\u00a0(25.4.2025) Neue Studie zeigt keine Ver\u00e4nderung der gr\u00f6\u00dften Ozean-Str\u00f6mung seit 60 Jahren &hellip; <a href=\"https:\/\/www.freiburg-schwarzwald.de\/blog\/natur\/klima\/world-climate\/\">Weiterlesen <span class=\"meta-nav\">&rarr;<\/span><\/a><\/p>\n","protected":false},"author":2,"featured_media":0,"parent":503,"menu_order":0,"comment_status":"closed","ping_status":"closed","template":"","meta":{"footnotes":""},"class_list":["post-118075","page","type-page","status-publish","hentry"],"_links":{"self":[{"href":"https:\/\/www.freiburg-schwarzwald.de\/blog\/wp-json\/wp\/v2\/pages\/118075","targetHints":{"allow":["GET"]}}],"collection":[{"href":"https:\/\/www.freiburg-schwarzwald.de\/blog\/wp-json\/wp\/v2\/pages"}],"about":[{"href":"https:\/\/www.freiburg-schwarzwald.de\/blog\/wp-json\/wp\/v2\/types\/page"}],"author":[{"embeddable":true,"href":"https:\/\/www.freiburg-schwarzwald.de\/blog\/wp-json\/wp\/v2\/users\/2"}],"replies":[{"embeddable":true,"href":"https:\/\/www.freiburg-schwarzwald.de\/blog\/wp-json\/wp\/v2\/comments?post=118075"}],"version-history":[{"count":6,"href":"https:\/\/www.freiburg-schwarzwald.de\/blog\/wp-json\/wp\/v2\/pages\/118075\/revisions"}],"predecessor-version":[{"id":139523,"href":"https:\/\/www.freiburg-schwarzwald.de\/blog\/wp-json\/wp\/v2\/pages\/118075\/revisions\/139523"}],"up":[{"embeddable":true,"href":"https:\/\/www.freiburg-schwarzwald.de\/blog\/wp-json\/wp\/v2\/pages\/503"}],"wp:attachment":[{"href":"https:\/\/www.freiburg-schwarzwald.de\/blog\/wp-json\/wp\/v2\/media?parent=118075"}],"curies":[{"name":"wp","href":"https:\/\/api.w.org\/{rel}","templated":true}]}}

<p>Home &gt;<a title="Natur" href="https://www.freiburg-schwarzwald.de/blog/natur/">Natur</a> &gt;<a title="Klima" href="https://www.freiburg-schwarzwald.de/blog/natur/klima/">Klima</a> &gt;<a title="Klimawandel-natuerlich" href="https://www.freiburg-schwarzwald.de/blog/natur/klima/klimawandel-natuerlich/">Klimawandel-natuerlich</a> &gt;<a href="https://www.freiburg-schwarzwald.de/blog/natur/klima/klimapolitik/">Klimapolitik</a> &gt;<a href="https://www.freiburg-schwarzwald.de/blog/natur/klima/weltklimarat/">Weltklimarat</a> &gt;World-Climate</p>
<div id="attachment_118103" style="width: 649px" class="wp-caption alignnone"><a href="https://www.freiburg-schwarzwald.de/blog/wp-content/uploads/2023/12/kaki7hummelhof-pan231206.jpg"><img loading="lazy" decoding="async" aria-describedby="caption-attachment-118103" class="size-full wp-image-118103" src="https://www.freiburg-schwarzwald.de/blog/wp-content/uploads/2023/12/kaki7hummelhof-pan231206.jpg" alt="" width="639" height="414" srcset="https://www.freiburg-schwarzwald.de/blog/wp-content/uploads/2023/12/kaki7hummelhof-pan231206.jpg 639w, https://www.freiburg-schwarzwald.de/blog/wp-content/uploads/2023/12/kaki7hummelhof-pan231206-180x117.jpg 180w" sizes="auto, (max-width: 639px) 100vw, 639px" /></a><p id="caption-attachment-118103" class="wp-caption-text">Kaki-Früchte am Baum in Freiburg geerntet am 6.12.2023</p></div>
<ul>
<li><em>Listenauswahl eines Beitrags (Artikel/Datum, Seite/Inhalt): <span style="text-decoration: underline;">Klicken</span> oder scrollen</em></li>
<li><a href="https://www.freiburg-schwarzwald.de/blog/traumsommer-trotz-klimawandel/">Traumsommer trotz Klimawandel</a> (30.9.2025)</li>
<li><a href="https://www.freiburg-schwarzwald.de/blog/natur/klima/klima-forschung/klimawissenschaft/">Klima-Studie des PIK in Nature: Zweifel, Rückzug?</a> (5.9.2025)</li>
<li><a href="https://www.freiburg-schwarzwald.de/blog/natur/wald/regenwald/">Regenwald: COP30 in Belem/Provinz Para – Von wegen Klimaschutz</a> (25.4.2025)</li>
<li><a href="https://www.freiburg-schwarzwald.de/blog/natur/klima/klima-system/">Neue Studie zeigt keine Veränderung der größten Ozean-Strömung seit 60 Jahren</a> (18.1.2025)</li>
<li><a href="https://www.freiburg-schwarzwald.de/blog/demokratie-salonsozialismus/">Demokratie – Salonsozialismus</a> (3.9.2024)</li>
<li><a href="https://www.freiburg-schwarzwald.de/blog/natur/klima/cop/">Nach Cop28 in Dubai: Klimagipfel am Kipppunkt?</a> (11.12.2023)</li>
<li>Weltregierung oder Weltklima – worum geht es wirklich? (1.12.2023)</li>
<li><a href="https://www.freiburg-schwarzwald.de/blog/global/globalisierung/world-government/">WorldGovernmentSummit oder WorldGovernmentsSummit?</a> (1.12.2023)</li>
<li></li>
</ul>
<ul>
<li><a href="https://www.freiburg-schwarzwald.de/blog/natur/klima/cop/">COP</a></li>
<li><a title="CO2" href="https://www.freiburg-schwarzwald.de/blog/natur/klima/co2/">CO2-Fußabdruck – Carbon Footprint CF</a></li>
<li><a href="https://www.freiburg-schwarzwald.de/einsparen.htm">Einsparen statt verschwenden</a> &gt;Einsparen</li>
<li><a title="Emissionshandel" href="https://www.freiburg-schwarzwald.de/blog/natur/klima/emissionshandel/">Emissionshandel</a></li>
<li><a title="FridaysForFuture" href="https://www.freiburg-schwarzwald.de/blog/natur/klima/fridaysforfuture/">FridaysForFuture</a></li>
<li><a href="https://www.freiburg-schwarzwald.de/blog/engagement/zukunft/demokratie/grundgesetz/grundgesetz-klima/">Grundgesetz-Klima</a></li>
<li><a title="Gruen-Links" href="https://www.freiburg-schwarzwald.de/blog/engagement/zukunft/demokratie/gruen-links/">Grün-Links</a></li>
<li><a title="Hitze" href="https://www.freiburg-schwarzwald.de/blog/natur/klima/hitze/">Hitze</a></li>
<li><a href="https://www.freiburg-schwarzwald.de/blog/natur/klima/weltklimarat/">IPCC</a></li>
<li><a title="Klimagerechtigkeit" href="https://www.freiburg-schwarzwald.de/blog/natur/klima/klimagerechtigkeit/">Klimagerechtigkeit</a></li>
<li><a href="https://www.freiburg-schwarzwald.de/blog/natur/klima/klimanotstand/">Klimanotstand</a></li>
<li><a href="https://www.freiburg-schwarzwald.de/blog/natur/klima/klima-angst/">Klima-Angst</a></li>
<li><a href="https://www.freiburg-schwarzwald.de/blog/natur/klima/klima-first/">Klima-first</a></li>
<li><a title="Klima-Forschung" href="https://www.freiburg-schwarzwald.de/blog/natur/klima/klima-forschung/">Klima-Forschung</a></li>
<li><a href="https://www.freiburg-schwarzwald.de/blog/natur/klima/klimapolitik/klimapolitik-alternativ/">Klimapolitik-alternativ</a></li>
<li><a title="Klimawandel-natuerlich" href="https://www.freiburg-schwarzwald.de/blog/natur/klima/klimawandel-natuerlich/">Klimawandel-natuerlich</a></li>
<li><a href="https://www.freiburg-schwarzwald.de/blog/natur/klima/menschengemacht/">Menschengemachter Klimawanel</a></li>
<li><a title="Migrationspolitik" href="https://www.freiburg-schwarzwald.de/blog/global/migration/migrationspolitik/">Migrationspolitik ab 2020</a></li>
<li><a href="https://www.freiburg-schwarzwald.de/blog/global/deutschland/moral2015/moralismus/">Moralismus</a></li>
<li><a title="Nachhaltigkeit" href="https://www.freiburg-schwarzwald.de/blog/natur/klima/nachhaltigkeit/">Nachhaltigkeit</a></li>
<li><a href="https://www.freiburg-schwarzwald.de/blog/natur/wald/regenwald/">Regenwald</a></li>
<li><a title="Religion" href="https://www.freiburg-schwarzwald.de/blog/religion/">Religion</a></li>
<li><a title="Schulstreik" href="https://www.freiburg-schwarzwald.de/blog/bildung/schulen/schulstreik/">Schulstreik</a></li>
<li><a title="Spaltung" href="https://www.freiburg-schwarzwald.de/blog/global/deutschland/spaltung/">Spaltung der Gesellschaft</a></li>
<li><a title="Suffizienz" href="https://www.freiburg-schwarzwald.de/blog/engagement/zukunft/suffizienz/">Suffizienz</a></li>
<li><a title="Transformation" href="https://www.freiburg-schwarzwald.de/blog/natur/klima/transformation/">Transformation zur Ökodiktatur</a></li>
<li><a title="Umwelt" href="https://www.freiburg-schwarzwald.de/blog/natur/umwelt/">Umwelt</a></li>
<li><a href="https://www.freiburg-schwarzwald.de/blog/natur/klima/weltklimarat/">Weltklimarat IPCC</a></li>
<li><a title="Weltuntergang" href="https://www.freiburg-schwarzwald.de/blog/natur/klima/weltuntergang/">Weltuntergang</a></li>
</ul>
<p>&nbsp;</p>
<p><strong>Weltregierung oder Weltklima – worum geht es wirklich?</strong><br />
In der Zeit von Videokonferenzen ist es total wichtig, dass Polit-Funktionäre in den klimagekühlten Wüstenstaat Dubai fliegen. Nur so kann das Klima gerettet werden! – Mal ernsthaft: Worum geht es wirklich? Nur Luxus-Sause oder etwas ganz anderes?<br />
&#8230;<br />
Statt »World Governments Summit« (<a href="https://www.worldgovernmentssummit.org">https://www.worldgovernmentssummit.org</a>) heißt es nun: »World Climate Summit« (<a href="https://www.worldclimatesummit.org">https://www.worldclimatesummit.org</a>). Hunderte deutsche Politik-Funktionäre reisen nach Dubai zur dekadenten Luxus-Sause, in ein Land mit einer der höchsten CO₂-pro-Kopf-Produktion der Welt. Das ist etwa so glaubwürdig wie die Veganer-Konferenz im Schlachthaus. In ein Land mit Wasserknappheit, das Wasser verschwendet wie wenige andere. In ein Land, in dem Menschenrechte nicht so viel gelten und der glitzernde Schein um so mehr.<br />
&#8230;<br />
Dubai entlarvt immer wieder die unvorstellbare Dimension der westlichen Heuchelei. Unsere Politiker jetten in spätrömischer Dekadenz zum Luxustrip in den Wüstenstaat, um zum Thema »Weltregierung« gedrillt zu werden.<br />
Habe ich »Weltregierung« gesagt? Oh, Pardon! Ich meine natürlich: Klimapolitik. Im deutschen Staatsfunk wird aber fast offen gesagt, worum es geht. Ich zitiere Werner Ecker vom SWR: »Es geht um den größten Umbau der Weltwirtschaft.« (tagesschau.de, 30.11.2023, <a href="https://www.tagesschau.de/multimedia/sendung/tagesthemen/video-1278740.html">https://www.tagesschau.de/multimedia/sendung/tagesthemen/video-1278740.html</a>)<br />
Und wer kann so einen Umbau veranstalten? Zentrale Gremien, global agierende zentrale Gremien, man könnte auch sagen Weltregierung. Und es geht natürlich wieder um Umverteilung von deutschem Geld ins Ausland. Mal eben locker flockig hat Deutschland zugesagt, 100 Millionen Dollar in irgendeinen Fonds zu zahlen, der dann an ärmere, sprich, aller traurigen Erfahrung nach korruptere Länder, von Deutschland weg umverteilt wird (tagesschau.de, 30.11.2023, <a href="https://www.tagesschau.de/ausland/asien/cop28-klimagipfel-zusage-200-millionen-100.html">https://www.tagesschau.de/ausland/asien/cop28-klimagipfel-zusage-200-millionen-100.html</a>). Hauptsache, die deutschen Steuerzahler haben das Geld nicht mehr – jetzt »wegen Klima«.<br />
Ich glaube keine Sekunde, dass es denen wirklich um Klima und CO₂-Einsparungen geht. Schauen Sie einfach kurz, wo diese Leute sich treffen und wie sie dorthin kommen! Mit Privatjets in die Berge nach Davos, in die klimatisierte Wüste nach Dubai und so weiter.<br />
&#8230; Alles vom 1.12.2023 bitte lesen auf<br />
<a href="https://www.dushanwegner.com/weltklimaregierung/">https://www.dushanwegner.com/weltklimaregierung/</a></p>

<p>Home &gt;Natur &gt;Klima &gt;Klimawandel-natuerlich &gt;Klimapolitik &gt;Weltklimarat &gt;World-Climate Listenauswahl eines Beitrags (Artikel/Datum, Seite/Inhalt): Klicken oder scrollen Traumsommer trotz Klimawandel (30.9.2025) Klima-Studie des PIK in Nature: Zweifel, Rückzug? (5.9.2025) Regenwald: COP30 in Belem/Provinz Para – Von wegen Klimaschutz (25.4.2025) Neue Studie zeigt keine Veränderung der größten Ozean-Strömung seit 60 Jahren &hellip; <a href="https://www.freiburg-schwarzwald.de/blog/natur/klima/world-climate/">Weiterlesen <span class="meta-nav">&rarr;</span></a></p>
