{"id":117614,"date":"2023-11-22T20:56:45","date_gmt":"2023-11-22T19:56:45","guid":{"rendered":"https:\/\/www.freiburg-schwarzwald.de\/blog\/?page_id=117614"},"modified":"2026-01-13T16:10:31","modified_gmt":"2026-01-13T15:10:31","slug":"ueberwachung","status":"publish","type":"page","link":"https:\/\/www.freiburg-schwarzwald.de\/blog\/engagement\/zukunft\/demokratie\/freiheit\/ueberwachung\/","title":{"rendered":"Ueberwachung"},"content":{"rendered":"<p><a href=\"https:\/\/www.freiburg-schwarzwald.de\/blog\">Home<\/a>\u00a0&gt;<a title=\"Kultur\" href=\"https:\/\/www.freiburg-schwarzwald.de\/blog\/kultur\/\">Kultur<\/a>\u00a0&gt;<a href=\"https:\/\/www.freiburg-schwarzwald.de\/blog\/engagement\/zukunft\/demokratie\/\">Demokratie<\/a> &gt;<a href=\"https:\/\/www.freiburg-schwarzwald.de\/blog\/engagement\/zukunft\/demokratie\/denunziation\/\">Denunziation<\/a>\u00a0&gt;<a href=\"https:\/\/www.freiburg-schwarzwald.de\/blog\/engagement\/zukunft\/demokratie\/denunziation\/meldestellen\/\">Meldestellen<\/a> &gt;Ueberwachung<\/p>\n<div id=\"attachment_106890\" style=\"width: 650px\" class=\"wp-caption alignnone\"><a href=\"https:\/\/www.freiburg-schwarzwald.de\/blog\/wp-content\/uploads\/2022\/12\/demo-freiseinfreiburg6pan221203.jpg\"><img loading=\"lazy\" decoding=\"async\" aria-describedby=\"caption-attachment-106890\" class=\"size-full wp-image-106890\" src=\"https:\/\/www.freiburg-schwarzwald.de\/blog\/wp-content\/uploads\/2022\/12\/demo-freiseinfreiburg6pan221203.jpg\" alt=\"\" width=\"640\" height=\"348\" srcset=\"https:\/\/www.freiburg-schwarzwald.de\/blog\/wp-content\/uploads\/2022\/12\/demo-freiseinfreiburg6pan221203.jpg 640w, https:\/\/www.freiburg-schwarzwald.de\/blog\/wp-content\/uploads\/2022\/12\/demo-freiseinfreiburg6pan221203-180x98.jpg 180w\" sizes=\"auto, (max-width: 640px) 100vw, 640px\" \/><\/a><p id=\"caption-attachment-106890\" class=\"wp-caption-text\">Demo von FreiseinFreiburg am 3.12.2022: Freiheit und Grundrechte<\/p><\/div>\n<p>&nbsp;<\/p>\n<ul>\n<li><em>Listenauswahl eines Beitrags (Artikel\/Datum, Seite\/Inhalt):\u00a0<span style=\"text-decoration: underline;\">Klicken<\/span>\u00a0oder scrollen<\/em><\/li>\n<li>Boehme-Ne\u00dfler: &#8222;Deutschland ist auf dem Weg vom demokratischen Verfassungsstaat zum Einsch\u00fcchterungsstaat\u201c (11.1.2026)<\/li>\n<li><a href=\"https:\/\/www.freiburg-schwarzwald.de\/blog\/kultur\/medien\/social-media\/dsa\/\">CDU und CSU sind dabei, den totalen \u00dcberwachungsstaat zu errichten<\/a>\u00a0(10.1.2026)<\/li>\n<li><a href=\"https:\/\/www.freiburg-schwarzwald.de\/blog\/dsa-trick-meinungsfreiheit-eu\/\">DSA-Trick Meinungsfreiheit EU<\/a>\u00a0(26.11.2025)<\/li>\n<li><a href=\"https:\/\/www.freiburg-schwarzwald.de\/blog\/kultur\/medien\/zensur\/online-zensur\/\">Deutschland hat kein Desinformationsproblem, aber ein Zensurproblem<\/a>\u00a0(23.11.2025)<\/li>\n<li><a href=\"https:\/\/www.freiburg-schwarzwald.de\/blog\/kultur\/medien\/zensur\/online-zensur\/\">\u201eZensurnetzwerk\u201c Deutschland: Wie die Regierung mit NGOs die Meinungsfreiheit untergr\u00e4bt<\/a>\u00a0(22.11.2025)<\/li>\n<li><a href=\"https:\/\/www.freiburg-schwarzwald.de\/blog\/business\/gesund\/wearables\/\">Der \u00dcberwachungsstaat an deinem Handgelenk<\/a>\u00a0(6.8.2025)<\/li>\n<li><a href=\"https:\/\/www.freiburg-schwarzwald.de\/blog\/global\/migration\/masseneinwanderung\/\">Von muslimischer Massenmigration zum elektronischen \u00dcberwachungsstaat<\/a> (6.10.2024)<\/li>\n<li><a href=\"https:\/\/www.freiburg-schwarzwald.de\/blog\/engagement\/zukunft\/demokratie\/denunziation\/meldestellen\/\">Trusted Flaggers: Die letzte Schlacht um die Meinungsmacht im Internet hat begonnen<\/a> (9.10.2024)<\/li>\n<li><a href=\"https:\/\/www.freiburg-schwarzwald.de\/blog\/engagement\/zukunft\/demokratie\/demokratiefoerderung\/\">Joachim Steinh\u00f6fel: Die digitale Bevormundung<\/a>\u00a0(6.9.2024)<\/li>\n<li><a href=\"https:\/\/www.freiburg-schwarzwald.de\/blog\/engagement\/zukunft\/barbe\/\">Barbe zum 18.3.: Assange Haft \u2013 DDR 1990 Wahl \u2013 Loretta denunziert<\/a>\u00a0(18.3.2024)<\/li>\n<li><a href=\"https:\/\/www.freiburg-schwarzwald.de\/blog\/engagement\/zukunft\/demokratie\/denunziation\/\">Rektor denunziert Sch\u00fclerin \u2013 Polizei im Unterricht<\/a>\u00a0(16.3.2024)<\/li>\n<li><a href=\"https:\/\/www.freiburg-schwarzwald.de\/blog\/global\/deutschland\/gesellschaft\/zivilgesellschaft\/\">NGOs der Zivilgesellschaft: Verd\u00e4chtig staatsnah<\/a>\u00a0(16.2.2024)<\/li>\n<li><a href=\"https:\/\/www.freiburg-schwarzwald.de\/blog\/engagement\/zukunft\/demokratie\/demokratiefoerderung\/\">Amadeu Antonio Stiftung \u2013 Inoffizielle Ideologiebeh\u00f6rde des Familienministeriums<\/a>\u00a0(20.11.2023)<\/li>\n<li><\/li>\n<li><a href=\"https:\/\/www.freiburg-schwarzwald.de\/blog\/kultur\/medien\/social-media\/dsa\/\">DSA<\/a><\/li>\n<li><a href=\"https:\/\/www.freiburg-schwarzwald.de\/blog\/kultur\/medien\/zensur\/online-zensur\/\">Online-Zensur<\/a><\/li>\n<li><a href=\"https:\/\/www.freiburg-schwarzwald.de\/blog\/business\/gesund\/wearables\/\">Wearables<\/a><\/li>\n<\/ul>\n<p>&nbsp;<\/p>\n<p><strong>Boehme-Ne\u00dfler: &#8222;Deutschland ist auf dem Weg vom demokratischen Verfassungsstaat zum Einsch\u00fcchterungsstaat\u201c<\/strong><br \/>\n&#8230;<br \/>\nBoehme-Ne\u00dfler fordert ein Amnestiegesetz f\u00fcr die verh\u00e4ngten Strafen w\u00e4hrend der Coronakrise.<br \/>\n&#8230;<br \/>\nEs gibt in Ihrem Buch einen bemerkenswerten Satz, der ganz schlicht geschrieben ist. Sie sagen: \u201eAngstpolitik ist nicht mit der deutschen Verfassung, dem Grundgesetz vereinbar.\u201c Lassen Sie uns \u00fcber diese Angstpolitik sprechen. In der Coronazeit war sie allgegenw\u00e4rtig. K\u00f6nnen Sie diese derzeit auch beobachten?<br \/>\nNach aktuellen Umfragen hat knapp die H\u00e4lfte der B\u00fcrger Bedenken, ihre Meinung frei zu \u00e4u\u00dfern. F\u00fcr eine Demokratie ist das ein katastrophaler Wert. Das sind Auswirkungen der Angstpolitik. W\u00e4hrend der Coronazeit ist es unheilvolle Normalit\u00e4t geworden, Angst zu verbreiten. Die Politik hat immer wieder \u00c4ngste gesch\u00fcrt; die meisten Medien haben willig mitgemacht. Wer kritisch war oder Meinungen abseits des Mainstreams \u00e4u\u00dferte, wurde ganz schnell stigmatisiert und ausgegrenzt. Stigmatisieren und ausgrenzen \u2013 das weckt Ur\u00e4ngste im Menschen. Seit Corona geht das einfach weiter. Wer sich kritisch mit dem Meinungsmainstream auseinandersetzt, wird als rechts diffamiert, pers\u00f6nlich herabgesetzt und ausgegrenzt. Kritik an Spitzenpolitikern wird v\u00f6llig unverh\u00e4ltnism\u00e4\u00dfig geahndet: F\u00fcr freche Memes gibt es nicht selten Hausdurchsuchungen. Dabei lebt Demokratie von der Kritik, von der Meinung, die der Mehrheit widerspricht. Und nat\u00fcrlich ist das Grundrecht der Meinungsfreiheit eines der wichtigsten Grundrechte in der Verfassung. Trotzdem erstatten Spitzenpolitiker Hunderte, teilweise \u00fcber 1.000 Strafanzeigen wegen kritischer Bemerkungen, von denen sie sich beleidigt f\u00fchlen. Nat\u00fcrlich sch\u00fcchtert das dann weiter ein. Die Traumata der Pandemiezeit werden immer wieder auf neue aktualisiert. Das ist Angstpolitik, die auf Dauer die Gesellschaft und die Demokratie zerst\u00f6rt.<br \/>\n.<br \/>\nIn welchem Zusammenhang stehen die W\u00fcrde des Menschen, des Staatsb\u00fcrgers und eine Politik der Angst?<br \/>\nAngstpolitik verletzt die Menschenw\u00fcrde. Die Menschenw\u00fcrde ist der h\u00f6chste Wert in unserem Rechtssystem. So sieht es jedenfalls das Grundgesetz, das in Artikel 1 ganz pr\u00e4gnant formuliert: \u201eDie W\u00fcrde des Menschen ist unantastbar.\u201c Die Menschenw\u00fcrde wird immer dann verletzt, wenn der Staat einen Menschen als Objekt behandelt, nicht als individuelles Subjekt mit eigenem Willen. Einen Menschen einzusch\u00fcchtern, in Angst zu versetzen, macht genau das: Der Mensch wird zum Objekt staatlicher Manipulationen, zum leicht zu beeinflussenden Untertanen. Das Grundgesetz will aber selbstbewusste B\u00fcrger mit Zivilcourage, keine eingesch\u00fcchterten Untertanen. Das hat die Politik v\u00f6llig aus dem Blick verloren.<br \/>\n&#8230; Alles vom 11.1.2026 von Marcus Kl\u00f6ckner mit Volker Boehme-Ne\u00dfler bitte lesen auf<br \/>\n<a href=\"https:\/\/www.nachdenkseiten.de\/?p=144668\">https:\/\/www.nachdenkseiten.de\/?p=144668<\/a><\/p>\n<p><em>Volker Boehme-Ne\u00dfler: Angstpolitik: Das Grundgesetz in der Krise <\/em><br \/>\n<em>\u2013 Von den Schrecken der Pandemie zur Vers\u00f6hnung der Gesellschaft. <\/em><br \/>\n<em>M\u00fcnchen 2025, Europa Verlag, gebundene Ausgabe, <\/em><br \/>\n<em>160 Seiten, ISBN 978-3958906686, 24 Euro.<\/em><\/p>\n<p>&nbsp;<\/p>\n","protected":false},"excerpt":{"rendered":"<p>Home\u00a0&gt;Kultur\u00a0&gt;Demokratie &gt;Denunziation\u00a0&gt;Meldestellen &gt;Ueberwachung &nbsp; Listenauswahl eines Beitrags (Artikel\/Datum, Seite\/Inhalt):\u00a0Klicken\u00a0oder scrollen Boehme-Ne\u00dfler: &#8222;Deutschland ist auf dem Weg vom demokratischen Verfassungsstaat zum Einsch\u00fcchterungsstaat\u201c (11.1.2026) CDU und CSU sind dabei, den totalen \u00dcberwachungsstaat zu errichten\u00a0(10.1.2026) DSA-Trick Meinungsfreiheit EU\u00a0(26.11.2025) Deutschland hat kein Desinformationsproblem, aber &hellip; <a href=\"https:\/\/www.freiburg-schwarzwald.de\/blog\/engagement\/zukunft\/demokratie\/freiheit\/ueberwachung\/\">Weiterlesen <span class=\"meta-nav\">&rarr;<\/span><\/a><\/p>\n","protected":false},"author":2,"featured_media":0,"parent":59789,"menu_order":0,"comment_status":"closed","ping_status":"closed","template":"","meta":{"footnotes":""},"class_list":["post-117614","page","type-page","status-publish","hentry"],"_links":{"self":[{"href":"https:\/\/www.freiburg-schwarzwald.de\/blog\/wp-json\/wp\/v2\/pages\/117614","targetHints":{"allow":["GET"]}}],"collection":[{"href":"https:\/\/www.freiburg-schwarzwald.de\/blog\/wp-json\/wp\/v2\/pages"}],"about":[{"href":"https:\/\/www.freiburg-schwarzwald.de\/blog\/wp-json\/wp\/v2\/types\/page"}],"author":[{"embeddable":true,"href":"https:\/\/www.freiburg-schwarzwald.de\/blog\/wp-json\/wp\/v2\/users\/2"}],"replies":[{"embeddable":true,"href":"https:\/\/www.freiburg-schwarzwald.de\/blog\/wp-json\/wp\/v2\/comments?post=117614"}],"version-history":[{"count":5,"href":"https:\/\/www.freiburg-schwarzwald.de\/blog\/wp-json\/wp\/v2\/pages\/117614\/revisions"}],"predecessor-version":[{"id":144112,"href":"https:\/\/www.freiburg-schwarzwald.de\/blog\/wp-json\/wp\/v2\/pages\/117614\/revisions\/144112"}],"up":[{"embeddable":true,"href":"https:\/\/www.freiburg-schwarzwald.de\/blog\/wp-json\/wp\/v2\/pages\/59789"}],"wp:attachment":[{"href":"https:\/\/www.freiburg-schwarzwald.de\/blog\/wp-json\/wp\/v2\/media?parent=117614"}],"curies":[{"name":"wp","href":"https:\/\/api.w.org\/{rel}","templated":true}]}}

<p><a href="https://www.freiburg-schwarzwald.de/blog">Home</a> &gt;<a title="Kultur" href="https://www.freiburg-schwarzwald.de/blog/kultur/">Kultur</a> &gt;<a href="https://www.freiburg-schwarzwald.de/blog/engagement/zukunft/demokratie/">Demokratie</a> &gt;<a href="https://www.freiburg-schwarzwald.de/blog/engagement/zukunft/demokratie/denunziation/">Denunziation</a> &gt;<a href="https://www.freiburg-schwarzwald.de/blog/engagement/zukunft/demokratie/denunziation/meldestellen/">Meldestellen</a> &gt;Ueberwachung</p>
<div id="attachment_106890" style="width: 650px" class="wp-caption alignnone"><a href="https://www.freiburg-schwarzwald.de/blog/wp-content/uploads/2022/12/demo-freiseinfreiburg6pan221203.jpg"><img loading="lazy" decoding="async" aria-describedby="caption-attachment-106890" class="size-full wp-image-106890" src="https://www.freiburg-schwarzwald.de/blog/wp-content/uploads/2022/12/demo-freiseinfreiburg6pan221203.jpg" alt="" width="640" height="348" srcset="https://www.freiburg-schwarzwald.de/blog/wp-content/uploads/2022/12/demo-freiseinfreiburg6pan221203.jpg 640w, https://www.freiburg-schwarzwald.de/blog/wp-content/uploads/2022/12/demo-freiseinfreiburg6pan221203-180x98.jpg 180w" sizes="auto, (max-width: 640px) 100vw, 640px" /></a><p id="caption-attachment-106890" class="wp-caption-text">Demo von FreiseinFreiburg am 3.12.2022: Freiheit und Grundrechte</p></div>
<p>&nbsp;</p>
<ul>
<li><em>Listenauswahl eines Beitrags (Artikel/Datum, Seite/Inhalt): <span style="text-decoration: underline;">Klicken</span> oder scrollen</em></li>
<li>Boehme-Neßler: &#8222;Deutschland ist auf dem Weg vom demokratischen Verfassungsstaat zum Einschüchterungsstaat“ (11.1.2026)</li>
<li><a href="https://www.freiburg-schwarzwald.de/blog/kultur/medien/social-media/dsa/">CDU und CSU sind dabei, den totalen Überwachungsstaat zu errichten</a> (10.1.2026)</li>
<li><a href="https://www.freiburg-schwarzwald.de/blog/dsa-trick-meinungsfreiheit-eu/">DSA-Trick Meinungsfreiheit EU</a> (26.11.2025)</li>
<li><a href="https://www.freiburg-schwarzwald.de/blog/kultur/medien/zensur/online-zensur/">Deutschland hat kein Desinformationsproblem, aber ein Zensurproblem</a> (23.11.2025)</li>
<li><a href="https://www.freiburg-schwarzwald.de/blog/kultur/medien/zensur/online-zensur/">„Zensurnetzwerk“ Deutschland: Wie die Regierung mit NGOs die Meinungsfreiheit untergräbt</a> (22.11.2025)</li>
<li><a href="https://www.freiburg-schwarzwald.de/blog/business/gesund/wearables/">Der Überwachungsstaat an deinem Handgelenk</a> (6.8.2025)</li>
<li><a href="https://www.freiburg-schwarzwald.de/blog/global/migration/masseneinwanderung/">Von muslimischer Massenmigration zum elektronischen Überwachungsstaat</a> (6.10.2024)</li>
<li><a href="https://www.freiburg-schwarzwald.de/blog/engagement/zukunft/demokratie/denunziation/meldestellen/">Trusted Flaggers: Die letzte Schlacht um die Meinungsmacht im Internet hat begonnen</a> (9.10.2024)</li>
<li><a href="https://www.freiburg-schwarzwald.de/blog/engagement/zukunft/demokratie/demokratiefoerderung/">Joachim Steinhöfel: Die digitale Bevormundung</a> (6.9.2024)</li>
<li><a href="https://www.freiburg-schwarzwald.de/blog/engagement/zukunft/barbe/">Barbe zum 18.3.: Assange Haft – DDR 1990 Wahl – Loretta denunziert</a> (18.3.2024)</li>
<li><a href="https://www.freiburg-schwarzwald.de/blog/engagement/zukunft/demokratie/denunziation/">Rektor denunziert Schülerin – Polizei im Unterricht</a> (16.3.2024)</li>
<li><a href="https://www.freiburg-schwarzwald.de/blog/global/deutschland/gesellschaft/zivilgesellschaft/">NGOs der Zivilgesellschaft: Verdächtig staatsnah</a> (16.2.2024)</li>
<li><a href="https://www.freiburg-schwarzwald.de/blog/engagement/zukunft/demokratie/demokratiefoerderung/">Amadeu Antonio Stiftung – Inoffizielle Ideologiebehörde des Familienministeriums</a> (20.11.2023)</li>
<li></li>
<li><a href="https://www.freiburg-schwarzwald.de/blog/kultur/medien/social-media/dsa/">DSA</a></li>
<li><a href="https://www.freiburg-schwarzwald.de/blog/kultur/medien/zensur/online-zensur/">Online-Zensur</a></li>
<li><a href="https://www.freiburg-schwarzwald.de/blog/business/gesund/wearables/">Wearables</a></li>
</ul>
<p>&nbsp;</p>
<p><strong>Boehme-Neßler: &#8222;Deutschland ist auf dem Weg vom demokratischen Verfassungsstaat zum Einschüchterungsstaat“</strong><br />
&#8230;<br />
Boehme-Neßler fordert ein Amnestiegesetz für die verhängten Strafen während der Coronakrise.<br />
&#8230;<br />
Es gibt in Ihrem Buch einen bemerkenswerten Satz, der ganz schlicht geschrieben ist. Sie sagen: „Angstpolitik ist nicht mit der deutschen Verfassung, dem Grundgesetz vereinbar.“ Lassen Sie uns über diese Angstpolitik sprechen. In der Coronazeit war sie allgegenwärtig. Können Sie diese derzeit auch beobachten?<br />
Nach aktuellen Umfragen hat knapp die Hälfte der Bürger Bedenken, ihre Meinung frei zu äußern. Für eine Demokratie ist das ein katastrophaler Wert. Das sind Auswirkungen der Angstpolitik. Während der Coronazeit ist es unheilvolle Normalität geworden, Angst zu verbreiten. Die Politik hat immer wieder Ängste geschürt; die meisten Medien haben willig mitgemacht. Wer kritisch war oder Meinungen abseits des Mainstreams äußerte, wurde ganz schnell stigmatisiert und ausgegrenzt. Stigmatisieren und ausgrenzen – das weckt Urängste im Menschen. Seit Corona geht das einfach weiter. Wer sich kritisch mit dem Meinungsmainstream auseinandersetzt, wird als rechts diffamiert, persönlich herabgesetzt und ausgegrenzt. Kritik an Spitzenpolitikern wird völlig unverhältnismäßig geahndet: Für freche Memes gibt es nicht selten Hausdurchsuchungen. Dabei lebt Demokratie von der Kritik, von der Meinung, die der Mehrheit widerspricht. Und natürlich ist das Grundrecht der Meinungsfreiheit eines der wichtigsten Grundrechte in der Verfassung. Trotzdem erstatten Spitzenpolitiker Hunderte, teilweise über 1.000 Strafanzeigen wegen kritischer Bemerkungen, von denen sie sich beleidigt fühlen. Natürlich schüchtert das dann weiter ein. Die Traumata der Pandemiezeit werden immer wieder auf neue aktualisiert. Das ist Angstpolitik, die auf Dauer die Gesellschaft und die Demokratie zerstört.<br />
.<br />
In welchem Zusammenhang stehen die Würde des Menschen, des Staatsbürgers und eine Politik der Angst?<br />
Angstpolitik verletzt die Menschenwürde. Die Menschenwürde ist der höchste Wert in unserem Rechtssystem. So sieht es jedenfalls das Grundgesetz, das in Artikel 1 ganz prägnant formuliert: „Die Würde des Menschen ist unantastbar.“ Die Menschenwürde wird immer dann verletzt, wenn der Staat einen Menschen als Objekt behandelt, nicht als individuelles Subjekt mit eigenem Willen. Einen Menschen einzuschüchtern, in Angst zu versetzen, macht genau das: Der Mensch wird zum Objekt staatlicher Manipulationen, zum leicht zu beeinflussenden Untertanen. Das Grundgesetz will aber selbstbewusste Bürger mit Zivilcourage, keine eingeschüchterten Untertanen. Das hat die Politik völlig aus dem Blick verloren.<br />
&#8230; Alles vom 11.1.2026 von Marcus Klöckner mit Volker Boehme-Neßler bitte lesen auf<br />
<a href="https://www.nachdenkseiten.de/?p=144668">https://www.nachdenkseiten.de/?p=144668</a></p>
<p><em>Volker Boehme-Neßler: Angstpolitik: Das Grundgesetz in der Krise </em><br />
<em>– Von den Schrecken der Pandemie zur Versöhnung der Gesellschaft. </em><br />
<em>München 2025, Europa Verlag, gebundene Ausgabe, </em><br />
<em>160 Seiten, ISBN 978-3958906686, 24 Euro.</em></p>
<p>&nbsp;</p>

<p>Home &gt;Kultur &gt;Demokratie &gt;Denunziation &gt;Meldestellen &gt;Ueberwachung &nbsp; Listenauswahl eines Beitrags (Artikel/Datum, Seite/Inhalt): Klicken oder scrollen Boehme-Neßler: &#8222;Deutschland ist auf dem Weg vom demokratischen Verfassungsstaat zum Einschüchterungsstaat“ (11.1.2026) CDU und CSU sind dabei, den totalen Überwachungsstaat zu errichten (10.1.2026) DSA-Trick Meinungsfreiheit EU (26.11.2025) Deutschland hat kein Desinformationsproblem, aber &hellip; <a href="https://www.freiburg-schwarzwald.de/blog/engagement/zukunft/demokratie/freiheit/ueberwachung/">Weiterlesen <span class="meta-nav">&rarr;</span></a></p>
