{"id":116411,"date":"2023-10-22T14:59:05","date_gmt":"2023-10-22T12:59:05","guid":{"rendered":"https:\/\/www.freiburg-schwarzwald.de\/blog\/?page_id=116411"},"modified":"2026-07-15T20:23:06","modified_gmt":"2026-07-15T18:23:06","slug":"gegendemonstration","status":"publish","type":"page","link":"https:\/\/www.freiburg-schwarzwald.de\/blog\/engagement\/buergerinitiativen\/demo\/gegendemonstration\/","title":{"rendered":"Gegendemonstration"},"content":{"rendered":"<p><a href=\"https:\/\/freiburg-schwarzwald.de\/blog\">Home<\/a>\u00a0&gt;<a title=\"Engagement\" href=\"https:\/\/www.freiburg-schwarzwald.de\/blog\/engagement\/\">Engagement<\/a> &gt;<a title=\"Demokratie\" href=\"https:\/\/www.freiburg-schwarzwald.de\/blog\/engagement\/zukunft\/demokratie\/\">Demokratie<\/a>\u00a0&gt;<a title=\"Buergerinitiativen\" href=\"https:\/\/www.freiburg-schwarzwald.de\/blog\/engagement\/buergerinitiativen\/\">Buergerinitiativen<\/a> &gt;<a href=\"https:\/\/www.freiburg-schwarzwald.de\/blog\/engagement\/buergerinitiativen\/demonstrationsrecht\/\">Demonstrationsrecht<\/a> &gt;Gegendemonstration<\/p>\n<div id=\"attachment_116414\" style=\"width: 649px\" class=\"wp-caption alignnone\"><a href=\"https:\/\/www.freiburg-schwarzwald.de\/blog\/wp-content\/uploads\/2023\/10\/kaki-feige-traube-esskastanie-pan231008-1.jpg\"><img loading=\"lazy\" decoding=\"async\" aria-describedby=\"caption-attachment-116414\" class=\"size-full wp-image-116414\" src=\"https:\/\/www.freiburg-schwarzwald.de\/blog\/wp-content\/uploads\/2023\/10\/kaki-feige-traube-esskastanie-pan231008-1.jpg\" alt=\"\" width=\"639\" height=\"370\" srcset=\"https:\/\/www.freiburg-schwarzwald.de\/blog\/wp-content\/uploads\/2023\/10\/kaki-feige-traube-esskastanie-pan231008-1.jpg 639w, https:\/\/www.freiburg-schwarzwald.de\/blog\/wp-content\/uploads\/2023\/10\/kaki-feige-traube-esskastanie-pan231008-1-180x104.jpg 180w\" sizes=\"auto, (max-width: 639px) 100vw, 639px\" \/><\/a><p id=\"caption-attachment-116414\" class=\"wp-caption-text\">Ernte in Freiburg: Kaki, Feige, Traube, Esskastanie am 17.10.2023<\/p><\/div>\n<ul>\n<li><em>Listenauswahl eines Beitrags (Artikel\/Datum, Seite\/Inhalt): <span style=\"text-decoration: underline;\">Klicken<\/span> oder scrollen<\/em><\/li>\n<li>F\u00fcr Menschenrechte demonstrieren, aber einem \u00dcberfallenen nicht helfen (12.7.2026)<\/li>\n<li><a href=\"https:\/\/www.freiburg-schwarzwald.de\/blog\/widersetzen-aber-ohne-gewalt\/\">Widersetzen \u2013 aber ohne Gewalt<\/a>\u00a0(9.7.2026)<\/li>\n<li><a href=\"https:\/\/www.freiburg-schwarzwald.de\/blog\/selbsthilfe\/krise\/gewalt\/linke-gewalt\/erfurt4juli2026afd-parteitag\/\">Attacken gegen Journalisten: \u201eFaschisten mit einem Presseausweis sind immer noch Faschisten\u201c<\/a>\u00a0(7.7.2026)<\/li>\n<li><a href=\"https:\/\/www.freiburg-schwarzwald.de\/blog\/selbsthilfe\/krise\/gewalt\/linke-gewalt\/erfurt4juli2026afd-parteitag\/\">Friedliche Demonstranten sch\u00fctzen linke Gewaltt\u00e4ter: Polizei warnt intern vor Strategie der AfD-Gegner<\/a>\u00a0(2.7.2026)<\/li>\n<li><a href=\"https:\/\/www.freiburg-schwarzwald.de\/blog\/selbsthilfe\/krise\/gewalt\/linke-gewalt\/giessen29nov2025linkegewalt\/\">Gie\u00dfen ist ein Kipppunkt<\/a>\u00a0(2.12.2025)<\/li>\n<li><a href=\"https:\/\/www.freiburg-schwarzwald.de\/blog\/giessen-muss-friedlich-bleiben\/\">Giessen mu\u00df friedlich bleiben<\/a>\u00a0(28.11.2025)<\/li>\n<li><a href=\"https:\/\/www.freiburg-schwarzwald.de\/blog\/kultur\/dichter\/literatur\/buchmesse\/seitenwechsel\/\">Linker Gegenprotest und linker Proprotest \u2013 Buchmesse Seitenwechsel<\/a> (10.10.2025)<\/li>\n<li><a href=\"https:\/\/www.freiburg-schwarzwald.de\/blog\/abtreibung-lebensrecht-kirk\/\">Abtreibung \u2013 Lebensrecht \u2013 Kirk<\/a>\u00a0(21.9.2025)<\/li>\n<li><a href=\"https:\/\/www.freiburg-schwarzwald.de\/blog\/diskussion-palmer-frohnmaier\/\">Diskussion Palmer \u2013 Frohnmaier<\/a>\u00a0(6.9.2025)<\/li>\n<li>Verbieten: Demonstration nein &#8211; Gegendemonstration ja (11.10.2023)<\/li>\n<li><\/li>\n<li><a href=\"https:\/\/www.freiburg-schwarzwald.de\/blog\/engagement\/buergerinitiativen\/demonstrationsrecht\/\">Demonstrationsrecht<\/a><\/li>\n<li><a href=\"https:\/\/www.freiburg-schwarzwald.de\/blog\/selbsthilfe\/krise\/gewalt\/linke-gewalt\/erfurt4juli2026afd-parteitag\/\">Erfurt4Juli2026Afd-Parteitag<\/a><\/li>\n<li><a href=\"https:\/\/www.freiburg-schwarzwald.de\/blog\/engagement\/buergerinitiativen\/friedensdemo\/\">Friedensdemo<\/a><\/li>\n<li><a href=\"https:\/\/www.freiburg-schwarzwald.de\/blog\/selbsthilfe\/krise\/gewalt\/linke-gewalt\/giessen29nov2025linkegewalt\/\">Gie\u00dfen29Nov2025LinkeGewalt<\/a><\/li>\n<li><a href=\"https:\/\/www.freiburg-schwarzwald.de\/blog\/engagement\/buergerinitiativen\/demo\/massendemonstrationen\/\">Massendemonstrationen<\/a><\/li>\n<\/ul>\n<p><strong>Bauern-Proteste ohne Gegendemonstrationen<\/strong><br \/>\nInteressant ist ja, da\u00df die Demonstrationen durch keinerlei\u00a0<a href=\"https:\/\/www.freiburg-schwarzwald.de\/blog\/engagement\/buergerinitiativen\/demo\/gegendemonstration\/\">Gegendemonstrationen<\/a>\u00a0der Antifa oder \u00e4hnlicher Unterst\u00fctzungextremisten der Ampel gest\u00f6rt wurden. Das liegt wohl daran, da\u00df sie mit den Bauern einen der wenigen noch wehrhaften Berufsst\u00e4nde gegen sich gehabt h\u00e4tten. Da war wohl das Risiko zu gro\u00df, eins auf die M\u00fctze zu bekommen.<br \/>\nKlaus Weber, Tichys Einblick 03\/2024, Seite 25.<br \/>\n========================================================<br \/>\n.<\/p>\n<p>&nbsp;<\/p>\n<p><strong>F\u00fcr Menschenrechte demonstrieren, aber einem \u00dcberfallenen nicht helfen<\/strong><br \/>\n<strong>Mut gibt es nur in der Masse<\/strong><br \/>\nDie angegriffenen Apollo News-Reporter in <a href=\"https:\/\/www.freiburg-schwarzwald.de\/blog\/selbsthilfe\/krise\/gewalt\/linke-gewalt\/erfurt4juli2026afd-parteitag\/\">Erfurt<\/a> blieben allein im Angesicht einer entgrenzten Masse. Menschen traten auf sie ein, die nichts \u00fcber sie wussten und nur einer Regel folgten: Wenn alle auf einen einschlagen, werden sie schon recht haben.<br \/>\nDer Tagesspiegel stellt die sehr berechtigte Frage: \u201eWarum haben sich von Hunderten Demonstrantinnen und Demonstranten, die f\u00fcr Demokratie und Menschenrechte k\u00e4mpfen wollten, nur wenige zwischen die Reporter und die Schl\u00e4ger gestellt?\u201c<br \/>\nIn der Tat ist das fast das Wesentliche, das von den Geschehnissen aus Erfurt bleibt. Am Anfang st\u00f6rt die Demonstranten die Kamera unserer Reporter. Dann beschleunigt es sich, bis irgendwann Hunderte einsteigen in einen Mob, der gr\u00f6hlt und schreit, der mit Flaschen wirft, der immer schneller l\u00e4uft und schlie\u00dflich schubst, schl\u00e4gt und tritt. Der Kopftritt kurz vor Eintreffen der Polizei markiert den Moment, in dem der Furor der Masse zur Siedehitze gekocht ist, in der totalen Entgrenzung zu allem bereit. Am Ende traten Menschen auf unsere Reporter ein, die nichts \u00fcber sie wussten, die nicht einmal die Entstehung des Konflikts miterlebt haben, weiter angeheizt von Durchsagen von der B\u00fchne. Diese Gewalt folgt irgendwann nur noch einer Logik: Wenn alle auf einen einschlagen, werden sie schon recht haben.<\/p>\n<p>Luisa Neubauer, wenige Meter entfernt von der Tat und bis heute ganz leise, hielt ein Schild hoch: \u201eSie haben Hass, wir haben Haltung\u201c. Genau das hatten sie nicht. Man hatte eben keine aufrechte Haltung, gestreckt zu H\u00f6herem, man b\u00fcckte sich zum Boden und lie\u00df sich, befreit von allen Zweifeln, gehen im Rudel.<\/p>\n<p>Totalit\u00e4re Regime konnten immer vor allem auf die Massenseele bauen, in der das bewusste Gewissen schwindet, der komplexe Charakter eines Individuums ausgeschaltet wird. Eine Masse kennt keine Verantwortung und keine Skepsis, sie ist angesteckt und gleichgeschaltet, gesteuert von plumpen, extremen Gef\u00fchlen. Die Masse bringt immer das Schlechteste am Menschen hervor. Nur aus dem Mob heraus waren Bilder wie diese m\u00f6glich.<\/p>\n<p>Der \u00c4rzte-Bassist Rodrigo Gonz\u00e1lez wird vom WDR gefragt, f\u00fcr wen er nicht bremsen w\u00fcrde &#8211; \u201ef\u00fcr Nazis\u201c, sagt er l\u00e4chelnd. Politische Morde sind bekanntlich sehr lustig. Auch das ist ein Ph\u00e4nomen: Die Leute, die am meisten von Weimar sprechen, haben in der Regel noch nicht einmal den Wikipedia-Artikel gelesen. Und so kommt es, dass die Widersetzen-Demonstranten zeigt, wie wenig diese Leute verstanden haben von der sogenannten Erinnerungskultur und ihren Lehren: bspw. von der unbedingten Pflicht des Einzelnen zur eigenen Urteilsbildung. Der Vater eines der T\u00e4ter entschuldigt den Angriff in Erfurt noch halb mit \u201eGruppendynamik\u201c &#8211; wollten wir aber gerade nie wieder gelten lassen, dass ja \u201ealle mitgemacht\u201c h\u00e4tten? Der Charakter eines B\u00fcrgers, wie ihn eine liberale Gesellschaft braucht, definiert sich aus seiner F\u00e4higkeit, sich der Masse zu verweigern, ihrem Sog zu widerstehen und auf einem eigenen Urteil zu beharren.<\/p>\n<p>Der Widersetzen-Sprecher liefert nach fast einer Woche im Stern eine explizite Nicht-Distanzierung von Gewalt und behauptet auch noch, unsere angegriffenen Reporter seien \u201emit der Absicht\u201c zur Demonstration gekommen, verpr\u00fcgelt zu werden. Das ist nicht nur ein ersch\u00fctternder Abgrund an Menschenfeindlichkeit; es zeigt einen Menschen als Sklaven einer politischen Masse, der es &#8211; berauscht von totalem moralischem \u00dcberlegenheitsgef\u00fchl &#8211; geschafft hat, sein eigenes Gewissen schlichtweg abzuschalten. Er verzichtet auf jede Nuance von Nachdenklichkeit und bleibt in seinen Positionen total &#8211; das geht so weit, dass selbst jeder Anflug von Mitgef\u00fchl angesichts von Kopftritten gegen Menschen abgedreht werden kann.<br \/>\nAll diese Szenen zeigen, welches Potenzial des Wahnsinns unter einer d\u00fcnnen zivilisatorischen Decke liegt &#8211; und welche Kraft die b\u00fcrgerliche Gesellschaft aufwenden muss, damit sie nicht in einen Mob kippt, wie wir ihn in Erfurt erlebt haben. Daf\u00fcr gibt es gerade in diesen Tagen nur ein Rezept: den Rechtsstaat. Er wird im Kern von all diesen Gewaltt\u00e4tern herausgefordert &#8211; auch von jenen, die uns nun auch mit einer Jagd auf unsere Mitarbeiter nach Feierabend aus Berlin vertreiben wollen. Sie wollen ihr eigenes politisches Gesetz durchsetzen. Das harte Durchgreifen der Polizei in Erfurt war das Beste, was f\u00fcr diese Demokratie und das Zusammenhaltsgef\u00fchl in der Gesellschaft in den vergangenen Monaten getan wurde.<br \/>\nUnsere Reporter in Erfurt sind alleine geblieben gegen einen Mob in einer Trance der Gewalt. Auch das ist das Bild, das bleibt: nur wer bei sich ist, kann nachdenken, nur der Einzelne hat ein Gewissen. Und Mut gibt es nur gegen die Masse.<br \/>\n12.7.2026 von Max Mannhart, Chefredakteur, bitte lesen auf <a href=\"https:\/\/www.apollo-news.net\">https:\/\/www.apollo-news.net<\/a><\/p>\n<p>&nbsp;<\/p>\n<p><strong>Verbieten: Demonstration nein &#8211; Gegendemonstration ja<\/strong><br \/>\nDas Demonstrationsrecht ist ein hohes Gut, genauso wie das Versammlungsrecht, Es ist ein Zeichen funktionierender Demokratie, wenn f\u00fcr oder gegen etwas demonstriert wird. Jede Demonstration ist zu begr\u00fc\u00dfen und gut &#8211; auch eine Demonstration gegen eine andere Demonstration &#8211; genannt Gegendemonstration.<br \/>\nDeshalb darf ein Verbot einer angemeldeten Demo nur dann verf\u00fcgt werden, wenn diese als Gegendemonstration durchgef\u00fchrt wird mit dem Hauptzweck, eine andere, genehmigte Demo zu st\u00f6ren und somit die <a href=\"https:\/\/www.freiburg-schwarzwald.de\/blog\/kultur\/medien\/meinungsfreiheit\/\">freie Meinungs\u00e4u\u00dferung<\/a> ihrer Teilnehmer zu beeintr\u00e4chtigen<br \/>\n11.10.2023<\/p>\n","protected":false},"excerpt":{"rendered":"<p>Home\u00a0&gt;Engagement &gt;Demokratie\u00a0&gt;Buergerinitiativen &gt;Demonstrationsrecht &gt;Gegendemonstration Listenauswahl eines Beitrags (Artikel\/Datum, Seite\/Inhalt): Klicken oder scrollen F\u00fcr Menschenrechte demonstrieren, aber einem \u00dcberfallenen nicht helfen (12.7.2026) Widersetzen \u2013 aber ohne Gewalt\u00a0(9.7.2026) Attacken gegen Journalisten: \u201eFaschisten mit einem Presseausweis sind immer noch Faschisten\u201c\u00a0(7.7.2026) Friedliche Demonstranten sch\u00fctzen &hellip; <a href=\"https:\/\/www.freiburg-schwarzwald.de\/blog\/engagement\/buergerinitiativen\/demo\/gegendemonstration\/\">Weiterlesen <span class=\"meta-nav\">&rarr;<\/span><\/a><\/p>\n","protected":false},"author":2,"featured_media":0,"parent":7192,"menu_order":0,"comment_status":"closed","ping_status":"closed","template":"","meta":{"footnotes":""},"class_list":["post-116411","page","type-page","status-publish","hentry"],"_links":{"self":[{"href":"https:\/\/www.freiburg-schwarzwald.de\/blog\/wp-json\/wp\/v2\/pages\/116411","targetHints":{"allow":["GET"]}}],"collection":[{"href":"https:\/\/www.freiburg-schwarzwald.de\/blog\/wp-json\/wp\/v2\/pages"}],"about":[{"href":"https:\/\/www.freiburg-schwarzwald.de\/blog\/wp-json\/wp\/v2\/types\/page"}],"author":[{"embeddable":true,"href":"https:\/\/www.freiburg-schwarzwald.de\/blog\/wp-json\/wp\/v2\/users\/2"}],"replies":[{"embeddable":true,"href":"https:\/\/www.freiburg-schwarzwald.de\/blog\/wp-json\/wp\/v2\/comments?post=116411"}],"version-history":[{"count":5,"href":"https:\/\/www.freiburg-schwarzwald.de\/blog\/wp-json\/wp\/v2\/pages\/116411\/revisions"}],"predecessor-version":[{"id":151554,"href":"https:\/\/www.freiburg-schwarzwald.de\/blog\/wp-json\/wp\/v2\/pages\/116411\/revisions\/151554"}],"up":[{"embeddable":true,"href":"https:\/\/www.freiburg-schwarzwald.de\/blog\/wp-json\/wp\/v2\/pages\/7192"}],"wp:attachment":[{"href":"https:\/\/www.freiburg-schwarzwald.de\/blog\/wp-json\/wp\/v2\/media?parent=116411"}],"curies":[{"name":"wp","href":"https:\/\/api.w.org\/{rel}","templated":true}]}}

<p><a href="https://freiburg-schwarzwald.de/blog">Home</a> &gt;<a title="Engagement" href="https://www.freiburg-schwarzwald.de/blog/engagement/">Engagement</a> &gt;<a title="Demokratie" href="https://www.freiburg-schwarzwald.de/blog/engagement/zukunft/demokratie/">Demokratie</a> &gt;<a title="Buergerinitiativen" href="https://www.freiburg-schwarzwald.de/blog/engagement/buergerinitiativen/">Buergerinitiativen</a> &gt;<a href="https://www.freiburg-schwarzwald.de/blog/engagement/buergerinitiativen/demonstrationsrecht/">Demonstrationsrecht</a> &gt;Gegendemonstration</p>
<div id="attachment_116414" style="width: 649px" class="wp-caption alignnone"><a href="https://www.freiburg-schwarzwald.de/blog/wp-content/uploads/2023/10/kaki-feige-traube-esskastanie-pan231008-1.jpg"><img loading="lazy" decoding="async" aria-describedby="caption-attachment-116414" class="size-full wp-image-116414" src="https://www.freiburg-schwarzwald.de/blog/wp-content/uploads/2023/10/kaki-feige-traube-esskastanie-pan231008-1.jpg" alt="" width="639" height="370" srcset="https://www.freiburg-schwarzwald.de/blog/wp-content/uploads/2023/10/kaki-feige-traube-esskastanie-pan231008-1.jpg 639w, https://www.freiburg-schwarzwald.de/blog/wp-content/uploads/2023/10/kaki-feige-traube-esskastanie-pan231008-1-180x104.jpg 180w" sizes="auto, (max-width: 639px) 100vw, 639px" /></a><p id="caption-attachment-116414" class="wp-caption-text">Ernte in Freiburg: Kaki, Feige, Traube, Esskastanie am 17.10.2023</p></div>
<ul>
<li><em>Listenauswahl eines Beitrags (Artikel/Datum, Seite/Inhalt): <span style="text-decoration: underline;">Klicken</span> oder scrollen</em></li>
<li>Für Menschenrechte demonstrieren, aber einem Überfallenen nicht helfen (12.7.2026)</li>
<li><a href="https://www.freiburg-schwarzwald.de/blog/widersetzen-aber-ohne-gewalt/">Widersetzen – aber ohne Gewalt</a> (9.7.2026)</li>
<li><a href="https://www.freiburg-schwarzwald.de/blog/selbsthilfe/krise/gewalt/linke-gewalt/erfurt4juli2026afd-parteitag/">Attacken gegen Journalisten: „Faschisten mit einem Presseausweis sind immer noch Faschisten“</a> (7.7.2026)</li>
<li><a href="https://www.freiburg-schwarzwald.de/blog/selbsthilfe/krise/gewalt/linke-gewalt/erfurt4juli2026afd-parteitag/">Friedliche Demonstranten schützen linke Gewalttäter: Polizei warnt intern vor Strategie der AfD-Gegner</a> (2.7.2026)</li>
<li><a href="https://www.freiburg-schwarzwald.de/blog/selbsthilfe/krise/gewalt/linke-gewalt/giessen29nov2025linkegewalt/">Gießen ist ein Kipppunkt</a> (2.12.2025)</li>
<li><a href="https://www.freiburg-schwarzwald.de/blog/giessen-muss-friedlich-bleiben/">Giessen muß friedlich bleiben</a> (28.11.2025)</li>
<li><a href="https://www.freiburg-schwarzwald.de/blog/kultur/dichter/literatur/buchmesse/seitenwechsel/">Linker Gegenprotest und linker Proprotest – Buchmesse Seitenwechsel</a> (10.10.2025)</li>
<li><a href="https://www.freiburg-schwarzwald.de/blog/abtreibung-lebensrecht-kirk/">Abtreibung – Lebensrecht – Kirk</a> (21.9.2025)</li>
<li><a href="https://www.freiburg-schwarzwald.de/blog/diskussion-palmer-frohnmaier/">Diskussion Palmer – Frohnmaier</a> (6.9.2025)</li>
<li>Verbieten: Demonstration nein &#8211; Gegendemonstration ja (11.10.2023)</li>
<li></li>
<li><a href="https://www.freiburg-schwarzwald.de/blog/engagement/buergerinitiativen/demonstrationsrecht/">Demonstrationsrecht</a></li>
<li><a href="https://www.freiburg-schwarzwald.de/blog/selbsthilfe/krise/gewalt/linke-gewalt/erfurt4juli2026afd-parteitag/">Erfurt4Juli2026Afd-Parteitag</a></li>
<li><a href="https://www.freiburg-schwarzwald.de/blog/engagement/buergerinitiativen/friedensdemo/">Friedensdemo</a></li>
<li><a href="https://www.freiburg-schwarzwald.de/blog/selbsthilfe/krise/gewalt/linke-gewalt/giessen29nov2025linkegewalt/">Gießen29Nov2025LinkeGewalt</a></li>
<li><a href="https://www.freiburg-schwarzwald.de/blog/engagement/buergerinitiativen/demo/massendemonstrationen/">Massendemonstrationen</a></li>
</ul>
<p><strong>Bauern-Proteste ohne Gegendemonstrationen</strong><br />
Interessant ist ja, daß die Demonstrationen durch keinerlei <a href="https://www.freiburg-schwarzwald.de/blog/engagement/buergerinitiativen/demo/gegendemonstration/">Gegendemonstrationen</a> der Antifa oder ähnlicher Unterstützungextremisten der Ampel gestört wurden. Das liegt wohl daran, daß sie mit den Bauern einen der wenigen noch wehrhaften Berufsstände gegen sich gehabt hätten. Da war wohl das Risiko zu groß, eins auf die Mütze zu bekommen.<br />
Klaus Weber, Tichys Einblick 03/2024, Seite 25.<br />
========================================================<br />
.</p>
<p>&nbsp;</p>
<p><strong>Für Menschenrechte demonstrieren, aber einem Überfallenen nicht helfen</strong><br />
<strong>Mut gibt es nur in der Masse</strong><br />
Die angegriffenen Apollo News-Reporter in <a href="https://www.freiburg-schwarzwald.de/blog/selbsthilfe/krise/gewalt/linke-gewalt/erfurt4juli2026afd-parteitag/">Erfurt</a> blieben allein im Angesicht einer entgrenzten Masse. Menschen traten auf sie ein, die nichts über sie wussten und nur einer Regel folgten: Wenn alle auf einen einschlagen, werden sie schon recht haben.<br />
Der Tagesspiegel stellt die sehr berechtigte Frage: „Warum haben sich von Hunderten Demonstrantinnen und Demonstranten, die für Demokratie und Menschenrechte kämpfen wollten, nur wenige zwischen die Reporter und die Schläger gestellt?“<br />
In der Tat ist das fast das Wesentliche, das von den Geschehnissen aus Erfurt bleibt. Am Anfang stört die Demonstranten die Kamera unserer Reporter. Dann beschleunigt es sich, bis irgendwann Hunderte einsteigen in einen Mob, der gröhlt und schreit, der mit Flaschen wirft, der immer schneller läuft und schließlich schubst, schlägt und tritt. Der Kopftritt kurz vor Eintreffen der Polizei markiert den Moment, in dem der Furor der Masse zur Siedehitze gekocht ist, in der totalen Entgrenzung zu allem bereit. Am Ende traten Menschen auf unsere Reporter ein, die nichts über sie wussten, die nicht einmal die Entstehung des Konflikts miterlebt haben, weiter angeheizt von Durchsagen von der Bühne. Diese Gewalt folgt irgendwann nur noch einer Logik: Wenn alle auf einen einschlagen, werden sie schon recht haben.</p>
<p>Luisa Neubauer, wenige Meter entfernt von der Tat und bis heute ganz leise, hielt ein Schild hoch: „Sie haben Hass, wir haben Haltung“. Genau das hatten sie nicht. Man hatte eben keine aufrechte Haltung, gestreckt zu Höherem, man bückte sich zum Boden und ließ sich, befreit von allen Zweifeln, gehen im Rudel.</p>
<p>Totalitäre Regime konnten immer vor allem auf die Massenseele bauen, in der das bewusste Gewissen schwindet, der komplexe Charakter eines Individuums ausgeschaltet wird. Eine Masse kennt keine Verantwortung und keine Skepsis, sie ist angesteckt und gleichgeschaltet, gesteuert von plumpen, extremen Gefühlen. Die Masse bringt immer das Schlechteste am Menschen hervor. Nur aus dem Mob heraus waren Bilder wie diese möglich.</p>
<p>Der Ärzte-Bassist Rodrigo González wird vom WDR gefragt, für wen er nicht bremsen würde &#8211; „für Nazis“, sagt er lächelnd. Politische Morde sind bekanntlich sehr lustig. Auch das ist ein Phänomen: Die Leute, die am meisten von Weimar sprechen, haben in der Regel noch nicht einmal den Wikipedia-Artikel gelesen. Und so kommt es, dass die Widersetzen-Demonstranten zeigt, wie wenig diese Leute verstanden haben von der sogenannten Erinnerungskultur und ihren Lehren: bspw. von der unbedingten Pflicht des Einzelnen zur eigenen Urteilsbildung. Der Vater eines der Täter entschuldigt den Angriff in Erfurt noch halb mit „Gruppendynamik“ &#8211; wollten wir aber gerade nie wieder gelten lassen, dass ja „alle mitgemacht“ hätten? Der Charakter eines Bürgers, wie ihn eine liberale Gesellschaft braucht, definiert sich aus seiner Fähigkeit, sich der Masse zu verweigern, ihrem Sog zu widerstehen und auf einem eigenen Urteil zu beharren.</p>
<p>Der Widersetzen-Sprecher liefert nach fast einer Woche im Stern eine explizite Nicht-Distanzierung von Gewalt und behauptet auch noch, unsere angegriffenen Reporter seien „mit der Absicht“ zur Demonstration gekommen, verprügelt zu werden. Das ist nicht nur ein erschütternder Abgrund an Menschenfeindlichkeit; es zeigt einen Menschen als Sklaven einer politischen Masse, der es &#8211; berauscht von totalem moralischem Überlegenheitsgefühl &#8211; geschafft hat, sein eigenes Gewissen schlichtweg abzuschalten. Er verzichtet auf jede Nuance von Nachdenklichkeit und bleibt in seinen Positionen total &#8211; das geht so weit, dass selbst jeder Anflug von Mitgefühl angesichts von Kopftritten gegen Menschen abgedreht werden kann.<br />
All diese Szenen zeigen, welches Potenzial des Wahnsinns unter einer dünnen zivilisatorischen Decke liegt &#8211; und welche Kraft die bürgerliche Gesellschaft aufwenden muss, damit sie nicht in einen Mob kippt, wie wir ihn in Erfurt erlebt haben. Dafür gibt es gerade in diesen Tagen nur ein Rezept: den Rechtsstaat. Er wird im Kern von all diesen Gewalttätern herausgefordert &#8211; auch von jenen, die uns nun auch mit einer Jagd auf unsere Mitarbeiter nach Feierabend aus Berlin vertreiben wollen. Sie wollen ihr eigenes politisches Gesetz durchsetzen. Das harte Durchgreifen der Polizei in Erfurt war das Beste, was für diese Demokratie und das Zusammenhaltsgefühl in der Gesellschaft in den vergangenen Monaten getan wurde.<br />
Unsere Reporter in Erfurt sind alleine geblieben gegen einen Mob in einer Trance der Gewalt. Auch das ist das Bild, das bleibt: nur wer bei sich ist, kann nachdenken, nur der Einzelne hat ein Gewissen. Und Mut gibt es nur gegen die Masse.<br />
12.7.2026 von Max Mannhart, Chefredakteur, bitte lesen auf <a href="https://www.apollo-news.net">https://www.apollo-news.net</a></p>
<p>&nbsp;</p>
<p><strong>Verbieten: Demonstration nein &#8211; Gegendemonstration ja</strong><br />
Das Demonstrationsrecht ist ein hohes Gut, genauso wie das Versammlungsrecht, Es ist ein Zeichen funktionierender Demokratie, wenn für oder gegen etwas demonstriert wird. Jede Demonstration ist zu begrüßen und gut &#8211; auch eine Demonstration gegen eine andere Demonstration &#8211; genannt Gegendemonstration.<br />
Deshalb darf ein Verbot einer angemeldeten Demo nur dann verfügt werden, wenn diese als Gegendemonstration durchgeführt wird mit dem Hauptzweck, eine andere, genehmigte Demo zu stören und somit die <a href="https://www.freiburg-schwarzwald.de/blog/kultur/medien/meinungsfreiheit/">freie Meinungsäußerung</a> ihrer Teilnehmer zu beeinträchtigen<br />
11.10.2023</p>

<p>Home &gt;Engagement &gt;Demokratie &gt;Buergerinitiativen &gt;Demonstrationsrecht &gt;Gegendemonstration Listenauswahl eines Beitrags (Artikel/Datum, Seite/Inhalt): Klicken oder scrollen Für Menschenrechte demonstrieren, aber einem Überfallenen nicht helfen (12.7.2026) Widersetzen – aber ohne Gewalt (9.7.2026) Attacken gegen Journalisten: „Faschisten mit einem Presseausweis sind immer noch Faschisten“ (7.7.2026) Friedliche Demonstranten schützen &hellip; <a href="https://www.freiburg-schwarzwald.de/blog/engagement/buergerinitiativen/demo/gegendemonstration/">Weiterlesen <span class="meta-nav">&rarr;</span></a></p>
