{"id":115774,"date":"2023-10-02T20:26:15","date_gmt":"2023-10-02T18:26:15","guid":{"rendered":"https:\/\/www.freiburg-schwarzwald.de\/blog\/?page_id=115774"},"modified":"2026-06-20T15:21:03","modified_gmt":"2026-06-20T13:21:03","slug":"einheimische","status":"publish","type":"page","link":"https:\/\/www.freiburg-schwarzwald.de\/blog\/engagement\/zukunft\/demokratie\/volk\/einheimische\/","title":{"rendered":"Einheimische"},"content":{"rendered":"<p><a href=\"https:\/\/freiburg-schwarzwald.de\/blog\">Home<\/a> &gt;<a title=\"Zukunft\" href=\"https:\/\/www.freiburg-schwarzwald.de\/blog\/engagement\/zukunft\/\">Zukunft<\/a>\u00a0&gt;<a title=\"Demokratie\" href=\"https:\/\/www.freiburg-schwarzwald.de\/blog\/engagement\/zukunft\/demokratie\/\">Demokratie<\/a>\u00a0&gt;<a href=\"https:\/\/www.freiburg-schwarzwald.de\/blog\/regio\/heimat\/heimatland\/\">Heimatland<\/a>\u00a0&gt;<a title=\"Deutschland\" href=\"https:\/\/www.freiburg-schwarzwald.de\/blog\/global\/deutschland\/\">Deutschland<\/a> &gt;<a href=\"https:\/\/www.freiburg-schwarzwald.de\/blog\/global\/deutschland\/deutschland2024\/\">Deutschland2024<\/a> &gt;Einheimische<\/p>\n<div id=\"attachment_115775\" style=\"width: 650px\" class=\"wp-caption alignnone\"><a href=\"https:\/\/www.freiburg-schwarzwald.de\/blog\/wp-content\/uploads\/2023\/10\/sonnenblumen-dreisamtal-pan231001.jpg\"><img loading=\"lazy\" decoding=\"async\" aria-describedby=\"caption-attachment-115775\" class=\"size-full wp-image-115775\" src=\"https:\/\/www.freiburg-schwarzwald.de\/blog\/wp-content\/uploads\/2023\/10\/sonnenblumen-dreisamtal-pan231001.jpg\" alt=\"\" width=\"640\" height=\"356\" srcset=\"https:\/\/www.freiburg-schwarzwald.de\/blog\/wp-content\/uploads\/2023\/10\/sonnenblumen-dreisamtal-pan231001.jpg 640w, https:\/\/www.freiburg-schwarzwald.de\/blog\/wp-content\/uploads\/2023\/10\/sonnenblumen-dreisamtal-pan231001-180x100.jpg 180w\" sizes=\"auto, (max-width: 640px) 100vw, 640px\" \/><\/a><p id=\"caption-attachment-115775\" class=\"wp-caption-text\">Sonnenblumen bei Freiburg am 1.10.2023<\/p><\/div>\n<p>&nbsp;<\/p>\n<ul>\n<li><em>Listenauswahl eines Beitrags (Artikel\/Datum, Seite\/Inhalt):\u00a0<span style=\"text-decoration: underline;\">Klicken<\/span>\u00a0oder scrollen<\/em><\/li>\n<li><a href=\"https:\/\/www.freiburg-schwarzwald.de\/blog\/kultur\/leitkultur\/multikulti\/einheitsbraun\/\">Biodeutsches \u201eEinheitsbraun\u201c \u2013 B\u00e4rbel Bas<\/a> (19.6.2026)<\/li>\n<li><a href=\"https:\/\/www.freiburg-schwarzwald.de\/blog\/engagement\/zukunft\/demokratie\/staatsbuergerschaft\/\">Syrien, Afghanistan, Eritrea: 98 Prozent der Migranten, die seit 2013 kamen, streben Einb\u00fcrgerung an<\/a>\u00a0(27.8.2025)<\/li>\n<li><a href=\"https:\/\/www.freiburg-schwarzwald.de\/blog\/global\/ethnien\/\">Abgrenzung: Staatsvolk (Pass)- ethnischer Volksbegriff (Abstammung)<\/a>\u00a0(4.5.2025)<\/li>\n<li><a href=\"https:\/\/www.freiburg-schwarzwald.de\/blog\/global\/migration\/migration-nein\/\">Die ewige (falsche) Leier: \u201eWir brauchen Zuwanderung\u201c<\/a>\u00a0(22.2.2025)<\/li>\n<li><a href=\"https:\/\/www.freiburg-schwarzwald.de\/blog\/global\/integration\/parallelgesellschaft\/\">Eine islamistische Parallelgesellschaft f\u00fchrt Krieg gegen Deutschland<\/a>\u00a0(4.6.2024)<\/li>\n<li><a href=\"https:\/\/www.freiburg-schwarzwald.de\/blog\/judikative-muss-unabhaengig-sein\/\">Judikative mu\u00df unabh\u00e4ngig sein<\/a>\u00a0(14.5.2024)<\/li>\n<li><a href=\"https:\/\/www.freiburg-schwarzwald.de\/blog\/global\/integration\/muslime\/nicht-muslime\/\">SZ unterteilt Deutschland in Muslime und Nicht-Muslime<\/a>\u00a0(13,4,2024)<\/li>\n<li><a href=\"https:\/\/www.freiburg-schwarzwald.de\/blog\/wangen-syrer-ersticht-kleinkind\/\">Wangen: Syrer sticht Kleinkind<\/a>\u00a0(8.4.2024)<\/li>\n<li><a href=\"https:\/\/www.freiburg-schwarzwald.de\/blog\/global\/deutschland\/deutschland2024\/\">Alice Weidel: In Deutschland wird Politik gegen das deutsche Volk gemacht<\/a>\u00a0(14.12.2023)<\/li>\n<li><a href=\"https:\/\/www.freiburg-schwarzwald.de\/blog\/global\/deutschland\/deutschland-islam\/\">Nur eins von 103 Kindern spricht zu Hause deutsch \u2013 Rektorin aus Neuk\u00f6lln: \u201eWir sind arabisiert<\/a>\u00a0(20.10.2023)<\/li>\n<li><a href=\"https:\/\/www.freiburg-schwarzwald.de\/blog\/3-10-feiertag-ohne-feierlaune\/\">3.10. \u2013 Feiertag ohne Feierlaune<\/a>\u00a0(4.10.2023)<\/li>\n<li><a href=\"https:\/\/www.freiburg-schwarzwald.de\/blog\/selbsthilfe\/soziales\/arbeit\/buergergeld\/\">Deutschland wird durch die Transformation ver-r\u00fcckt<\/a> (1.10.2023)<\/li>\n<li>Keine Privilegien f\u00fcr die Einheimischen gegen\u00fcber Migranten (1.10.2023)<\/li>\n<li><a href=\"https:\/\/www.freiburg-schwarzwald.de\/blog\/global\/migration\/migrationspolitik\/\">Die gro\u00dfe Migration oder die Transformation Deutschlands<\/a> (1.10.1012)<\/li>\n<li><\/li>\n<li><a href=\"https:\/\/www.freiburg-schwarzwald.de\/blog\/global\/deutschland\/deutschland2024\/\">Deutschland2024<\/a><\/li>\n<li><a href=\"https:\/\/www.freiburg-schwarzwald.de\/blog\/kultur\/leitkultur\/multikulti\/einheitsbraun\/\">Einheitsbraun<\/a><\/li>\n<li><a href=\"https:\/\/www.freiburg-schwarzwald.de\/blog\/global\/migration\/migration-nein\/\">Migration &#8211; nein<\/a><\/li>\n<li><a href=\"https:\/\/www.freiburg-schwarzwald.de\/blog\/global\/integration\/muslime\/nicht-muslime\/\">Nicht-Muslime<\/a><\/li>\n<\/ul>\n<p>&nbsp;<\/p>\n<p>&nbsp;<\/p>\n<p><strong>Keine Privilegien f\u00fcr die Einheimischen gegen\u00fcber Migranten<\/strong><br \/>\n\u201eIch schw\u00f6re, dass ich meine Kraft dem Wohle des deutschen Volkes widme, seinen Nutzen mehre, Schaden von ihm wende\u201c, lautet der Amtseid des Bundeskanzlers. Die erste Bundeskanzlerin f\u00fchlte sich nicht daran gebunden. Das Wohl des deutschen Volkes gilt seither nicht mehr. \u201eDas Volk ist jeder, der in diesem Lande lebt\u201c, so definierte sie den Verfassungsauftrag schon 2017 einfach um. Heute wird Volk auf Wunsch der SPD durch den Begriff der \u201eNeuhinzukommenden\u201c ersetzt, das ZDF spricht neuerdings von \u201eAnkommenden\u201c. \u201eAmerica first\u201c, so ein Slogan, wird in Deutschland nur noch kopfsch\u00fcttelnd geh\u00f6rt; \u201eGermany first\u201c w\u00fcrde als kurz vor der Ausrufung des Nationalsozialismus gelten. In Deutschland muss man nur an- oder hinzukommen.<\/p>\n<p>Dass es Privilegien f\u00fcr die Einheimischen geben sollte, die ja auch Steuern zahlen, wird verneint; das \u201eWohl\u201c gilt es, f\u00fcr jeden in der Welt zu mehren, dazu eingeladen ist jeder, und schafft er es nicht \u00fcber Deutschlands Grenze, so wird er eingeflogen oder es werden die Schlepperbanden unterst\u00fctzt, die ihn nach Lampedusa bringen. Klingt das \u00fcbertrieben?<br \/>\nDie Asyl-Industrie arbeitet schwer daran, die Benachteiligung der Einheimischen zu perfektionieren und die Anreize f\u00fcr Fl\u00fcchtlinge immer weiter zu erh\u00f6hen: die politische Stiftung der SPD, Friedrich-Ebert-Stiftung, nennt alle Asylbewerber, die nie und nimmer asylberechtigt sind, denn die \u201eNeuhinzukommenden\u201c sollen\u00a0rechtlich den \u201eAlteingesesseneren\u201c sofort gleichgestellt werden, die ihre Anwesenheitsprivilegien aufgeben sollen. Aus der Bundeskasse werden Direktfl\u00fcge aus Afghanistan finanziert, Schlepperschiffe im Mittelmeer transportieren neue Noch-Nicht-Ganz-Angekommene.<br \/>\n&#8230; Alles vom 1.10.2023 von Roland Tichy bitte lesen auf<br \/>\n<a href=\"https:\/\/www.tichyseinblick.de\/tichys-einblick\/wie-transformation-und-migration-deutschland-deutschland-veraendern\/\">https:\/\/www.tichyseinblick.de\/tichys-einblick\/wie-transformation-und-migration-deutschland-deutschland-veraendern\/<\/a><\/p>\n","protected":false},"excerpt":{"rendered":"<p>Home &gt;Zukunft\u00a0&gt;Demokratie\u00a0&gt;Heimatland\u00a0&gt;Deutschland &gt;Deutschland2024 &gt;Einheimische &nbsp; Listenauswahl eines Beitrags (Artikel\/Datum, Seite\/Inhalt):\u00a0Klicken\u00a0oder scrollen Biodeutsches \u201eEinheitsbraun\u201c \u2013 B\u00e4rbel Bas (19.6.2026) Syrien, Afghanistan, Eritrea: 98 Prozent der Migranten, die seit 2013 kamen, streben Einb\u00fcrgerung an\u00a0(27.8.2025) Abgrenzung: Staatsvolk (Pass)- ethnischer Volksbegriff (Abstammung)\u00a0(4.5.2025) Die ewige (falsche) &hellip; <a href=\"https:\/\/www.freiburg-schwarzwald.de\/blog\/engagement\/zukunft\/demokratie\/volk\/einheimische\/\">Weiterlesen <span class=\"meta-nav\">&rarr;<\/span><\/a><\/p>\n","protected":false},"author":2,"featured_media":0,"parent":63017,"menu_order":0,"comment_status":"closed","ping_status":"closed","template":"","meta":{"footnotes":""},"class_list":["post-115774","page","type-page","status-publish","hentry"],"_links":{"self":[{"href":"https:\/\/www.freiburg-schwarzwald.de\/blog\/wp-json\/wp\/v2\/pages\/115774","targetHints":{"allow":["GET"]}}],"collection":[{"href":"https:\/\/www.freiburg-schwarzwald.de\/blog\/wp-json\/wp\/v2\/pages"}],"about":[{"href":"https:\/\/www.freiburg-schwarzwald.de\/blog\/wp-json\/wp\/v2\/types\/page"}],"author":[{"embeddable":true,"href":"https:\/\/www.freiburg-schwarzwald.de\/blog\/wp-json\/wp\/v2\/users\/2"}],"replies":[{"embeddable":true,"href":"https:\/\/www.freiburg-schwarzwald.de\/blog\/wp-json\/wp\/v2\/comments?post=115774"}],"version-history":[{"count":6,"href":"https:\/\/www.freiburg-schwarzwald.de\/blog\/wp-json\/wp\/v2\/pages\/115774\/revisions"}],"predecessor-version":[{"id":150634,"href":"https:\/\/www.freiburg-schwarzwald.de\/blog\/wp-json\/wp\/v2\/pages\/115774\/revisions\/150634"}],"up":[{"embeddable":true,"href":"https:\/\/www.freiburg-schwarzwald.de\/blog\/wp-json\/wp\/v2\/pages\/63017"}],"wp:attachment":[{"href":"https:\/\/www.freiburg-schwarzwald.de\/blog\/wp-json\/wp\/v2\/media?parent=115774"}],"curies":[{"name":"wp","href":"https:\/\/api.w.org\/{rel}","templated":true}]}}

<p><a href="https://freiburg-schwarzwald.de/blog">Home</a> &gt;<a title="Zukunft" href="https://www.freiburg-schwarzwald.de/blog/engagement/zukunft/">Zukunft</a> &gt;<a title="Demokratie" href="https://www.freiburg-schwarzwald.de/blog/engagement/zukunft/demokratie/">Demokratie</a> &gt;<a href="https://www.freiburg-schwarzwald.de/blog/regio/heimat/heimatland/">Heimatland</a> &gt;<a title="Deutschland" href="https://www.freiburg-schwarzwald.de/blog/global/deutschland/">Deutschland</a> &gt;<a href="https://www.freiburg-schwarzwald.de/blog/global/deutschland/deutschland2024/">Deutschland2024</a> &gt;Einheimische</p>
<div id="attachment_115775" style="width: 650px" class="wp-caption alignnone"><a href="https://www.freiburg-schwarzwald.de/blog/wp-content/uploads/2023/10/sonnenblumen-dreisamtal-pan231001.jpg"><img loading="lazy" decoding="async" aria-describedby="caption-attachment-115775" class="size-full wp-image-115775" src="https://www.freiburg-schwarzwald.de/blog/wp-content/uploads/2023/10/sonnenblumen-dreisamtal-pan231001.jpg" alt="" width="640" height="356" srcset="https://www.freiburg-schwarzwald.de/blog/wp-content/uploads/2023/10/sonnenblumen-dreisamtal-pan231001.jpg 640w, https://www.freiburg-schwarzwald.de/blog/wp-content/uploads/2023/10/sonnenblumen-dreisamtal-pan231001-180x100.jpg 180w" sizes="auto, (max-width: 640px) 100vw, 640px" /></a><p id="caption-attachment-115775" class="wp-caption-text">Sonnenblumen bei Freiburg am 1.10.2023</p></div>
<p>&nbsp;</p>
<ul>
<li><em>Listenauswahl eines Beitrags (Artikel/Datum, Seite/Inhalt): <span style="text-decoration: underline;">Klicken</span> oder scrollen</em></li>
<li><a href="https://www.freiburg-schwarzwald.de/blog/kultur/leitkultur/multikulti/einheitsbraun/">Biodeutsches „Einheitsbraun“ – Bärbel Bas</a> (19.6.2026)</li>
<li><a href="https://www.freiburg-schwarzwald.de/blog/engagement/zukunft/demokratie/staatsbuergerschaft/">Syrien, Afghanistan, Eritrea: 98 Prozent der Migranten, die seit 2013 kamen, streben Einbürgerung an</a> (27.8.2025)</li>
<li><a href="https://www.freiburg-schwarzwald.de/blog/global/ethnien/">Abgrenzung: Staatsvolk (Pass)- ethnischer Volksbegriff (Abstammung)</a> (4.5.2025)</li>
<li><a href="https://www.freiburg-schwarzwald.de/blog/global/migration/migration-nein/">Die ewige (falsche) Leier: „Wir brauchen Zuwanderung“</a> (22.2.2025)</li>
<li><a href="https://www.freiburg-schwarzwald.de/blog/global/integration/parallelgesellschaft/">Eine islamistische Parallelgesellschaft führt Krieg gegen Deutschland</a> (4.6.2024)</li>
<li><a href="https://www.freiburg-schwarzwald.de/blog/judikative-muss-unabhaengig-sein/">Judikative muß unabhängig sein</a> (14.5.2024)</li>
<li><a href="https://www.freiburg-schwarzwald.de/blog/global/integration/muslime/nicht-muslime/">SZ unterteilt Deutschland in Muslime und Nicht-Muslime</a> (13,4,2024)</li>
<li><a href="https://www.freiburg-schwarzwald.de/blog/wangen-syrer-ersticht-kleinkind/">Wangen: Syrer sticht Kleinkind</a> (8.4.2024)</li>
<li><a href="https://www.freiburg-schwarzwald.de/blog/global/deutschland/deutschland2024/">Alice Weidel: In Deutschland wird Politik gegen das deutsche Volk gemacht</a> (14.12.2023)</li>
<li><a href="https://www.freiburg-schwarzwald.de/blog/global/deutschland/deutschland-islam/">Nur eins von 103 Kindern spricht zu Hause deutsch – Rektorin aus Neukölln: „Wir sind arabisiert</a> (20.10.2023)</li>
<li><a href="https://www.freiburg-schwarzwald.de/blog/3-10-feiertag-ohne-feierlaune/">3.10. – Feiertag ohne Feierlaune</a> (4.10.2023)</li>
<li><a href="https://www.freiburg-schwarzwald.de/blog/selbsthilfe/soziales/arbeit/buergergeld/">Deutschland wird durch die Transformation ver-rückt</a> (1.10.2023)</li>
<li>Keine Privilegien für die Einheimischen gegenüber Migranten (1.10.2023)</li>
<li><a href="https://www.freiburg-schwarzwald.de/blog/global/migration/migrationspolitik/">Die große Migration oder die Transformation Deutschlands</a> (1.10.1012)</li>
<li></li>
<li><a href="https://www.freiburg-schwarzwald.de/blog/global/deutschland/deutschland2024/">Deutschland2024</a></li>
<li><a href="https://www.freiburg-schwarzwald.de/blog/kultur/leitkultur/multikulti/einheitsbraun/">Einheitsbraun</a></li>
<li><a href="https://www.freiburg-schwarzwald.de/blog/global/migration/migration-nein/">Migration &#8211; nein</a></li>
<li><a href="https://www.freiburg-schwarzwald.de/blog/global/integration/muslime/nicht-muslime/">Nicht-Muslime</a></li>
</ul>
<p>&nbsp;</p>
<p>&nbsp;</p>
<p><strong>Keine Privilegien für die Einheimischen gegenüber Migranten</strong><br />
„Ich schwöre, dass ich meine Kraft dem Wohle des deutschen Volkes widme, seinen Nutzen mehre, Schaden von ihm wende“, lautet der Amtseid des Bundeskanzlers. Die erste Bundeskanzlerin fühlte sich nicht daran gebunden. Das Wohl des deutschen Volkes gilt seither nicht mehr. „Das Volk ist jeder, der in diesem Lande lebt“, so definierte sie den Verfassungsauftrag schon 2017 einfach um. Heute wird Volk auf Wunsch der SPD durch den Begriff der „Neuhinzukommenden“ ersetzt, das ZDF spricht neuerdings von „Ankommenden“. „America first“, so ein Slogan, wird in Deutschland nur noch kopfschüttelnd gehört; „Germany first“ würde als kurz vor der Ausrufung des Nationalsozialismus gelten. In Deutschland muss man nur an- oder hinzukommen.</p>
<p>Dass es Privilegien für die Einheimischen geben sollte, die ja auch Steuern zahlen, wird verneint; das „Wohl“ gilt es, für jeden in der Welt zu mehren, dazu eingeladen ist jeder, und schafft er es nicht über Deutschlands Grenze, so wird er eingeflogen oder es werden die Schlepperbanden unterstützt, die ihn nach Lampedusa bringen. Klingt das übertrieben?<br />
Die Asyl-Industrie arbeitet schwer daran, die Benachteiligung der Einheimischen zu perfektionieren und die Anreize für Flüchtlinge immer weiter zu erhöhen: die politische Stiftung der SPD, Friedrich-Ebert-Stiftung, nennt alle Asylbewerber, die nie und nimmer asylberechtigt sind, denn die „Neuhinzukommenden“ sollen rechtlich den „Alteingesesseneren“ sofort gleichgestellt werden, die ihre Anwesenheitsprivilegien aufgeben sollen. Aus der Bundeskasse werden Direktflüge aus Afghanistan finanziert, Schlepperschiffe im Mittelmeer transportieren neue Noch-Nicht-Ganz-Angekommene.<br />
&#8230; Alles vom 1.10.2023 von Roland Tichy bitte lesen auf<br />
<a href="https://www.tichyseinblick.de/tichys-einblick/wie-transformation-und-migration-deutschland-deutschland-veraendern/">https://www.tichyseinblick.de/tichys-einblick/wie-transformation-und-migration-deutschland-deutschland-veraendern/</a></p>

<p>Home &gt;Zukunft &gt;Demokratie &gt;Heimatland &gt;Deutschland &gt;Deutschland2024 &gt;Einheimische &nbsp; Listenauswahl eines Beitrags (Artikel/Datum, Seite/Inhalt): Klicken oder scrollen Biodeutsches „Einheitsbraun“ – Bärbel Bas (19.6.2026) Syrien, Afghanistan, Eritrea: 98 Prozent der Migranten, die seit 2013 kamen, streben Einbürgerung an (27.8.2025) Abgrenzung: Staatsvolk (Pass)- ethnischer Volksbegriff (Abstammung) (4.5.2025) Die ewige (falsche) &hellip; <a href="https://www.freiburg-schwarzwald.de/blog/engagement/zukunft/demokratie/volk/einheimische/">Weiterlesen <span class="meta-nav">&rarr;</span></a></p>
