{"id":114824,"date":"2023-08-19T16:20:09","date_gmt":"2023-08-19T14:20:09","guid":{"rendered":"https:\/\/www.freiburg-schwarzwald.de\/blog\/?page_id=114824"},"modified":"2025-09-04T18:58:03","modified_gmt":"2025-09-04T16:58:03","slug":"klimaanpassung","status":"publish","type":"page","link":"https:\/\/www.freiburg-schwarzwald.de\/blog\/natur\/klima\/klimaanpassung\/","title":{"rendered":"Klimaanpassung"},"content":{"rendered":"<p>Home &gt;<a title=\"Natur\" href=\"https:\/\/www.freiburg-schwarzwald.de\/blog\/natur\/\">Natur<\/a>\u00a0&gt;<a title=\"Klima\" href=\"https:\/\/www.freiburg-schwarzwald.de\/blog\/natur\/klima\/\">Klima<\/a>\u00a0&gt;<a title=\"Klimawandel\" href=\"https:\/\/www.freiburg-schwarzwald.de\/blog\/natur\/klima\/klimawandel\/\">Klimawandel<\/a>\u00a0&gt;<a title=\"Klima-Religion\" href=\"https:\/\/www.freiburg-schwarzwald.de\/blog\/natur\/klima\/klima-religion\/\">Klima-Religion<\/a>\u00a0&gt;<a href=\"https:\/\/www.freiburg-schwarzwald.de\/blog\/natur\/klima\/apokalypse\/\">Apokalypse<\/a> &gt;<a href=\"https:\/\/www.freiburg-schwarzwald.de\/blog\/natur\/klima\/klima-first\/\">Klima-first<\/a> &gt;Klimaanpassung<\/p>\n<div id=\"attachment_113355\" style=\"width: 648px\" class=\"wp-caption alignnone\"><a href=\"https:\/\/www.freiburg-schwarzwald.de\/blog\/wp-content\/uploads\/2023\/06\/getreide-stoerche-pan230625.jpg\"><img loading=\"lazy\" decoding=\"async\" aria-describedby=\"caption-attachment-113355\" class=\"size-full wp-image-113355\" src=\"https:\/\/www.freiburg-schwarzwald.de\/blog\/wp-content\/uploads\/2023\/06\/getreide-stoerche-pan230625.jpg\" alt=\"\" width=\"638\" height=\"349\" srcset=\"https:\/\/www.freiburg-schwarzwald.de\/blog\/wp-content\/uploads\/2023\/06\/getreide-stoerche-pan230625.jpg 638w, https:\/\/www.freiburg-schwarzwald.de\/blog\/wp-content\/uploads\/2023\/06\/getreide-stoerche-pan230625-180x98.jpg 180w\" sizes=\"auto, (max-width: 638px) 100vw, 638px\" \/><\/a><p id=\"caption-attachment-113355\" class=\"wp-caption-text\">St\u00f6rche im frisch geernteten Getreidefeld im Dreisamtal bei Freiburg 25.6.2023<\/p><\/div>\n<ul>\n<li><em>Listenauswahl eines Beitrags (Artikel\/Datum, Seite\/Inhalt): <span style=\"text-decoration: underline;\">Klicken<\/span> oder scrollen<\/em><\/li>\n<li><a href=\"https:\/\/www.freiburg-schwarzwald.de\/blog\/sommer-2025-reiche-ernte\/\">Sommer 2025 \u2013 reiche Ernte<\/a> (4.9.2025)<\/li>\n<li><a href=\"https:\/\/www.freiburg-schwarzwald.de\/blog\/natur\/klima\/klimawandel-glaube\/\">Unglaublich: ARD und ZDF entlarven Klimaglauben als Ersatzreligion\u2026 \u2026aber leider nur im Jahr 2010<\/a> (21..8.2023)<\/li>\n<li>Anpassung an den Klimawandel &#8211; Weltuntergang? Nein danke! (19.8.2023)<\/li>\n<li><\/li>\n<li><a href=\"https:\/\/www.freiburg-schwarzwald.de\/blog\/natur\/klima\/klimawandel-glaube\/\">Klimawandel-Glaube<\/a><\/li>\n<\/ul>\n<p>&nbsp;<\/p>\n<p><strong>Anpassung an den Klimawandel &#8211; Weltuntergang? Nein danke!<\/strong><br \/>\ndie Erde erw\u00e4rmt sich, ungeachtet der Pl\u00e4ne von Politik und Wirtschaft. Das Ziel, die Erderw\u00e4rmung auf 1,5 Grad zu beschr\u00e4nken, darf angesichts des Booms der fossilen Energien und des st\u00e4ndigen Zubaus neuer Kohle- und Gaskraftwerke als gescheitert gelten. Die Sch\u00e4den belaufen sich schon jetzt auf Milliardenh\u00f6he. Doch es gibt eine Alternative zu Hysterie und Alarmismus. Diese Alternative h\u00f6rt auf den Namen Klimaanpassung. Damit ist ein Vorgang gemeint, bei dem sich nicht das Klima dem Mensch anpasst, sondern der Mensch dem Klima.<br \/>\nEs geht um den realpolitischen Umgang mit D\u00fcrre und anderen Wetterextremen. Die Klimaver\u00e4nderung wird dabei nicht geleugnet, sondern als bittere Tatsache hingenommen, mit der Wirtschaft, Politik und Gesellschaft umgehen m\u00fcssen.<br \/>\n\u201eKlimakatastrophe: Anleitung f\u00fcr Realisten\u201c hei\u00dft die Cover Story, die meine Kolleginnen Luisa Nuhr, Lena Waltle und Clara Meyer-Horn recherchiert und aufgeschrieben haben. Realismus bedeutet in diesem Fall auch Optimismus, weil die Welt eben nicht der Verbrennung \u00fcberlassen wird, sondern der nat\u00fcrliche Lebensraum von Mensch, Tier und Pflanze verteidigt wird.<br \/>\nDie Politik will den Klimawandel aufhalten \u2013 und wird sehr wahrscheinlich mit diesem Ansinnen scheitern. Umso wichtiger ist es, sich an die Wetterextreme anzupassen. Das erfordert schnelle Entscheidungen, mutige Ideen \u2013 und eine neue Haltung.<br \/>\n&#8230; Alles vom 19.8.2023 bitte lesen auf <a href=\"https:\/\/www.thepioneer.de\/originals\/others\/articles\/klimakatastrophe-anleitung-fuer-realisten\">https:\/\/www.thepioneer.de\/originals\/others\/articles\/klimakatastrophe-anleitung-fuer-realisten<\/a><\/p>\n","protected":false},"excerpt":{"rendered":"<p>Home &gt;Natur\u00a0&gt;Klima\u00a0&gt;Klimawandel\u00a0&gt;Klima-Religion\u00a0&gt;Apokalypse &gt;Klima-first &gt;Klimaanpassung Listenauswahl eines Beitrags (Artikel\/Datum, Seite\/Inhalt): Klicken oder scrollen Sommer 2025 \u2013 reiche Ernte (4.9.2025) Unglaublich: ARD und ZDF entlarven Klimaglauben als Ersatzreligion\u2026 \u2026aber leider nur im Jahr 2010 (21..8.2023) Anpassung an den Klimawandel &#8211; Weltuntergang? Nein &hellip; <a href=\"https:\/\/www.freiburg-schwarzwald.de\/blog\/natur\/klima\/klimaanpassung\/\">Weiterlesen <span class=\"meta-nav\">&rarr;<\/span><\/a><\/p>\n","protected":false},"author":2,"featured_media":0,"parent":503,"menu_order":0,"comment_status":"closed","ping_status":"closed","template":"","meta":{"footnotes":""},"class_list":["post-114824","page","type-page","status-publish","hentry"],"_links":{"self":[{"href":"https:\/\/www.freiburg-schwarzwald.de\/blog\/wp-json\/wp\/v2\/pages\/114824","targetHints":{"allow":["GET"]}}],"collection":[{"href":"https:\/\/www.freiburg-schwarzwald.de\/blog\/wp-json\/wp\/v2\/pages"}],"about":[{"href":"https:\/\/www.freiburg-schwarzwald.de\/blog\/wp-json\/wp\/v2\/types\/page"}],"author":[{"embeddable":true,"href":"https:\/\/www.freiburg-schwarzwald.de\/blog\/wp-json\/wp\/v2\/users\/2"}],"replies":[{"embeddable":true,"href":"https:\/\/www.freiburg-schwarzwald.de\/blog\/wp-json\/wp\/v2\/comments?post=114824"}],"version-history":[{"count":5,"href":"https:\/\/www.freiburg-schwarzwald.de\/blog\/wp-json\/wp\/v2\/pages\/114824\/revisions"}],"predecessor-version":[{"id":138737,"href":"https:\/\/www.freiburg-schwarzwald.de\/blog\/wp-json\/wp\/v2\/pages\/114824\/revisions\/138737"}],"up":[{"embeddable":true,"href":"https:\/\/www.freiburg-schwarzwald.de\/blog\/wp-json\/wp\/v2\/pages\/503"}],"wp:attachment":[{"href":"https:\/\/www.freiburg-schwarzwald.de\/blog\/wp-json\/wp\/v2\/media?parent=114824"}],"curies":[{"name":"wp","href":"https:\/\/api.w.org\/{rel}","templated":true}]}}