{"id":113758,"date":"2023-07-16T13:42:41","date_gmt":"2023-07-16T11:42:41","guid":{"rendered":"https:\/\/www.freiburg-schwarzwald.de\/blog\/?page_id=113758"},"modified":"2026-02-26T15:57:31","modified_gmt":"2026-02-26T14:57:31","slug":"ethikrat","status":"publish","type":"page","link":"https:\/\/www.freiburg-schwarzwald.de\/blog\/religion\/ethik\/ethikrat\/","title":{"rendered":"Ethikrat"},"content":{"rendered":"<p><a href=\"https:\/\/www.freiburg-schwarzwald.de\/blog\/\">Home<\/a>\u00a0&gt;<a title=\"Religion\" href=\"https:\/\/www.freiburg-schwarzwald.de\/blog\/religion\/\">Religion<\/a> &gt;<a href=\"https:\/\/www.freiburg-schwarzwald.de\/blog\/religion\/ethik\/\">Ethik<\/a> &gt;<a href=\"https:\/\/www.freiburg-schwarzwald.de\/blog\/global\/integration\/werte\/\">Werte<\/a> &gt;Ethikrat<\/p>\n<div id=\"attachment_113235\" style=\"width: 648px\" class=\"wp-caption alignnone\"><a href=\"https:\/\/www.freiburg-schwarzwald.de\/blog\/wp-content\/uploads\/2023\/06\/eichen-gesund-krank-pan230624.jpg\"><img loading=\"lazy\" decoding=\"async\" aria-describedby=\"caption-attachment-113235\" class=\"size-full wp-image-113235\" src=\"https:\/\/www.freiburg-schwarzwald.de\/blog\/wp-content\/uploads\/2023\/06\/eichen-gesund-krank-pan230624.jpg\" alt=\"\" width=\"638\" height=\"395\" srcset=\"https:\/\/www.freiburg-schwarzwald.de\/blog\/wp-content\/uploads\/2023\/06\/eichen-gesund-krank-pan230624.jpg 638w, https:\/\/www.freiburg-schwarzwald.de\/blog\/wp-content\/uploads\/2023\/06\/eichen-gesund-krank-pan230624-180x111.jpg 180w\" sizes=\"auto, (max-width: 638px) 100vw, 638px\" \/><\/a><p id=\"caption-attachment-113235\" class=\"wp-caption-text\">Abgestorbene Eiche beim Wangler-Kreuz am 24.6.2023<\/p><\/div>\n<ul>\n<li>Plagiatsvorw\u00fcrfe gegen Ex-Ethikratschefin: Universit\u00e4t M\u00fcnster \u00fcberpr\u00fcft Doktorarbeit von Alena Buyx (26.2.2026)<\/li>\n<li>Ethikrat suchte in der Coronazeit Regierungsn\u00e4he (27.11.2024)<\/li>\n<li><a href=\"https:\/\/www.freiburg-schwarzwald.de\/blog\/deutschenhass-von-alena-buyx\/\">Deutschenhass von Alena Buyx<\/a> (13.7.2024)<\/li>\n<li>Ein regierungsabh\u00e4ngiger Ethikrat ist ein unethischer (16.7.2023)<\/li>\n<li><\/li>\n<li><a href=\"https:\/\/www.freiburg-schwarzwald.de\/blog\/business\/gesund\/medizintechnik\/\">Medizinethik<\/a><\/li>\n<li><a href=\"https:\/\/www.freiburg-schwarzwald.de\/blog\/global\/integration\/werte\/\">Werte<\/a><\/li>\n<li><a href=\"https:\/\/www.freiburg-schwarzwald.de\/blog\/bildung\/wissenschaft\/wissenschaft-politik\/\">Wissenschaft-Politik<\/a><\/li>\n<\/ul>\n<p>&nbsp;<\/p>\n<p><strong>Plagiatsvorw\u00fcrfe gegen Ex-Ethikratschefin: Universit\u00e4t M\u00fcnster \u00fcberpr\u00fcft Doktorarbeit von Alena Buyx<\/strong><br \/>\nAm Dienstag hatte der als \u201ePlagiatsj\u00e4ger\u201c bekannte \u00f6sterreichische Kommunikationswissenschaftler Stefan Weber ein Gutachten ver\u00f6ffentlicht, in dem er von einem \u201eschwerwiegenden Plagiatsverdacht\u201c gegen Buyx schrieb. Insgesamt 73 Text- und Quellenplagiate in Buyx\u2019 Dissertation m\u00f6chte Weber belegt haben, die er dann auch im Gutachten angef\u00fchrt hat. Konkret geht es um Buyx\u2019 Dissertation aus dem Jahr 2005.<br \/>\nBuyx, die derzeit an der TU M\u00fcnchen lehrt und w\u00e4hrend der Corona-Krise als Chefin des Ethikrats f\u00fcr Lockdowns, Maskenpflicht und harte Ma\u00dfnahmen gegen Ungeimpfte warb, hat sich dazu bislang noch nicht zu den Vorw\u00fcrfen ge\u00e4u\u00dfert, ebenso wenig wie ihre Universit\u00e4t und andere Institutionen, bei denen sie t\u00e4tig ist.<br \/>\n&#8230; Alles vom 26.2.2026 bitte lesen auf<br \/>\n<a href=\"https:\/\/apollo-news.net\/plagiatsvorwuerfe-gegen-ex-ethikratschefin-alena-buyx-universitaet-muenster-startet-vorpruefung-ihrer-doktorarbeit\/\">https:\/\/apollo-news.net\/plagiatsvorwuerfe-gegen-ex-ethikratschefin-alena-buyx-universitaet-muenster-startet-vorpruefung-ihrer-doktorarbeit\/<\/a><\/p>\n<p>&nbsp;<\/p>\n<p><strong>Ethikrat suchte in der Coronazeit Regierungsn\u00e4he<\/strong><br \/>\n<em>\u201eW\u00fcnsche und Ideen\u201c: E-Mails von Buyx an Spahn zeigen, wie der Ethikrat Regierungsn\u00e4he suchte<\/em><br \/>\nIm Juni 2020 schrieb Alena Buyx eine E-Mail an Jens Spahn. Sie belegt: Der Ethikrat suchte aktiv die N\u00e4he der Regierung \u2013 wollte ihre \u201eW\u00fcnsche und Ideen\u201c f\u00fcr die Arbeit des eigentlich unabh\u00e4ngigen Gremiums erfahren.<br \/>\n&#8230;<br \/>\nDer Ethikrat, der laut dem Ethikratgesetz von 2007 als unabh\u00e4ngiger Berater der Bundesregierung fungieren sollte, hat schon w\u00e4hrend der Pandemie zunehmend den Eindruck erweckt, eine enge Zusammenarbeit mit der Regierung zu suchen. Ein Beispiel daf\u00fcr ist die Haltung des Gremiums zur Impfpflicht. Zun\u00e4chst hatte der Ethikrat eine allgemeine Impfpflicht abgelehnt. Doch als sich die Bundesregierung im Dezember 2021 unter Gesundheitsminister Karl Lauterbach f\u00fcr eine Impfpflicht aussprach, \u00e4nderte auch der Ethikrat seine Position.<br \/>\n&#8230;<br \/>\nDer Ethikrat hat mittlerweile einen neuen Vorsitzenden, den Rechtswissenschaftler Helmut Frister. Alena Buyx ist inzwischen Mitglied des Expertenrats \u201eGesundheit und Resilienz\u201c der Deutschen Bundesregierung und Kuratorin bei der Bertelsmann Stiftung. In ihrer Zeit als Ethikratchefin war sie eine der vehementesten Bef\u00fcrworterinnen einer Corona-Impfpflicht und forderte fr\u00fch die Durchsetzung von 3G-Ma\u00dfnahmen.<br \/>\nBuyx erkl\u00e4rte damals, dass man die Corona-Ma\u00dfnahmen \u201eschrittweise hocheskalieren\u201c m\u00fcsse. Eine Gefahr f\u00fcr die Demokratie gehe vor allem von \u201everschw\u00f6rungsideologischen Erz\u00e4hlungen\u201c aus, die seit Beginn der Pandemie starken Zulauf erfahren h\u00e4tten. Ebenfalls betonte sie mehrfach, dass die Coronakrise von Demokratieskeptikern ausgenutzt wurde, um das Vertrauen in den Staat zu untergraben und die bestehende Ordnung zu schw\u00e4chen.<br \/>\n&#8230; Alles vom 27.11.2024 bitte lesen auf<br \/>\n<a href=\"https:\/\/apollo-news.net\/wnsche-und-ideen-e-mails-von-buyx-an-spahn-zeigen-wie-der-ethikrat-regierungsnhe-suchte\/\">https:\/\/apollo-news.net\/wnsche-und-ideen-e-mails-von-buyx-an-spahn-zeigen-wie-der-ethikrat-regierungsnhe-suchte\/<\/a><br \/>\n.<br \/>\n<strong>Ethikrat in der Pandemie &#8211; Zweifel an der Unabh\u00e4ngigkeit<\/strong><br \/>\n\u201eWenn ein Gremium die Beachtung ethischer Leitlinien nur vorgaukelt, ist es \u00fcberfl\u00fcssig\u201c<br \/>\nDer Ethikrat hat die Corona-Politik der gegenw\u00e4rtigen und der vorherigen Bundesregierung weitestgehend unterst\u00fctzt. Interne Schreiben von Ratschefin Alena Buyx an Jens Spahn, die WELT vorliegen, lassen jetzt Zweifel an der Unabh\u00e4ngigkeit des Gremiums aufkommen. Eine Mail sorgt f\u00fcr harte Kritik.<br \/>\n&#8230; Alles vom 27.11.2024 bitte lesen auf<br \/>\n<a href=\"https:\/\/www.welt.de\/politik\/deutschland\/plus254679986\/Ethikrat-in-der-Pandemie-Wenn-ein-Gremium-die-Beachtung-ethischer-Leitlinien-nur-vorgaukelt-ist-es-ueberfluessig.html?icid=search.product.onsitesearch\">https:\/\/www.welt.de\/politik\/deutschland\/plus254679986\/Ethikrat-in-der-Pandemie-Wenn-ein-Gremium-die-Beachtung-ethischer-Leitlinien-nur-vorgaukelt-ist-es-ueberfluessig.html?icid=search.product.onsitesearch<\/a><\/p>\n<p>.<\/p>\n<p><strong>Ein regierungsabh\u00e4ngiger Ethikrat ist ein unethischer<\/strong><br \/>\nEthik und Parteipolitik haben v\u00f6llig unterschiedliche Ausrichtungen:<br \/>\nParteipolitik kreist um Macht.<br \/>\nEthik geht es um die argumentative Suche nach dem guten menschlichen Handeln.<br \/>\nParteipolitik zielt auf die Enge der Entscheidung, die rechtfertigt und exekutiert werden muss.<br \/>\nEthik f\u00fchrt in die Weite unterschiedlichster Wahrnehmungen, Wertesysteme, Analysen und Handlungsoptionen.<br \/>\n&#8230;<br \/>\n2007 machte das \u201eEthikratgesetz\u201c aus dem \u201eNationalen Ethikrat\u201c den \u201eDeutschen Ethikrat\u201c. Jetzt schl\u00e4gt die Bundesregierung 50% der Ethikratsmitglieder vor und die anderen 50% werden vom Bundestag vorgeschlagen, wo allerdings die Regierungsparteien auch die Mehrheit haben. <em><strong>Aus dem \u201eNationalen Ethikrat\u201c als Kanzlerverein ist der \u201eDeutsche Ethikrat\u201c als ethischer Begleitservice der Bundesregierung geworden.<\/strong><\/em><br \/>\nDas Gesicht des regierungsabh\u00e4ngigen Ethikrats ist allem voran die Ethikratsvorsitzende Alena Buyx. Sie verk\u00f6rpert das Ende der Ethik mit beeindruckender Klarheit und Einfalt. Anbei einige ber\u00fcchtigte Kostproben ihres Moralismus aus der Coronazeit:<br \/>\n\u201eMoralische Impfpflicht gilt eh f\u00fcr jeden\u201c;<br \/>\neine Impfpflicht f\u00fcr alle Sch\u00fcler sei \u201egrunds\u00e4tzlich denkbar\u201c;<br \/>\n\u201ejede Dosis muss in einen Arm\u201c (Deutschland hat 2021 aus den EU-Vertr\u00e4gen 554.000.000 Impfdosen bestellt, das macht 9 Dosen pro Impfwilligen ab dem Alter von 5 Jahren).<br \/>\nDie Ma\u00dfnahmen gegen die Ungeimpften m\u00fcssen \u201eschrittweise hocheskaliert\u201c werden.<br \/>\n&#8230;<br \/>\nBuyx repr\u00e4sentiert die freundlich-l\u00e4chelnde Fassade eines erzieherisch-herablassenden Gesellschaftsverst\u00e4ndnisses. Sie geh\u00f6rt zu der Elite, die um den richtigen Weg wei\u00df und die fest davon \u00fcberzeugt ist, diesen Weg anderen selbstbewusst-arrogant anfdr\u00fccken zu d\u00fcrfen, ja aufdr\u00fccken zu m\u00fcssen; selbstverst\u00e4ndlich nur im Namen des Guten und mit gutem Gewissen.<br \/>\n&#8230;.<br \/>\nPolitische Ethik ist viel zu wichtig, um sie Alena Buyx und anderen M\u00f6chtegern-Oberlehrern der Nation zu \u00fcberlassen, die in der Sonne der Macht der akuten Gefahr eines Sonnenstichs oder gar eines Hitzetodes ausgesetzt sind. Politische Ethik geh\u00f6rt in die Hand der B\u00fcrger; in die Esszimmer der Familien, an die Stammtische, in die Kommentare bei Medien, in die Drunter-Kommentare bei Alena Buyx, in die \u00f6ffentlichen Diskusssionen auf allen Kan\u00e4len, Stra\u00dfen und Pl\u00e4tzen.<br \/>\nWir B\u00fcrger m\u00fcssen uns die Ethik zur\u00fcckholen. Es wird immer offensichtlicher, warum unser geniales Grundgesetz keinen deutschen Regierungs-Ethikrat vorgesehen hat.<br \/>\n&#8230; Alles vom 16.7.2023 von Achijah Zorn bitte lesen auf<br \/>\n<a href=\"https:\/\/www.tichyseinblick.de\/kolumnen\/vorwort-zum-sonntag\/regierungsabhaengiger-ethikrat-unethisch\/\">https:\/\/www.tichyseinblick.de\/kolumnen\/vorwort-zum-sonntag\/regierungsabhaengiger-ethikrat-unethisch\/<\/a><br \/>\n.<br \/>\nEinige Kommentare:<br \/>\nDa unsere Regierung selbst wohl \u00fcber keine Ethik verf\u00fcgt, braucht sie nat\u00fcrlich einen \u201eEthik-Rat\u201c, der ihr Handeln absegnet. Das macht einerseits Eindruck beim unbedarften Untertan, andererseits schafft es viele hochdotierte P\u00f6stchen f\u00fcr \u201eExperten\u201c aller Art, eine klassische win-win-Situation\u2026 J.P.<br \/>\n.<br \/>\nAuch der Ethikrat ist ein Rat zu viel. Und es sollen ja noch viel mehr R\u00e4te dazukommen. Was f\u00fcr eine Vergewaltigung der Demokratie und unseres Rechtsstaates.<br \/>\nHaben die BT-Mitglieder \u00fcberhaupt kein eigenes Gewissen mehr? Aber so wird es vermehrt aussehen, weil bereits den Kindern in wichtigen Lebensbereichen \u201eToleranz\u201c (hier im Sinn von Beliebigkeit) antrainiert wird. Zusammen mit Rechten ohne Pflichten; denn nur die Rechte h\u00e4ngen, auf von Sch\u00fclern angefertigten Plakaten, in den Schulen.<br \/>\nNur wenn es um Unterwerfung geht, wird \u201eToleranz\u201c abtrainiert. \u201eKlima\u201c ist das Schlagwort, dass diese in meinen Augen machtgeilen Leute gesucht und jetzt leider gefunden haben, um Unterwerfung unter jegliches Stichwort, verkn\u00fcpft mit Klima, zu erreichen, verbunden mit Intoleranz allem Abweichenden gegen\u00fcber. Mau<br \/>\n.<br \/>\nIn allen autorit\u00e4ren oder autokratischen Systemen zeichnen sich deren Eliten unglaublich gerne mit irgendwelchen Orden aus \u2013 sie sind wertloses Lametta, zeigen sie doch nur die Regierungsn\u00e4he und die Angepasstheit der \u201eAusgezeichneten\u201c. Irgendwas mit \u201evaterl\u00e4ndischen Verdientsorden\u201c, in welcher Variante auch immer. Aufrechte Gegner der Eliten, Kader, Regierenden werden selten bis nie ausgezeichnet, aber um so h\u00e4ufiger angefeindet, diffamiert, kriminalisiert, gecancelt.<br \/>\nSimple gesagt: Ballwang kommt in den Knast, B\u00fcyx bekommt Lametta. Entlang dieser Linie l\u00e4\u00dft sich alles daraus folgende ableiten, auch der \u201eWert\u201c der staatsgef\u00e4lligen Auszeichnungen.<br \/>\nDenn sobald aus einem fairen Staat ein monolithisches Machtsystem geworden ist, einer der \u00fcblichen Schweinestaaten, ist eine Auszeichnung durch diesen nur noch Beweis der Zugeh\u00f6rigkeit zum Machtsystem. Ethik, Moral, Neutralit\u00e4t, Objektivit\u00e4t etc sind dann alles verlorene Kategorien, die Freiheit der Lehre oder Wissenschaft, der Kunst oder ganz allgemein \u201edes Geistes\u201c wurde dem pers\u00f6nlichen Vorteil geopfert, der Karriere, dem Einkommen, dem Fame, bei Illner und Co gro\u00dfe Reden schwingen zu d\u00fcrfen. Das kann nat\u00fcrlich auch Annalena, ohne Havard, Prof oder Dr \u2013 mit Vordiplom nach 8 Semester, also wenig beeindruckend.<br \/>\nIm Umfeld der Macht k\u00f6nnen selbst totale Versager gl\u00e4nzen, die B\u00f6hmermanns, Lang, KGE, Roths dieser Zeit, es sind die neuen Wandlitz-Eliten oder Goldfas\u00e4ne unserer Zeit.<br \/>\nAlles was sie von sich geben liegt stets auf Regierungslinie. Sie trete stets nach unten und buckeln stets nach oben, oder zur Seite. Ob sich die \u201eSystemhuren\u201c K\u00fcnstler oder Akademiker nennen ist egal, alles was sie schreiben, senden oder sagen wird \u201eauf Linie\u201c liegen, sich gegen Opposition oder systemkritiker richten und der Regierung irgendeinen Freifahrtschein oder gar eine Huldigung ausstellen.<br \/>\nIn diesem Sinne hat unser Regierungssystem bereits autokratische Z\u00fcge angenommen, die in der Nach-Kohl-\u00c4ra nur eine Richtung kennen: mehr Autokratie, weniger Demokratie. K\u00e4mpften fr\u00fcher Linksextremisten gegen den \u201eSchweinestaat\u201c, sind sie heute deren Pr\u00fcgeltruppe gegen aufm\u00fcpfige B\u00fcrger, die den Staat kritisieren, ihm opponieren.<br \/>\nDie \u201eAntiFa\u201c als Gegendemonstraten zu Corona-Ma\u00dfnahmen-Kritiker sind der Linke Ground Zero, der Beweis, dass wir uns auf dem Weg in ein links-autokratisches System befinden, wie es sich Maoisten ala Trittin oder Kretschmann oder gelernte Sozialistinnen wie Merkel stets als den \u201ewahren Sozialismus\u201c ertr\u00e4umt haben d\u00fcrften \u2013 nat\u00fcrlich mit sich selbst als Teil der unangefochtenen, unanfechtbaren Machteliten.<br \/>\nUnd solche wie Drosten oder B\u00fcyx oder B\u00f6hmermann etc sind die n\u00fctzlichen Helfer dieser Strukturen, die solange pers\u00f6nlich ausgesorgt haben, solange sie eben n\u00fctzlich sind, als Trommler f\u00fcr die \u201eGuten\u201c Regierenden oder wenigstens als Bauernopfer, wenn doch mal \u201eirgendwas schief gehen sollte\u201c ein gro\u00dfer Berg Bockmist unter den Teppich gekehrt werden m\u00fc\u00dfte.<br \/>\nDaher ist es auch zu 99% schlicht Zeitverschwendung, sich diese \u201eSystemlinge\u201c anzuh\u00f6ren. Sie dienen nur zur Absch\u00e4tzung des pers\u00f6nlichen Risikos, wer als Person oder welche \u00dcberlegungen grad als Feind des Systems markiert werden und wer sich in Acht nehmen sollte. Um das abzukl\u00e4ren, reicht allerdings meist ein kurzes Reinh\u00f6ren, Machtkeulen sind nie diskret, die Kernaussagen sind in Sekunden transportiert und verstanden: wage nicht\u2026! Wal<br \/>\n.<br \/>\nVerehrter Herr Zorn, leider und typischerweise kommt in Ihrem tollen Artikel der Begriff \u201aVertrauen\u2018 nicht vor. Dabei ist \u201aVertrauen\u2018 das m.E. wichtigste Ziel von allem, was Regierung und Verwaltung sagen und schreiben.<br \/>\nBeispiel: Das \u201awir machen was mit Ethik\u2018 soll doch \u201adas Volk\u2018 beruhigen, da\u00df sie den Ma\u00dfnahmen von Regierung und Verwaltung und \u201c\u201cWissenschaftlern\u201c\u201c vertrauen k\u00f6nnen.<br \/>\n\u00dcbrigens sollen auch (alle) Titel und Berufsbezeichnungen die weitgehende Vertrauensw\u00fcrdigkeit in die hohe Qualit\u00e4t (\u2026) einer Berufaus\u00fcbung nahelegen.<br \/>\nAnderseits wird Vertrauen auch schon durch kleinere Verletzungen wie Schwindeln, L\u00fcgen, falsche Vorhersagen, unvorsichtige Bemerkungen (\u2026) besch\u00e4digt; und zwar so tiefgreifend, da\u00df einer mit normalem Menschenverstand dann erstens \u00fcberhaupt nicht mehr vertraut und zweitens lange braucht, um Vertrauen wieder aufzubauen. (In China: Gesicht verloren ist praktisch auf Lebenszeit)<br \/>\nMal ehrlich: Die Buyx, S\u00f6der, Drosten, Lauterbach, Nikolaus Blome \u2013 sind die nicht erledigt? W\u00fcrden Sie von denen einen Gebrauchtwagen verkaufen? Wer glaubt heute einem Arzt, der einem ein Medikament empfiehlt? Wer glaubt einem \u201c\u201cWissenschaftler\u201c\u201c, wenn er etwas berichtet, f\u00fcr das er von einer Regierung und Verwaltung beauftragt worden ist? U.V.<br \/>\n.<br \/>\nDiese ganzen \u201eR\u00e4te\u201c und \u201eExperten\u201c \u2013 wie mir die auf den Senkel gehen.<br \/>\nWenn ich w\u00e4hrend meiner \u201eaktiven Zeit\u201c Entscheidungen zu treffen hatte, die das Arbeiten und Leben etlicher Menschen beeinflu\u00dften, ich mir nicht sicher war, ob meine zu treffende Entscheidung \u201eethisch und moralisch\u201c vertretbar war: dann habe ich mich mit meiner Frau, einem Mitarbeiter oder einem engen Freund beraten. Die waren dann \u201emein Ethikrat\u201c. Die haben mich und meine Entscheidung beeinflu\u00dft. Was nicht hei\u00dft, sie w\u00e4re durch deren Einflu\u00df regelm\u00e4\u00dfig ge\u00e4ndert worden. Was dann folgte, war MEINE ENTSCHEIDUNG.<br \/>\nIch schickte \u201emeinen Ethikrat\u201c nicht zu den betroffenen Mitarbeitern, auf da\u00df er ihnen erkl\u00e4rte, warum meine Entscheidung alternativlos richtig sei.<br \/>\nIn der \u00d6ffentlichkeit auftretende \u201eEthikr\u00e4te\u201c, \u201eKommissionen\u201c, \u201eExperten\u201c, welche die Entscheidung der Regierung durch ihre Verlautbarung st\u00fctzen, sind nichts Anderes als Pappkameraden sozialistischer Entscheidungstr\u00e4ger, die f\u00fcr ihre Anordnungen selbst nicht gerade stehen wollen oder k\u00f6nnen. Sie sind die Kr\u00fccke, ohne die der Sozialist nicht laufen kann. Weil der immer einen \u201eVerantwortlichen\u201c braucht. Der er selbst nicht sein kann. \u201eIch bin doch nur dem Ratschlag, der Empfehlung, gefolgt\u201c<br \/>\nEin \u201eRat\u201c ber\u00e4t den Entscheidungstr\u00e4ger. Im Hinterzimmer. Er ist nicht dazu da, dessen Entscheidung \u201enach au\u00dfen\u201c als ethisch und moralisch einwandfrei zu verkaufen. Wenn er sich dazu mi\u00dfbrauchen l\u00e4\u00dft, ist er als \u201eRat\u201c genauso ungeeignet wie der \u201eEntscheidungstr\u00e4ger\u201c, der ihn angeheuert hat. D.I.<br \/>\n.<br \/>\nDie Mafia hat ihre \u201eEhre\u201c, unsere Politik hat ihren \u201eEthikrat\u201c. Je mehr Theater um etwas, desto weniger davon vorhanden. J.T.<br \/>\n.<br \/>\nUnterirdisch, die Dame. Aber auch Herr S\u00f6der muss daf\u00fcr bezahlen, und zwar sehr teuer. Solange diese Pseudo-Gutmenschen und Pseudo-Eliten Ihre Verbrechen in der Corona-Krise nicht reflektieren, \u00f6ffentlich eingestehen und um Entschuldigung bitten, solange werden Freie W\u00e4hler und AfD immer und immer st\u00e4rker werden und das ist richtig so. Spo<br \/>\nEnde Kommentare<\/p>\n<p>&nbsp;<\/p>\n","protected":false},"excerpt":{"rendered":"<p>Home\u00a0&gt;Religion &gt;Ethik &gt;Werte &gt;Ethikrat Plagiatsvorw\u00fcrfe gegen Ex-Ethikratschefin: Universit\u00e4t M\u00fcnster \u00fcberpr\u00fcft Doktorarbeit von Alena Buyx (26.2.2026) Ethikrat suchte in der Coronazeit Regierungsn\u00e4he (27.11.2024) Deutschenhass von Alena Buyx (13.7.2024) Ein regierungsabh\u00e4ngiger Ethikrat ist ein unethischer (16.7.2023) Medizinethik Werte Wissenschaft-Politik &nbsp; Plagiatsvorw\u00fcrfe gegen &hellip; <a href=\"https:\/\/www.freiburg-schwarzwald.de\/blog\/religion\/ethik\/ethikrat\/\">Weiterlesen <span class=\"meta-nav\">&rarr;<\/span><\/a><\/p>\n","protected":false},"author":2,"featured_media":0,"parent":22413,"menu_order":0,"comment_status":"closed","ping_status":"closed","template":"","meta":{"footnotes":""},"class_list":["post-113758","page","type-page","status-publish","hentry"],"_links":{"self":[{"href":"https:\/\/www.freiburg-schwarzwald.de\/blog\/wp-json\/wp\/v2\/pages\/113758","targetHints":{"allow":["GET"]}}],"collection":[{"href":"https:\/\/www.freiburg-schwarzwald.de\/blog\/wp-json\/wp\/v2\/pages"}],"about":[{"href":"https:\/\/www.freiburg-schwarzwald.de\/blog\/wp-json\/wp\/v2\/types\/page"}],"author":[{"embeddable":true,"href":"https:\/\/www.freiburg-schwarzwald.de\/blog\/wp-json\/wp\/v2\/users\/2"}],"replies":[{"embeddable":true,"href":"https:\/\/www.freiburg-schwarzwald.de\/blog\/wp-json\/wp\/v2\/comments?post=113758"}],"version-history":[{"count":5,"href":"https:\/\/www.freiburg-schwarzwald.de\/blog\/wp-json\/wp\/v2\/pages\/113758\/revisions"}],"predecessor-version":[{"id":146257,"href":"https:\/\/www.freiburg-schwarzwald.de\/blog\/wp-json\/wp\/v2\/pages\/113758\/revisions\/146257"}],"up":[{"embeddable":true,"href":"https:\/\/www.freiburg-schwarzwald.de\/blog\/wp-json\/wp\/v2\/pages\/22413"}],"wp:attachment":[{"href":"https:\/\/www.freiburg-schwarzwald.de\/blog\/wp-json\/wp\/v2\/media?parent=113758"}],"curies":[{"name":"wp","href":"https:\/\/api.w.org\/{rel}","templated":true}]}}