{"id":113508,"date":"2023-07-06T09:10:04","date_gmt":"2023-07-06T07:10:04","guid":{"rendered":"https:\/\/www.freiburg-schwarzwald.de\/blog\/?page_id=113508"},"modified":"2023-07-06T09:16:38","modified_gmt":"2023-07-06T07:16:38","slug":"smr","status":"publish","type":"page","link":"https:\/\/www.freiburg-schwarzwald.de\/blog\/energie\/akw\/smr\/","title":{"rendered":"SMR"},"content":{"rendered":"<p>Home &gt;<a title=\"Energie\" href=\"https:\/\/www.freiburg-schwarzwald.de\/blog\/energie\/\">Energie<\/a> &gt;<a href=\"https:\/\/www.freiburg-schwarzwald.de\/blog\/energie\/energiewende\/oekorealismus\/\">\u00d6korealismus<\/a>&gt;<a title=\"AKW\" href=\"https:\/\/www.freiburg-schwarzwald.de\/blog\/energie\/akw\/\">AKW<\/a> &gt;<a href=\"https:\/\/www.freiburg-schwarzwald.de\/blog\/energie\/akw\/kernkraft\/\">Kernkraft<\/a> &gt;SMR<\/p>\n<div id=\"attachment_113355\" style=\"width: 648px\" class=\"wp-caption alignnone\"><a href=\"https:\/\/www.freiburg-schwarzwald.de\/blog\/wp-content\/uploads\/2023\/06\/getreide-stoerche-pan230625.jpg\"><img loading=\"lazy\" decoding=\"async\" aria-describedby=\"caption-attachment-113355\" class=\"size-full wp-image-113355\" src=\"https:\/\/www.freiburg-schwarzwald.de\/blog\/wp-content\/uploads\/2023\/06\/getreide-stoerche-pan230625.jpg\" alt=\"\" width=\"638\" height=\"349\" srcset=\"https:\/\/www.freiburg-schwarzwald.de\/blog\/wp-content\/uploads\/2023\/06\/getreide-stoerche-pan230625.jpg 638w, https:\/\/www.freiburg-schwarzwald.de\/blog\/wp-content\/uploads\/2023\/06\/getreide-stoerche-pan230625-180x98.jpg 180w\" sizes=\"auto, (max-width: 638px) 100vw, 638px\" \/><\/a><p id=\"caption-attachment-113355\" class=\"wp-caption-text\">St\u00f6rche im frisch geernteten Getreidefeld im Dreisamtal bei Freiburg 25.6.2023<\/p><\/div>\n<ul>\n<li>Dr. Humprich: Small Modular Reactors (SMR) 2023 (5.7.2023)<\/li>\n<\/ul>\n<p><strong>Small Modular Reactors (SMR)<\/strong><br \/>\n=======================================================<\/p>\n<p>&nbsp;<\/p>\n<p><strong>Dr. Humprich: Small Modular Reactors (SMR) 2023<\/strong><br \/>\nIm Moment findet eine rasante Entwicklung auf dem Gebiet der Kleinreaktoren (Small Modular Reactor; SMR) und der Kleinstreaktoren (Micro Reactor; MR) statt. Es geht dabei nicht um eine Verdr\u00e4ngung von gro\u00dfen Reaktoren mit Leistungen bis zu 1650 MWel, sondern die Leistungsklasse bis 300 MWel erschlie\u00dft v\u00f6llig neue Anwendungen, die bisher der Kernenergie verschlossen waren. Diese Entwicklung verl\u00e4uft unter dem Radar der deutschen Medienlandschaft: Hier redet man sich die K\u00f6pfe hei\u00df, \u00fcber Roberts W\u00e4rmepumpe und \u201eGr\u00fcnen Wasserstoff\u201c, ohne sich damit zu besch\u00e4ftigen, wie im Ausland die \u201eW\u00e4rmewende\u201c angegangen wird. Ein fataler Fehler, da in diesem unserem Lande, schon \u00fcber Zwangsabschaltungen von W\u00e4rmepumpen und E-Autos im Winter nachgedacht wird. Irrsinniger kann eine Regierung nicht handeln. Der Glaube mag ja Berge versetzen, die Physik setzt er aber ganz gewiss nicht au\u00dfer Kraft. Im Winter ohne Heizung und Automobil f\u00fcr die Arbeit, ist der endg\u00fcltige Weg zur\u00fcck in das vorindustrielle Zeitalter. Warum eigentlich? Nur damit die Pfr\u00fcnde der Schlangen\u00f6lverk\u00e4ufer erhalten bleiben oder ist es vielmehr die pure Lust an der Zerst\u00f6rung?<br \/>\nIn diesem Artikel soll weniger auf die technischen Details der Reaktoren eingegangen werden, sondern viel mehr \u00fcber den aktuellen Entwicklungsstand berichtet werden. Es werden nur Reaktoren betrachtet, die \u2013 nach aller Voraussicht \u2013 noch in diesem Jahrzehnt ans Netz gehen. Wichtig ist hierf\u00fcr das wirtschaftliche und technische Potential der Akteure.<br \/>\nDieser Artikel ist sicher kein Lesestoff f\u00fcr jeden. Eher eine Information f\u00fcr Menschen, die sich mit der Entwicklung besch\u00e4ftigen m\u00fcssen. Er ist nach Reaktortypen sortiert. F\u00fcr jeden Typ sind die Projekte nach L\u00e4ndern aufgef\u00fchrt \u2013 also entweder man schaut f\u00fcr einen ausgesuchten Typ die Projekte an oder bl\u00e4ttert st\u00fcckweise die L\u00e4nder durch, um zu sehen, an welchen Reaktoren sie arbeiten. Wer all das gar nicht mag, sollte aber wenigstens mal bis zum Ende scrollen. Nur um sich ein Gef\u00fchl f\u00fcr die schiere Anzahl der Projekte zu verschaffen. K\u00f6nnte vielleicht hilfreich sein, f\u00fcr die Geisterfahrer-Frage.<br \/>\n&#8230;<br \/>\nhier Aufz\u00e4hlung der Reaktortypen siehe <a href=\"https:\/\/nukeklaus.net\/smr-2023\/\">https:\/\/nukeklaus.net\/smr-2023\/<\/a><br \/>\n&#8230;<br \/>\nSchlussbemerkung<br \/>\nViele dieser Projekte werden nicht bis 2030 (nur noch 6,5 Jahre) realisiert sein, manche ganz sterben. Wo jedoch soviel Geld und Manpower im Spiel sind, passiert auch etwas. Die Zeit ist auch kein wesentlicher Faktor \u2013 ist doch in der Energie- und Anlagentechnik ein Jahrzehnt ohnehin die Grundeinheit. <em><strong>Entscheidend wird sein, da\u00df das M\u00e4rchen vom Zeitalter der \u201eAlternativenergien\u201c von immer mehr Menschen als das M\u00e4rchen von des Kaisers nackten Kleidern erkannt wird.<\/strong> <\/em>Mit jedem Jahr steigender Stromkosten wird deutlicher, da\u00df Wind und Sonne die teuerste Art der Stromversorgung ist (Windm\u00fchlen und Sonnenkollektoren + Backup-Kraftwerke oder Speicher + Stromleitungen von der Nordsee bis Irgendwo). Der <a href=\"https:\/\/www.freiburg-schwarzwald.de\/blog\/business\/dienste\/immobilien\/geg\/\">\u201eHeizhammer\u201c<\/a> ist nur ein zartes Wetterleuchten. Das schwere Gewitter kommt erst \u00fcber die Politik, wenn die Arbeitsplatzverluste sp\u00fcrbar werden. Dann wird es mit allen Schlangen\u00f6lverk\u00e4ufern der \u201eGro\u00dfen Transformation\u201c ein j\u00e4hes Ende nehmen.<br \/>\nDie Finanzm\u00e4rkte stehen bereit. Sie sind gezwungen jedes Jahr zig Milliarden anzulegen (Pensionsfonds, Versicherungen etc.). Sie handeln dabei keineswegs auf Anweisung irgendwelcher Verschw\u00f6rer oder auch \u201eGutmenschen\u201c (soziale und \u00f6kologische Pl\u00e4ne), sondern vielmehr aus einem einzigen Anliegen: Vermehrung des eingesetzten Kapitals. In diesem Sinne wird die Breitstellung der erforderlichen Mittel f\u00fcr die Schlangen\u00f6lverk\u00e4ufer immer schwieriger werden: Je knapper die Staatseinnahmen wegen sinkender Wirtschaftsleistung werden und gleichzeitig die Sozialausgaben zur \u201eWahlgewinnung\u201c steigen, um so geringer wird der Verteilungsrahmen f\u00fcr die \u201e\u00d6koenergien\u201c. Ohne die zahlreichen Subventionen rechnet sich aber kein Windpark mehr. Desinvestition ist zwangsl\u00e4ufig \u2013 der \u201eB\u00fcrgerwindpark\u201c l\u00e4\u00dft gr\u00fc\u00dfen. Zumal die ertragsstarken Standorte l\u00e4ngst ausgenutzt sind. Jede zus\u00e4tzlich gebaute Windm\u00fchle beschleunigt lediglich den Abw\u00e4rtstrend. So gesehen, kann die Kerntechnik (weltweit) ganz entspannt der Zukunft entgegensehen.<br \/>\n&#8230; Alles vom 1.7.2023 der &#8222;Nachrichten aus der Kerntechnik&#8220; von Dr. Humprich bitte lesen auf<br \/>\n<a href=\"https:\/\/nukeklaus.net\/smr-2023\/\">https:\/\/nukeklaus.net<\/a> bzw. <a href=\"https:\/\/nukeklaus.net\/smr-2023\/\">https:\/\/nukeklaus.net\/smr-2023\/<\/a><\/p>\n<p>&nbsp;<\/p>\n","protected":false},"excerpt":{"rendered":"<p>Home &gt;Energie &gt;\u00d6korealismus&gt;AKW &gt;Kernkraft &gt;SMR Dr. Humprich: Small Modular Reactors (SMR) 2023 (5.7.2023) Small Modular Reactors (SMR) ======================================================= &nbsp; Dr. Humprich: Small Modular Reactors (SMR) 2023 Im Moment findet eine rasante Entwicklung auf dem Gebiet der Kleinreaktoren (Small Modular Reactor; &hellip; <a href=\"https:\/\/www.freiburg-schwarzwald.de\/blog\/energie\/akw\/smr\/\">Weiterlesen <span class=\"meta-nav\">&rarr;<\/span><\/a><\/p>\n","protected":false},"author":2,"featured_media":0,"parent":1508,"menu_order":0,"comment_status":"closed","ping_status":"closed","template":"","meta":{"footnotes":""},"class_list":["post-113508","page","type-page","status-publish","hentry"],"_links":{"self":[{"href":"https:\/\/www.freiburg-schwarzwald.de\/blog\/wp-json\/wp\/v2\/pages\/113508","targetHints":{"allow":["GET"]}}],"collection":[{"href":"https:\/\/www.freiburg-schwarzwald.de\/blog\/wp-json\/wp\/v2\/pages"}],"about":[{"href":"https:\/\/www.freiburg-schwarzwald.de\/blog\/wp-json\/wp\/v2\/types\/page"}],"author":[{"embeddable":true,"href":"https:\/\/www.freiburg-schwarzwald.de\/blog\/wp-json\/wp\/v2\/users\/2"}],"replies":[{"embeddable":true,"href":"https:\/\/www.freiburg-schwarzwald.de\/blog\/wp-json\/wp\/v2\/comments?post=113508"}],"version-history":[{"count":3,"href":"https:\/\/www.freiburg-schwarzwald.de\/blog\/wp-json\/wp\/v2\/pages\/113508\/revisions"}],"predecessor-version":[{"id":113514,"href":"https:\/\/www.freiburg-schwarzwald.de\/blog\/wp-json\/wp\/v2\/pages\/113508\/revisions\/113514"}],"up":[{"embeddable":true,"href":"https:\/\/www.freiburg-schwarzwald.de\/blog\/wp-json\/wp\/v2\/pages\/1508"}],"wp:attachment":[{"href":"https:\/\/www.freiburg-schwarzwald.de\/blog\/wp-json\/wp\/v2\/media?parent=113508"}],"curies":[{"name":"wp","href":"https:\/\/api.w.org\/{rel}","templated":true}]}}

<p>Home &gt;<a title="Energie" href="https://www.freiburg-schwarzwald.de/blog/energie/">Energie</a> &gt;<a href="https://www.freiburg-schwarzwald.de/blog/energie/energiewende/oekorealismus/">Ökorealismus</a>&gt;<a title="AKW" href="https://www.freiburg-schwarzwald.de/blog/energie/akw/">AKW</a> &gt;<a href="https://www.freiburg-schwarzwald.de/blog/energie/akw/kernkraft/">Kernkraft</a> &gt;SMR</p>
<div id="attachment_113355" style="width: 648px" class="wp-caption alignnone"><a href="https://www.freiburg-schwarzwald.de/blog/wp-content/uploads/2023/06/getreide-stoerche-pan230625.jpg"><img loading="lazy" decoding="async" aria-describedby="caption-attachment-113355" class="size-full wp-image-113355" src="https://www.freiburg-schwarzwald.de/blog/wp-content/uploads/2023/06/getreide-stoerche-pan230625.jpg" alt="" width="638" height="349" srcset="https://www.freiburg-schwarzwald.de/blog/wp-content/uploads/2023/06/getreide-stoerche-pan230625.jpg 638w, https://www.freiburg-schwarzwald.de/blog/wp-content/uploads/2023/06/getreide-stoerche-pan230625-180x98.jpg 180w" sizes="auto, (max-width: 638px) 100vw, 638px" /></a><p id="caption-attachment-113355" class="wp-caption-text">Störche im frisch geernteten Getreidefeld im Dreisamtal bei Freiburg 25.6.2023</p></div>
<ul>
<li>Dr. Humprich: Small Modular Reactors (SMR) 2023 (5.7.2023)</li>
</ul>
<p><strong>Small Modular Reactors (SMR)</strong><br />
=======================================================</p>
<p>&nbsp;</p>
<p><strong>Dr. Humprich: Small Modular Reactors (SMR) 2023</strong><br />
Im Moment findet eine rasante Entwicklung auf dem Gebiet der Kleinreaktoren (Small Modular Reactor; SMR) und der Kleinstreaktoren (Micro Reactor; MR) statt. Es geht dabei nicht um eine Verdrängung von großen Reaktoren mit Leistungen bis zu 1650 MWel, sondern die Leistungsklasse bis 300 MWel erschließt völlig neue Anwendungen, die bisher der Kernenergie verschlossen waren. Diese Entwicklung verläuft unter dem Radar der deutschen Medienlandschaft: Hier redet man sich die Köpfe heiß, über Roberts Wärmepumpe und „Grünen Wasserstoff“, ohne sich damit zu beschäftigen, wie im Ausland die „Wärmewende“ angegangen wird. Ein fataler Fehler, da in diesem unserem Lande, schon über Zwangsabschaltungen von Wärmepumpen und E-Autos im Winter nachgedacht wird. Irrsinniger kann eine Regierung nicht handeln. Der Glaube mag ja Berge versetzen, die Physik setzt er aber ganz gewiss nicht außer Kraft. Im Winter ohne Heizung und Automobil für die Arbeit, ist der endgültige Weg zurück in das vorindustrielle Zeitalter. Warum eigentlich? Nur damit die Pfründe der Schlangenölverkäufer erhalten bleiben oder ist es vielmehr die pure Lust an der Zerstörung?<br />
In diesem Artikel soll weniger auf die technischen Details der Reaktoren eingegangen werden, sondern viel mehr über den aktuellen Entwicklungsstand berichtet werden. Es werden nur Reaktoren betrachtet, die – nach aller Voraussicht – noch in diesem Jahrzehnt ans Netz gehen. Wichtig ist hierfür das wirtschaftliche und technische Potential der Akteure.<br />
Dieser Artikel ist sicher kein Lesestoff für jeden. Eher eine Information für Menschen, die sich mit der Entwicklung beschäftigen müssen. Er ist nach Reaktortypen sortiert. Für jeden Typ sind die Projekte nach Ländern aufgeführt – also entweder man schaut für einen ausgesuchten Typ die Projekte an oder blättert stückweise die Länder durch, um zu sehen, an welchen Reaktoren sie arbeiten. Wer all das gar nicht mag, sollte aber wenigstens mal bis zum Ende scrollen. Nur um sich ein Gefühl für die schiere Anzahl der Projekte zu verschaffen. Könnte vielleicht hilfreich sein, für die Geisterfahrer-Frage.<br />
&#8230;<br />
hier Aufzählung der Reaktortypen siehe <a href="https://nukeklaus.net/smr-2023/">https://nukeklaus.net/smr-2023/</a><br />
&#8230;<br />
Schlussbemerkung<br />
Viele dieser Projekte werden nicht bis 2030 (nur noch 6,5 Jahre) realisiert sein, manche ganz sterben. Wo jedoch soviel Geld und Manpower im Spiel sind, passiert auch etwas. Die Zeit ist auch kein wesentlicher Faktor – ist doch in der Energie- und Anlagentechnik ein Jahrzehnt ohnehin die Grundeinheit. <em><strong>Entscheidend wird sein, daß das Märchen vom Zeitalter der „Alternativenergien“ von immer mehr Menschen als das Märchen von des Kaisers nackten Kleidern erkannt wird.</strong> </em>Mit jedem Jahr steigender Stromkosten wird deutlicher, daß Wind und Sonne die teuerste Art der Stromversorgung ist (Windmühlen und Sonnenkollektoren + Backup-Kraftwerke oder Speicher + Stromleitungen von der Nordsee bis Irgendwo). Der <a href="https://www.freiburg-schwarzwald.de/blog/business/dienste/immobilien/geg/">„Heizhammer“</a> ist nur ein zartes Wetterleuchten. Das schwere Gewitter kommt erst über die Politik, wenn die Arbeitsplatzverluste spürbar werden. Dann wird es mit allen Schlangenölverkäufern der „Großen Transformation“ ein jähes Ende nehmen.<br />
Die Finanzmärkte stehen bereit. Sie sind gezwungen jedes Jahr zig Milliarden anzulegen (Pensionsfonds, Versicherungen etc.). Sie handeln dabei keineswegs auf Anweisung irgendwelcher Verschwörer oder auch „Gutmenschen“ (soziale und ökologische Pläne), sondern vielmehr aus einem einzigen Anliegen: Vermehrung des eingesetzten Kapitals. In diesem Sinne wird die Breitstellung der erforderlichen Mittel für die Schlangenölverkäufer immer schwieriger werden: Je knapper die Staatseinnahmen wegen sinkender Wirtschaftsleistung werden und gleichzeitig die Sozialausgaben zur „Wahlgewinnung“ steigen, um so geringer wird der Verteilungsrahmen für die „Ökoenergien“. Ohne die zahlreichen Subventionen rechnet sich aber kein Windpark mehr. Desinvestition ist zwangsläufig – der „Bürgerwindpark“ läßt grüßen. Zumal die ertragsstarken Standorte längst ausgenutzt sind. Jede zusätzlich gebaute Windmühle beschleunigt lediglich den Abwärtstrend. So gesehen, kann die Kerntechnik (weltweit) ganz entspannt der Zukunft entgegensehen.<br />
&#8230; Alles vom 1.7.2023 der &#8222;Nachrichten aus der Kerntechnik&#8220; von Dr. Humprich bitte lesen auf<br />
<a href="https://nukeklaus.net/smr-2023/">https://nukeklaus.net</a> bzw. <a href="https://nukeklaus.net/smr-2023/">https://nukeklaus.net/smr-2023/</a></p>
<p>&nbsp;</p>

<p>Home &gt;Energie &gt;Ökorealismus&gt;AKW &gt;Kernkraft &gt;SMR Dr. Humprich: Small Modular Reactors (SMR) 2023 (5.7.2023) Small Modular Reactors (SMR) ======================================================= &nbsp; Dr. Humprich: Small Modular Reactors (SMR) 2023 Im Moment findet eine rasante Entwicklung auf dem Gebiet der Kleinreaktoren (Small Modular Reactor; &hellip; <a href="https://www.freiburg-schwarzwald.de/blog/energie/akw/smr/">Weiterlesen <span class="meta-nav">&rarr;</span></a></p>
