{"id":113444,"date":"2023-07-04T20:55:59","date_gmt":"2023-07-04T18:55:59","guid":{"rendered":"https:\/\/www.freiburg-schwarzwald.de\/blog\/?page_id=113444"},"modified":"2023-11-04T20:24:05","modified_gmt":"2023-11-04T19:24:05","slug":"freizeitlaerm","status":"publish","type":"page","link":"https:\/\/www.freiburg-schwarzwald.de\/blog\/natur\/umwelt\/laerm\/freizeitlaerm\/","title":{"rendered":"Freizeitlaerm"},"content":{"rendered":"<p><a href=\"https:\/\/www.freiburg-schwarzwald.de\/BLOG\">Home<\/a>\u00a0&gt;<a title=\"Natur\" href=\"https:\/\/www.freiburg-schwarzwald.de\/blog\/natur\/\">Natur<\/a>\u00a0&gt;<a title=\"Umwelt\" href=\"https:\/\/www.freiburg-schwarzwald.de\/blog\/natur\/umwelt\/\">Umwelt<\/a> &gt;<a href=\"https:\/\/www.freiburg-schwarzwald.de\/blog\/natur\/umwelt\/laerm\/\">Laerm<\/a> &gt;Freizeitlaerm<\/p>\n<div id=\"attachment_113355\" style=\"width: 648px\" class=\"wp-caption alignnone\"><a href=\"https:\/\/www.freiburg-schwarzwald.de\/blog\/wp-content\/uploads\/2023\/06\/getreide-stoerche-pan230625.jpg\"><img loading=\"lazy\" decoding=\"async\" aria-describedby=\"caption-attachment-113355\" class=\"size-full wp-image-113355\" src=\"https:\/\/www.freiburg-schwarzwald.de\/blog\/wp-content\/uploads\/2023\/06\/getreide-stoerche-pan230625.jpg\" alt=\"\" width=\"638\" height=\"349\" srcset=\"https:\/\/www.freiburg-schwarzwald.de\/blog\/wp-content\/uploads\/2023\/06\/getreide-stoerche-pan230625.jpg 638w, https:\/\/www.freiburg-schwarzwald.de\/blog\/wp-content\/uploads\/2023\/06\/getreide-stoerche-pan230625-180x98.jpg 180w\" sizes=\"auto, (max-width: 638px) 100vw, 638px\" \/><\/a><p id=\"caption-attachment-113355\" class=\"wp-caption-text\">St\u00f6rche im frisch geernteten Getreidefeld im Dreisamtal bei Freiburg 25.6.2023<\/p><\/div>\n<ul>\n<li><a href=\"https:\/\/www.freiburg-schwarzwald.de\/blog\/natur\/umwelt\/laerm\/musikboxen\/\">Initiative wehrt sich gegen B\u00e4sse von Rave-Partys<\/a> (4.11.2023)<\/li>\n<li>Nachtmediatoren als Night Owls: Auf Augenh\u00f6he in der Partyzone (2.7.2023)<\/li>\n<li>Probleme mit L\u00e4rm sind in S\u00fcdbaden vielf\u00e4ltig &#8211; und allgegenw\u00e4rtig (2.7.2023)<\/li>\n<\/ul>\n<p>&nbsp;<\/p>\n<p><strong>Nachtmediatoren als Night Owls: Auf Augenh\u00f6he in der Partyzone<\/strong><br \/>\nFeiern, wenn andere schlafen wollen \u2013 unterwegs mit Nachtmediatoren in Freiburg<br \/>\nMusik t\u00f6nt aus Boxen im Seepark im Freiburger Westen, Grillaroma liegt in der Luft. Zwischen Picknickdecken bahnen sich Julia Voswinckel und Sebastian Reimann den Weg. &#8222;Hallo, wir sind die Night Owls. Kennt ihr uns? Wir sind da, um zu schauen, dass ihr eine gute Zeit habt und dass es keine Probleme gibt.&#8220; Verst\u00e4ndnisvolles Nicken. Sch\u00f6nen Abend \u2013 und dann ist die n\u00e4chste Gruppe dran.<br \/>\n&#8230; Alles vom 2.7.2023 bitte lesen auf<br \/>\n<a href=\"https:\/\/www.badische-zeitung.de\/feiern-wenn-andere-schlafen-wollen-unterwegs-mit-nachtmediatoren-in-freiburg--271882716.html\">https:\/\/www.badische-zeitung.de\/feiern-wenn-andere-schlafen-wollen-unterwegs-mit-nachtmediatoren-in-freiburg&#8211;271882716.html<\/a><br \/>\n.<br \/>\nEinige Kommentare:<br \/>\nAlso ganz ehrlich gesagt &#8211; das ist Realit\u00e4tsverweigerung. Da kennen Sie Freiburg aber wirklich schlecht. Der Sommer hat ja noch gar nicht mal begonnen. Naive Statements als Wunschtr\u00e4ume gegen\u00fcber denjenigen, die wirklich gewalt(-ige) Probleme machen. Wenn die erste &#8222;Night-Owl&#8220; was auf die 12 bekommt, ist es vorbei mit dem &#8222;sch\u00f6nen Abend noch&#8220;. Vor lauter Angst trauen die sich gar nicht mehr aus dem Haus.<br \/>\nDas Problem ist denen in Frankreich nicht un\u00e4hnlich, auf anderer Ebene. Dort sind es keine Aussicht auf eine gute Zukunft, hier sind es die Unbezahlbarkeit von Wohnungen f\u00fcr junge Familien. Die Folgen bergen gen\u00fcgend Konfliktpotential, weil sie massive Existenz\u00e4ngste verursachen und da muss man sich \u00fcber die &#8222;leck-mich-Haltung&#8220; (sorry I) im Rathaus gar nicht wundern.<br \/>\nDie jungen Leute wollen also feiern und es ist denen egal, was Obrigkeit, B\u00fcrger und &#8222;Night-Owls&#8220; sagen. Und die zahlreichen Gewaltt\u00e4ter, die in Gruppen t\u00e4glich -zig \u00dcberf\u00e4lle ver\u00fcben, lachen sich ja schlapp und zittern vor Angst. Das w\u00fcrden sie, wenn sie mal eine Nacht Freiburg mit Basel tauschen. Also mit den KaPo&#8217;s dort m\u00f6chte ich nachts um 3h keinen Stress bekommen, das sind andere Kaliber. &#8230; A.Sch.<br \/>\n.<br \/>\nZwei interessante S\u00e4tze: &#8222;Wenn \u00e4ltere Leute k\u00e4men, h\u00e4tte er Schwierigkeiten, sie zu respektieren, sagt er.&#8220;<br \/>\n&#8222;&#8220;Nach 23 Uhr beginnen allerdings erst die Probleme&#8220; &#8230;.<br \/>\nArbeitszeitende 23 Uhr. F.B.<br \/>\n.<br \/>\nDiesem Menschen, der dies ge\u00e4u\u00dfert hat: &#8222;Wenn \u00e4ltere Leute k\u00e4men, h\u00e4tte er Schwierigkeiten, sie zu respektieren&#8220; w\u00fcnsche ich in zwanzig Jahren diese Meute vor seine Haust\u00fcre und er sollte dann Respekt einfordern. Die \u00c4u\u00dferung zeigt den Sozialisierungsstand dieses &#8222;Menschen&#8220;. R.Sch.<br \/>\nEnde Kommentare<\/p>\n<p>.<\/p>\n<p><strong>Probleme mit L\u00e4rm sind in S\u00fcdbaden vielf\u00e4ltig &#8211; und allgegenw\u00e4rtig<\/strong><br \/>\nDort, s\u00fcdlich von Freiburg, ziehen die Weinberge und die sch\u00f6ne Aussicht auf die Rheinebene nicht nur Wanderer, sondern auch Feiernde an. Davon zeugen zum einen Hinterlassenschaften wie Pizzakartons und Flaschen, zum anderen Krakeelen, Motorenger\u00e4usche, Musik. Im Gemeinderat wurde dar\u00fcber j\u00fcngst diskutiert, wie jedes Jahr, und wie jedes Jahr ohne klare Entschl\u00fcsse.<br \/>\nGute Nerven und Ohrenst\u00f6psel<br \/>\nDer Gemeindevollzugsdienst ist in Ebringen nur stundenweise im Einsatz und schon gar nicht nachts, f\u00fcr Polizeieins\u00e4tze sind die St\u00f6rungen zu niederschwellig, Hinweistafeln und Absperrungen zeigen nicht die gew\u00fcnschte Wirkung. Insofern bleiben neben einer gewissen Ratlosigkeit und weiteren Appellen wohl nur gute Nerven und Ohrenst\u00f6psel \u2013 und die Hoffnung, dass sich die Partyleute in Bereiche verziehen, die weit genug weg sind von schlafbed\u00fcrftigen Menschen.<br \/>\nSo verh\u00e4lt es sich, wie aus dem Ortenaukreis zu h\u00f6ren ist, auch in l\u00e4ndlichen Gebieten wie dem Schuttertal. Auch dort wird gerne drau\u00dfen gefeiert. Allerdings verziehen sich ortskundige Jugendliche zumeist in W\u00e4lder und Waldh\u00fctten, ganz weit drau\u00dfen und dorfkompatibel.<\/p>\n<p>Wendeplatte entwickelt sich zum Jugendtreffpunkt<br \/>\nL\u00f6rrach wiederum hat kaum Jugendzentren, wohl aber Jugendliche, die ihre Freizeit auch nicht nur im stillen K\u00e4mmerchen verbringen. So beklagten sich im Mai Anwohner einer Wendeplatte, die sich pl\u00f6tzlich zu einem Jugendtreffpunkt entwickelt hatte. Auf die Frage nach einer L\u00f6sung antwortete damals die Stadt L\u00f6rrach der BZ, dass der Gemeindevollzugsdienst die Nachbarschaft verst\u00e4rkt kontrolliere und Jugendliche bei auftretendem L\u00e4rm gezielt anspreche. Zudem wurde auf ein Konzept verwiesen, bei dem es \u2013 \u00e4hnlich wie bei den Freiburger Nachtmediatoren \u2013 um L\u00e4rm-Prophylaxe geht, um gezielte Gespr\u00e4che.<br \/>\nEine f\u00fcr alle zufriedenstelle L\u00f6sung scheint illusorisch. Doch nicht nur feiernde Jugendlich sorgen bei manchen l\u00e4rmgeplagten Anwohnern f\u00fcr \u00c4rger, wie aktuelle Beispiele aus der BZ-Berichterstattung zeigen: Motorrad-, Flug- und Verkehrsl\u00e4rm sind Dauerbrenner. In Kirchzarten etwa \u00e4rgern sich Anwohner \u00fcber piepsende Z\u00fcge, in Offenburg \u00fcber gef\u00e4llte B\u00e4ume, in Lahr \u00fcber Kr\u00e4hen, in Waldkirch \u00fcber Kirchenglocken.<br \/>\n&#8230; Alles vom 2.7.2023 von Karl Heidegger bitte lesen auf<br \/>\n<a href=\"https:\/\/www.badische-zeitung.de\/probleme-mit-laerm-sind-in-suedbaden-vielfaeltig-und-allgegenwaertig--271882735.html\">https:\/\/www.badische-zeitung.de\/probleme-mit-laerm-sind-in-suedbaden-vielfaeltig-und-allgegenwaertig&#8211;271882735.html<\/a><\/p>\n<p>&nbsp;<\/p>\n","protected":false},"excerpt":{"rendered":"<p>Home\u00a0&gt;Natur\u00a0&gt;Umwelt &gt;Laerm &gt;Freizeitlaerm Initiative wehrt sich gegen B\u00e4sse von Rave-Partys (4.11.2023) Nachtmediatoren als Night Owls: Auf Augenh\u00f6he in der Partyzone (2.7.2023) Probleme mit L\u00e4rm sind in S\u00fcdbaden vielf\u00e4ltig &#8211; und allgegenw\u00e4rtig (2.7.2023) &nbsp; Nachtmediatoren als Night Owls: Auf Augenh\u00f6he in &hellip; <a href=\"https:\/\/www.freiburg-schwarzwald.de\/blog\/natur\/umwelt\/laerm\/freizeitlaerm\/\">Weiterlesen <span class=\"meta-nav\">&rarr;<\/span><\/a><\/p>\n","protected":false},"author":2,"featured_media":0,"parent":1905,"menu_order":0,"comment_status":"closed","ping_status":"closed","template":"","meta":{"footnotes":""},"class_list":["post-113444","page","type-page","status-publish","hentry"],"_links":{"self":[{"href":"https:\/\/www.freiburg-schwarzwald.de\/blog\/wp-json\/wp\/v2\/pages\/113444","targetHints":{"allow":["GET"]}}],"collection":[{"href":"https:\/\/www.freiburg-schwarzwald.de\/blog\/wp-json\/wp\/v2\/pages"}],"about":[{"href":"https:\/\/www.freiburg-schwarzwald.de\/blog\/wp-json\/wp\/v2\/types\/page"}],"author":[{"embeddable":true,"href":"https:\/\/www.freiburg-schwarzwald.de\/blog\/wp-json\/wp\/v2\/users\/2"}],"replies":[{"embeddable":true,"href":"https:\/\/www.freiburg-schwarzwald.de\/blog\/wp-json\/wp\/v2\/comments?post=113444"}],"version-history":[{"count":4,"href":"https:\/\/www.freiburg-schwarzwald.de\/blog\/wp-json\/wp\/v2\/pages\/113444\/revisions"}],"predecessor-version":[{"id":116960,"href":"https:\/\/www.freiburg-schwarzwald.de\/blog\/wp-json\/wp\/v2\/pages\/113444\/revisions\/116960"}],"up":[{"embeddable":true,"href":"https:\/\/www.freiburg-schwarzwald.de\/blog\/wp-json\/wp\/v2\/pages\/1905"}],"wp:attachment":[{"href":"https:\/\/www.freiburg-schwarzwald.de\/blog\/wp-json\/wp\/v2\/media?parent=113444"}],"curies":[{"name":"wp","href":"https:\/\/api.w.org\/{rel}","templated":true}]}}

<p><a href="https://www.freiburg-schwarzwald.de/BLOG">Home</a> &gt;<a title="Natur" href="https://www.freiburg-schwarzwald.de/blog/natur/">Natur</a> &gt;<a title="Umwelt" href="https://www.freiburg-schwarzwald.de/blog/natur/umwelt/">Umwelt</a> &gt;<a href="https://www.freiburg-schwarzwald.de/blog/natur/umwelt/laerm/">Laerm</a> &gt;Freizeitlaerm</p>
<div id="attachment_113355" style="width: 648px" class="wp-caption alignnone"><a href="https://www.freiburg-schwarzwald.de/blog/wp-content/uploads/2023/06/getreide-stoerche-pan230625.jpg"><img loading="lazy" decoding="async" aria-describedby="caption-attachment-113355" class="size-full wp-image-113355" src="https://www.freiburg-schwarzwald.de/blog/wp-content/uploads/2023/06/getreide-stoerche-pan230625.jpg" alt="" width="638" height="349" srcset="https://www.freiburg-schwarzwald.de/blog/wp-content/uploads/2023/06/getreide-stoerche-pan230625.jpg 638w, https://www.freiburg-schwarzwald.de/blog/wp-content/uploads/2023/06/getreide-stoerche-pan230625-180x98.jpg 180w" sizes="auto, (max-width: 638px) 100vw, 638px" /></a><p id="caption-attachment-113355" class="wp-caption-text">Störche im frisch geernteten Getreidefeld im Dreisamtal bei Freiburg 25.6.2023</p></div>
<ul>
<li><a href="https://www.freiburg-schwarzwald.de/blog/natur/umwelt/laerm/musikboxen/">Initiative wehrt sich gegen Bässe von Rave-Partys</a> (4.11.2023)</li>
<li>Nachtmediatoren als Night Owls: Auf Augenhöhe in der Partyzone (2.7.2023)</li>
<li>Probleme mit Lärm sind in Südbaden vielfältig &#8211; und allgegenwärtig (2.7.2023)</li>
</ul>
<p>&nbsp;</p>
<p><strong>Nachtmediatoren als Night Owls: Auf Augenhöhe in der Partyzone</strong><br />
Feiern, wenn andere schlafen wollen – unterwegs mit Nachtmediatoren in Freiburg<br />
Musik tönt aus Boxen im Seepark im Freiburger Westen, Grillaroma liegt in der Luft. Zwischen Picknickdecken bahnen sich Julia Voswinckel und Sebastian Reimann den Weg. &#8222;Hallo, wir sind die Night Owls. Kennt ihr uns? Wir sind da, um zu schauen, dass ihr eine gute Zeit habt und dass es keine Probleme gibt.&#8220; Verständnisvolles Nicken. Schönen Abend – und dann ist die nächste Gruppe dran.<br />
&#8230; Alles vom 2.7.2023 bitte lesen auf<br />
<a href="https://www.badische-zeitung.de/feiern-wenn-andere-schlafen-wollen-unterwegs-mit-nachtmediatoren-in-freiburg--271882716.html">https://www.badische-zeitung.de/feiern-wenn-andere-schlafen-wollen-unterwegs-mit-nachtmediatoren-in-freiburg&#8211;271882716.html</a><br />
.<br />
Einige Kommentare:<br />
Also ganz ehrlich gesagt &#8211; das ist Realitätsverweigerung. Da kennen Sie Freiburg aber wirklich schlecht. Der Sommer hat ja noch gar nicht mal begonnen. Naive Statements als Wunschträume gegenüber denjenigen, die wirklich gewalt(-ige) Probleme machen. Wenn die erste &#8222;Night-Owl&#8220; was auf die 12 bekommt, ist es vorbei mit dem &#8222;schönen Abend noch&#8220;. Vor lauter Angst trauen die sich gar nicht mehr aus dem Haus.<br />
Das Problem ist denen in Frankreich nicht unähnlich, auf anderer Ebene. Dort sind es keine Aussicht auf eine gute Zukunft, hier sind es die Unbezahlbarkeit von Wohnungen für junge Familien. Die Folgen bergen genügend Konfliktpotential, weil sie massive Existenzängste verursachen und da muss man sich über die &#8222;leck-mich-Haltung&#8220; (sorry I) im Rathaus gar nicht wundern.<br />
Die jungen Leute wollen also feiern und es ist denen egal, was Obrigkeit, Bürger und &#8222;Night-Owls&#8220; sagen. Und die zahlreichen Gewalttäter, die in Gruppen täglich -zig Überfälle verüben, lachen sich ja schlapp und zittern vor Angst. Das würden sie, wenn sie mal eine Nacht Freiburg mit Basel tauschen. Also mit den KaPo&#8217;s dort möchte ich nachts um 3h keinen Stress bekommen, das sind andere Kaliber. &#8230; A.Sch.<br />
.<br />
Zwei interessante Sätze: &#8222;Wenn ältere Leute kämen, hätte er Schwierigkeiten, sie zu respektieren, sagt er.&#8220;<br />
&#8222;&#8220;Nach 23 Uhr beginnen allerdings erst die Probleme&#8220; &#8230;.<br />
Arbeitszeitende 23 Uhr. F.B.<br />
.<br />
Diesem Menschen, der dies geäußert hat: &#8222;Wenn ältere Leute kämen, hätte er Schwierigkeiten, sie zu respektieren&#8220; wünsche ich in zwanzig Jahren diese Meute vor seine Haustüre und er sollte dann Respekt einfordern. Die Äußerung zeigt den Sozialisierungsstand dieses &#8222;Menschen&#8220;. R.Sch.<br />
Ende Kommentare</p>
<p>.</p>
<p><strong>Probleme mit Lärm sind in Südbaden vielfältig &#8211; und allgegenwärtig</strong><br />
Dort, südlich von Freiburg, ziehen die Weinberge und die schöne Aussicht auf die Rheinebene nicht nur Wanderer, sondern auch Feiernde an. Davon zeugen zum einen Hinterlassenschaften wie Pizzakartons und Flaschen, zum anderen Krakeelen, Motorengeräusche, Musik. Im Gemeinderat wurde darüber jüngst diskutiert, wie jedes Jahr, und wie jedes Jahr ohne klare Entschlüsse.<br />
Gute Nerven und Ohrenstöpsel<br />
Der Gemeindevollzugsdienst ist in Ebringen nur stundenweise im Einsatz und schon gar nicht nachts, für Polizeieinsätze sind die Störungen zu niederschwellig, Hinweistafeln und Absperrungen zeigen nicht die gewünschte Wirkung. Insofern bleiben neben einer gewissen Ratlosigkeit und weiteren Appellen wohl nur gute Nerven und Ohrenstöpsel – und die Hoffnung, dass sich die Partyleute in Bereiche verziehen, die weit genug weg sind von schlafbedürftigen Menschen.<br />
So verhält es sich, wie aus dem Ortenaukreis zu hören ist, auch in ländlichen Gebieten wie dem Schuttertal. Auch dort wird gerne draußen gefeiert. Allerdings verziehen sich ortskundige Jugendliche zumeist in Wälder und Waldhütten, ganz weit draußen und dorfkompatibel.</p>
<p>Wendeplatte entwickelt sich zum Jugendtreffpunkt<br />
Lörrach wiederum hat kaum Jugendzentren, wohl aber Jugendliche, die ihre Freizeit auch nicht nur im stillen Kämmerchen verbringen. So beklagten sich im Mai Anwohner einer Wendeplatte, die sich plötzlich zu einem Jugendtreffpunkt entwickelt hatte. Auf die Frage nach einer Lösung antwortete damals die Stadt Lörrach der BZ, dass der Gemeindevollzugsdienst die Nachbarschaft verstärkt kontrolliere und Jugendliche bei auftretendem Lärm gezielt anspreche. Zudem wurde auf ein Konzept verwiesen, bei dem es – ähnlich wie bei den Freiburger Nachtmediatoren – um Lärm-Prophylaxe geht, um gezielte Gespräche.<br />
Eine für alle zufriedenstelle Lösung scheint illusorisch. Doch nicht nur feiernde Jugendlich sorgen bei manchen lärmgeplagten Anwohnern für Ärger, wie aktuelle Beispiele aus der BZ-Berichterstattung zeigen: Motorrad-, Flug- und Verkehrslärm sind Dauerbrenner. In Kirchzarten etwa ärgern sich Anwohner über piepsende Züge, in Offenburg über gefällte Bäume, in Lahr über Krähen, in Waldkirch über Kirchenglocken.<br />
&#8230; Alles vom 2.7.2023 von Karl Heidegger bitte lesen auf<br />
<a href="https://www.badische-zeitung.de/probleme-mit-laerm-sind-in-suedbaden-vielfaeltig-und-allgegenwaertig--271882735.html">https://www.badische-zeitung.de/probleme-mit-laerm-sind-in-suedbaden-vielfaeltig-und-allgegenwaertig&#8211;271882735.html</a></p>
<p>&nbsp;</p>

<p>Home &gt;Natur &gt;Umwelt &gt;Laerm &gt;Freizeitlaerm Initiative wehrt sich gegen Bässe von Rave-Partys (4.11.2023) Nachtmediatoren als Night Owls: Auf Augenhöhe in der Partyzone (2.7.2023) Probleme mit Lärm sind in Südbaden vielfältig &#8211; und allgegenwärtig (2.7.2023) &nbsp; Nachtmediatoren als Night Owls: Auf Augenhöhe in &hellip; <a href="https://www.freiburg-schwarzwald.de/blog/natur/umwelt/laerm/freizeitlaerm/">Weiterlesen <span class="meta-nav">&rarr;</span></a></p>
