{"id":111964,"date":"2023-04-20T21:31:14","date_gmt":"2023-04-20T19:31:14","guid":{"rendered":"https:\/\/www.freiburg-schwarzwald.de\/blog\/?page_id=111964"},"modified":"2023-04-21T10:19:09","modified_gmt":"2023-04-21T08:19:09","slug":"dollar","status":"publish","type":"page","link":"https:\/\/www.freiburg-schwarzwald.de\/blog\/global\/finanzsystem\/dollar\/","title":{"rendered":"Dollar"},"content":{"rendered":"<p><a href=\"https:\/\/www.freiburg-schwarzwald.de\/blog\">Home<\/a>\u00a0&gt;<a title=\"Globalisierung\" href=\"https:\/\/www.freiburg-schwarzwald.de\/blog\/global\/globalisierung\/\">Global<\/a>\u00a0&gt;<a title=\"EU\" href=\"https:\/\/www.freiburg-schwarzwald.de\/blog\/global\/eu\/\">EU<\/a> &gt;<a href=\"https:\/\/www.freiburg-schwarzwald.de\/blog\/global\/eu\/europa\/europa-usa\/\">Europa-USA<\/a> &gt;<a title=\"Finanzsystem\" href=\"https:\/\/www.freiburg-schwarzwald.de\/blog\/global\/finanzsystem\/\">Finanzsystem<\/a> &gt;<a href=\"https:\/\/www.freiburg-schwarzwald.de\/blog\/global\/finanzsystem\/iwf\/\">IWF<\/a> &gt;Dollar<\/p>\n<div id=\"attachment_40790\" style=\"width: 646px\" class=\"wp-caption alignnone\"><a href=\"https:\/\/www.freiburg-schwarzwald.de\/blog\/wp-content\/uploads\/2013\/11\/totesmeer-pan131026.jpg\"><img loading=\"lazy\" decoding=\"async\" aria-describedby=\"caption-attachment-40790\" class=\"size-full wp-image-40790\" src=\"https:\/\/www.freiburg-schwarzwald.de\/blog\/wp-content\/uploads\/2013\/11\/totesmeer-pan131026.jpg\" alt=\"\" width=\"636\" height=\"228\" srcset=\"https:\/\/www.freiburg-schwarzwald.de\/blog\/wp-content\/uploads\/2013\/11\/totesmeer-pan131026.jpg 636w, https:\/\/www.freiburg-schwarzwald.de\/blog\/wp-content\/uploads\/2013\/11\/totesmeer-pan131026-180x64.jpg 180w\" sizes=\"auto, (max-width: 636px) 100vw, 636px\" \/><\/a><p id=\"caption-attachment-40790\" class=\"wp-caption-text\">An Toten Meer irgendwo zwischen Jerusalem und En Gedi am 28.10.2013<\/p><\/div>\n<ul>\n<li><a href=\"https:\/\/www.freiburg-schwarzwald.de\/blog\/d-und-brics-partnerschaft\/\">D und BRICS \u2013 Partnerschaft!<\/a>\u00a0(21.4.2023)<\/li>\n<li>\u201cDollar-D\u00e4mmerung\u201d: Markiert Lulas China-Besuch das Ende einer \u00c4ra? (16.4.2023)<\/li>\n<\/ul>\n<p>&nbsp;<\/p>\n<p><strong>\u201cDollar-D\u00e4mmerung\u201d: Markiert Lulas China-Besuch das Ende einer \u00c4ra?<\/strong><br \/>\n\u201cWer hat entschieden, dass es der Dollar ist?\u201d, fragt Brasiliens Pr\u00e4sident. Die Chefin der \u201cNeuen Entwicklungsbank\u201d ist seine Amtsvorg\u00e4ngerin. Ist Brasilien nicht mehr \u201cneutral\u201d?<br \/>\nDie Kritik des brasilianischen Pr\u00e4sidenten an der Dominanz des US-Dollars im internationalen Handel erregt die Gem\u00fcter der westlichen Welt. \u201cWarum k\u00f6nnen wir nicht in unserer eigenen W\u00e4hrung handeln?\u201d, hatte Luiz In\u00e1cio Lula da Silva am Mittwoch in einer Rede in der chinesischen Metropole Shanghai gefragt. \u201cWer hat entschieden, dass es der Dollar ist? Wir brauchen eine W\u00e4hrung, die die L\u00e4nder in eine etwas ruhigere Situation bringt, denn heute muss ein Land dem Dollar hinterherlaufen, um zu exportieren.\u201d<br \/>\nDer brasilianische Pr\u00e4sident war mit knapp 300 Firmenvertretern nach Beijing gereist. China und Brasilien hatten sich bereits Ende M\u00e4rz darauf verst\u00e4ndigt, mehr Handel direkt in ihren eigenen Landesw\u00e4hrungen zu erm\u00f6glichen, um unabh\u00e4ngiger vom US-Dollar zu werden.<br \/>\n&#8230; Alles vom 16.4.2023 bitte lesen auf<br \/>\n<a href=\"https:\/\/www.telepolis.de\/features\/Dollar-Daemmerung-Markiert-Lulas-China-Besuch-das-Ende-einer-Aera-8964876.html\">https:\/\/www.telepolis.de\/features\/Dollar-Daemmerung-Markiert-Lulas-China-Besuch-das-Ende-einer-Aera-8964876.html<\/a><\/p>\n","protected":false},"excerpt":{"rendered":"<p>Home\u00a0&gt;Global\u00a0&gt;EU &gt;Europa-USA &gt;Finanzsystem &gt;IWF &gt;Dollar D und BRICS \u2013 Partnerschaft!\u00a0(21.4.2023) \u201cDollar-D\u00e4mmerung\u201d: Markiert Lulas China-Besuch das Ende einer \u00c4ra? (16.4.2023) &nbsp; \u201cDollar-D\u00e4mmerung\u201d: Markiert Lulas China-Besuch das Ende einer \u00c4ra? \u201cWer hat entschieden, dass es der Dollar ist?\u201d, fragt Brasiliens Pr\u00e4sident. Die &hellip; <a href=\"https:\/\/www.freiburg-schwarzwald.de\/blog\/global\/finanzsystem\/dollar\/\">Weiterlesen <span class=\"meta-nav\">&rarr;<\/span><\/a><\/p>\n","protected":false},"author":2,"featured_media":0,"parent":1187,"menu_order":0,"comment_status":"closed","ping_status":"closed","template":"","meta":{"footnotes":""},"class_list":["post-111964","page","type-page","status-publish","hentry"],"_links":{"self":[{"href":"https:\/\/www.freiburg-schwarzwald.de\/blog\/wp-json\/wp\/v2\/pages\/111964","targetHints":{"allow":["GET"]}}],"collection":[{"href":"https:\/\/www.freiburg-schwarzwald.de\/blog\/wp-json\/wp\/v2\/pages"}],"about":[{"href":"https:\/\/www.freiburg-schwarzwald.de\/blog\/wp-json\/wp\/v2\/types\/page"}],"author":[{"embeddable":true,"href":"https:\/\/www.freiburg-schwarzwald.de\/blog\/wp-json\/wp\/v2\/users\/2"}],"replies":[{"embeddable":true,"href":"https:\/\/www.freiburg-schwarzwald.de\/blog\/wp-json\/wp\/v2\/comments?post=111964"}],"version-history":[{"count":5,"href":"https:\/\/www.freiburg-schwarzwald.de\/blog\/wp-json\/wp\/v2\/pages\/111964\/revisions"}],"predecessor-version":[{"id":111986,"href":"https:\/\/www.freiburg-schwarzwald.de\/blog\/wp-json\/wp\/v2\/pages\/111964\/revisions\/111986"}],"up":[{"embeddable":true,"href":"https:\/\/www.freiburg-schwarzwald.de\/blog\/wp-json\/wp\/v2\/pages\/1187"}],"wp:attachment":[{"href":"https:\/\/www.freiburg-schwarzwald.de\/blog\/wp-json\/wp\/v2\/media?parent=111964"}],"curies":[{"name":"wp","href":"https:\/\/api.w.org\/{rel}","templated":true}]}}