{"id":110537,"date":"2023-03-10T11:31:05","date_gmt":"2023-03-10T10:31:05","guid":{"rendered":"https:\/\/www.freiburg-schwarzwald.de\/blog\/?page_id=110537"},"modified":"2026-01-26T16:12:04","modified_gmt":"2026-01-26T15:12:04","slug":"hass-hetze","status":"publish","type":"page","link":"https:\/\/www.freiburg-schwarzwald.de\/blog\/kultur\/medien\/hass-hetze\/","title":{"rendered":"Hass-Hetze"},"content":{"rendered":"<p><a href=\"https:\/\/www.freiburg-schwarzwald.de\/blog\">Home<\/a>\u00a0&gt;<a title=\"Kultur\" href=\"https:\/\/www.freiburg-schwarzwald.de\/blog\/kultur\/\">Kultur<\/a>\u00a0&gt;<a title=\"Medien\" href=\"https:\/\/www.freiburg-schwarzwald.de\/blog\/kultur\/medien\/\">Medien<\/a>\u00a0&gt;<a title=\"Diskussionskultur\" href=\"https:\/\/www.freiburg-schwarzwald.de\/blog\/kultur\/medien\/diskussionskultur\/\">Diskussionskultur<\/a>\u00a0&gt;<a title=\"Demokratie\" href=\"https:\/\/www.freiburg-schwarzwald.de\/blog\/engagement\/zukunft\/demokratie\/\">Demokratie<\/a> &gt;<a href=\"https:\/\/www.freiburg-schwarzwald.de\/blog\/kultur\/medien\/hass\/\">Hass<\/a> &gt;Hass-Hetze<\/p>\n<div id=\"attachment_110538\" style=\"width: 648px\" class=\"wp-caption alignnone\"><a href=\"https:\/\/www.freiburg-schwarzwald.de\/blog\/wp-content\/uploads\/2023\/03\/hass-wagenknecht-pan2023.jpg\"><img loading=\"lazy\" decoding=\"async\" aria-describedby=\"caption-attachment-110538\" class=\"size-full wp-image-110538\" src=\"https:\/\/www.freiburg-schwarzwald.de\/blog\/wp-content\/uploads\/2023\/03\/hass-wagenknecht-pan2023.jpg\" alt=\"\" width=\"638\" height=\"261\" srcset=\"https:\/\/www.freiburg-schwarzwald.de\/blog\/wp-content\/uploads\/2023\/03\/hass-wagenknecht-pan2023.jpg 638w, https:\/\/www.freiburg-schwarzwald.de\/blog\/wp-content\/uploads\/2023\/03\/hass-wagenknecht-pan2023-180x74.jpg 180w\" sizes=\"auto, (max-width: 638px) 100vw, 638px\" \/><\/a><p id=\"caption-attachment-110538\" class=\"wp-caption-text\">Hass und Hetze 3\/2023: Vom Hassen und Gehasstwerden &#8211; ArgoNerd<\/p><\/div>\n<ul>\n<li><em>Listenauswahl eines Beitrags (Artikel\/Datum, Seite\/Inhalt):\u00a0<span style=\"text-decoration: underline;\">Klicken<\/span>\u00a0oder scrollen<\/em><\/li>\n<li><a href=\"https:\/\/www.freiburg-schwarzwald.de\/blog\/regulation-zensur-verbot-nein\/\">Regulation Zensur Verbot: Nein!<\/a>\u00a0(26.1.2026)<\/li>\n<li>\u201eSatiriker\u201c El Hotzo von Hassrede-Vorwurf freigesprochen (23,7,2925)<\/li>\n<li><a href=\"https:\/\/www.freiburg-schwarzwald.de\/blog\/vereine\/partei\/afd\/afd-verbot\/\">\u201eAlle gemeinsam, Nazis in die Dreisam\u201c auf Demo in Freiburg<\/a>\u00a0(12.5.205)<\/li>\n<li><a href=\"https:\/\/www.freiburg-schwarzwald.de\/blog\/kultur\/medien\/meinungsfreiheit\/volksverhetzung\/\">Privates Gespr\u00e4ch wird Volksverhetzung<\/a> (22.11.2024)<\/li>\n<li>Achijah Zorn: Der Hass ist besser als sein Ruf (21.9.2024)<\/li>\n<li><a href=\"https:\/\/www.freiburg-schwarzwald.de\/blog\/engagement\/zukunft\/demokratie\/demokratiefoerderung\/\">Joachim Steinh\u00f6fel: Die digitale Bevormundung<\/a> (6.9.2024)<\/li>\n<li><a href=\"https:\/\/www.freiburg-schwarzwald.de\/blog\/deutschenhass-von-alena-buyx\/\">Deutschenhass von Alena Buyx<\/a>\u00a0(13.7.2024)<\/li>\n<li><a href=\"https:\/\/www.freiburg-schwarzwald.de\/blog\/boese-oder-tolerierbare-gewalt\/\">B\u00f6se oder tolerierbare Gewalt<\/a>\u00a0(20.6.2024)<\/li>\n<li>Joachim Steinh\u00f6fel: Die digitale Bevormundung (19.5.2025)<\/li>\n<li>Hassrede: Leni Breymaier (SPD) nennt AfD &#8222;Endometriose der Politik&#8220; (15.12.2023)<\/li>\n<li>Zweierlei: Hass gegen Sahra Wagenknecht und Robert Habeck (10.3.2023)<\/li>\n<li><\/li>\n<li><a href=\"https:\/\/www.freiburg-schwarzwald.de\/blog\/engagement\/zukunft\/demokratie\/bundestag\/\">Bundestag<\/a><\/li>\n<li><a href=\"https:\/\/www.freiburg-schwarzwald.de\/blog\/kultur\/medien\/desinformation\/falschmeldung\/\">Falschmeldung<\/a><\/li>\n<li><a href=\"https:\/\/www.freiburg-schwarzwald.de\/blog\/kultur\/medien\/meinungsfreiheit\/volksverhetzung\/\">Volksverhetzung<\/a><\/li>\n<\/ul>\n<p>&nbsp;<\/p>\n<p><strong>\u201eSatiriker\u201c El Hotzo von Hassrede-Vorwurf freigesprochen<\/strong><br \/>\nDer linke Satiriker \u201eEl Hotzo\u201c durfte \u00f6ffentlich bedauern, dass ein Anschlag auf Donald Trump misslang und dieser nicht erschossen wurde. Das war nach Auffassung des Gerichts nicht strafbar.<br \/>\nMitten im US-Wahlkampf wurde bekanntlich auf den republikanischen Kandidaten Donald Trump geschossen, wobei der Schuss sein Ziel haarscharf verfehlte und Trump \u201enur\u201c am Ohr traf. Der Satiriker Sebastian Hotz, bekannt als \u201eEl Hotzo\u201c, der sich als K\u00e4mpfer gegen den Faschismus versteht und Jan B\u00f6hmermann zuarbeitet, bemerkte danach auf X: <em><strong>\u201eDer letzte Bus\/ Donald Trump: Leider knapp verpasst\u201c<\/strong><\/em>. Damit kein Zweifel bestehen w\u00fcrde, was er meinte, f\u00fcgte er hinzu: <em><strong>\u201eIch finde es absolut fantastisch, wenn Faschisten sterben.\u201c<\/strong><\/em><br \/>\n&#8230;<br \/>\nWeiterhin gab auch zahlreiche Strafanzeigen und einem Gerichtsprozess. Die Anklage warf ihm vor, einen Mordversuch gebilligt und den \u00f6ffentlichen Frieden gest\u00f6rt zu haben. Da Hotz damals \u00fcber 740.000 Anh\u00e4nger auf X hatte, wurde auch ein gewisser Einfluss festgestellt, vor allem vor dem Hintergrund von Angriffen auf Politiker und Wahlhelfer. Die Staatsanwaltschaft forderte eine Geldstrafe von 6.000 Euro. Das Berliner Amtsgericht entschied jedoch, dass Hotz\u2018 \u00c4u\u00dferungen als straflose Satire einzustufen seien, auch wenn sie geschmacklos sein k\u00f6nnten<br \/>\n&#8230; Alles vom 23.7.2025 bitte lesen auf<br \/>\n<a href=\"https:\/\/www.achgut.com\/artikel\/satiriker_wegen_hassrede_freigesprochene\">https:\/\/www.achgut.com\/artikel\/satiriker_wegen_hassrede_freigesprochene<\/a><\/p>\n<p>&nbsp;<\/p>\n<p><strong>Achijah Zorn: Der Hass ist besser als sein Ruf<\/strong><br \/>\nCDU\/CSU und SPD haben in Deutschland 2017 die Zensur gesetzlich eingef\u00fchrt. Allerdings haben sie ihr \u201eZensurgesetz\u201c nicht klar beim Namen genannt. Die Parteien, die die Demokratie f\u00fcr sich beanspruchen, wissen, dass man es h\u00fcbsch verpacken muss, wenn man das Grundgesetz mit F\u00fc\u00dfen tritt. Darum hei\u00dft das deutsche Zensurgesetz offiziell \u201eRegeln gegen Hass im Netz \u2013 Netzwerkdurchsetzungsgesetz\u201c.<\/p>\n<p><em><strong>\u201eHass ist keine Meinung\u201c. Richtig, Hass ist ein Gef\u00fchl.<\/strong><\/em> Und da gibt es tats\u00e4chlich Parteien, die die Gef\u00fchle ihrer B\u00fcrger regulieren wollen.<br \/>\nDamit hat sich der Staat in Teufels K\u00fcche man\u00f6vriert. Der Hass als \u201estarkes Gef\u00fchl der Ablehung und der Feindschaft\u201c ist nicht nur menschlich, sondern dar\u00fcber hinaus wichtig und wertvoll. <em><strong>Hass ist die Kehrseite der <a href=\"https:\/\/www.freiburg-schwarzwald.de\/blog\/selbsthilfe\/psyche\/liebe\/\">Liebe<\/a><\/strong><\/em>:<br \/>\n&#8211; Wer P\u00fcnktlichkeit liebt, hasst zu sp\u00e4t kommende Z\u00fcge bei der Deutschen Bundesbahn.<br \/>\n&#8211; Wer das Leben und die Freiheit liebt, hasst den politischen Islam.<br \/>\n&#8211; Wer echte Vielfalt liebt, hasst staatsverordnete Regenbogen-Vielfalts-Ideologie.<br \/>\n&#8211; Wer freie und pluralistische Meinungs\u00e4u\u00dferung liebt, hasst das Netzwerkdurchsetzungsgesetz, in dem die Meinungsunterdr\u00fcckungsparteien CDU\/CSU und SPD die Zensur in die H\u00e4nde von privaten Konzernen gelegt haben.<br \/>\n&#8230;<br \/>\nEin Staat, der Hass und Hetze verbieten m\u00f6chte, was ihm nat\u00fcrlich niemals gelingen kann, ist Gift f\u00fcr die Menschen und ihr Zusammenleben. Nichts macht den Hass st\u00e4rker, destruktiver und unberechenbarer als ein Verbot des Hasses. &#8230;<br \/>\nEin unkontrolliert ausgelebter Hass kann nat\u00fcrlich Angst machen. Aber ein Verbot des Hasses w\u00fcrde diese dunkle Seite noch verst\u00e4rken.<br \/>\n&#8230; Alles vom 21.9.2024 bitte lesen auf<br \/>\n<a href=\"https:\/\/www.tichyseinblick.de\/kolumnen\/vorwort-zum-sonntag\/biblische-anregungen\/\">https:\/\/www.tichyseinblick.de\/kolumnen\/vorwort-zum-sonntag\/biblische-anregungen\/<\/a><\/p>\n<p>&nbsp;<\/p>\n<p><strong>Joachim Steinh\u00f6fel: Die digitale Bevormundung<\/strong><br \/>\n<strong>Das Verbot von \u00bbHassrede\u00ab ist eine Einbahnstra\u00dfe<\/strong><br \/>\nBei dem ganzen Spektakel um \u00bbHassrede\u00ab geht es nicht um H\u00f6flichkeit und nicht um die Achtung anderer. Das wird uns nur vorgegaukelt. Es geht um Macht. \u00bbHassrede\u00ab-Gesetze untergraben die Grundlage der Republik: die politische Selbstbestimmung.<br \/>\n&#8230;<br \/>\nJeder hat den Begriff \u00bbHassrede\u00ab schon einmal geh\u00f6rt, aber er wird in keiner der internationalen \u00dcbereinkommen zur Wahrung der Menschenrechte verwendet oder definiert. Auch nicht vom Europ\u00e4ischen Gerichtshof oder dem Europ\u00e4ischen Gerichtshof f\u00fcr Menschenrechte oder einem anderen internationalen Gericht.<br \/>\n&#8230;<br \/>\nInternet-Giganten wie Facebook, X (Twitter), Google und Microsoft haben sich mit der Europ\u00e4ischen Union zusammengetan, um \u00bbHate Speech\u00ab online aktiv zu entfernen.<br \/>\n\u00bbDie Kommission stellt heute zusammen mit Facebook, Twitter, YouTube und Microsoft einen Verhaltenskodex vor, der eine Reihe von Verpflichtungen zur Bek\u00e4mpfung der Verbreitung von illegaler Online-Hetze in Europa enth\u00e4lt.\u00ab<br \/>\nDiese Pressemeldung allein ist schon obsz\u00f6n genug, dass sich aber Unternehmen mit dem Staat zusammentun, um gemeinsam die Reichweite der Meinungsfreiheit der B\u00fcrger zu bestimmen (genauer: einzuschr\u00e4nken), ist eine rechtsstaatliche Perversion. Die Servilit\u00e4t, mit der sich die Repr\u00e4sentanten der Unternehmen in der Pressemitteilung zitieren lassen, wirft ein deutliches Bild auf deren Haltung.<br \/>\n&#8230;<br \/>\nBei dem ganzen Spektakel um \u00bbHassrede\u00ab geht es nicht um H\u00f6flichkeit und nicht um die Achtung anderer. Das wird uns nur vorgegaukelt. Es geht um Macht. \u00bbHassrede\u00ab-Gesetze untergraben die Grundlage der Republik: die politische Selbstbestimmung.<br \/>\n&#8230; Alles vom 19.5.2024 von Joachim Steinh\u00f6fel bitte lesen auf<br \/>\n<a href=\"https:\/\/www.tichyseinblick.de\/feuilleton\/buecher\/joachim-steinhoefel-digitale-bevormundung\/\">https:\/\/www.tichyseinblick.de\/feuilleton\/buecher\/joachim-steinhoefel-digitale-bevormundung\/<\/a><br \/>\n.<br \/>\nUm die im Buch enthaltenen Fu\u00dfnoten bereinigter Auszug aus:<br \/>\n<em>Joachim Steinh\u00f6fel, Die digitale Bevormundung. <\/em><br \/>\n<em>Wie Facebook, Twitter und Google uns vorschreiben wollen, <\/em><br \/>\n<em>was wir denken, schreiben und sagen d\u00fcrfen. <\/em><br \/>\n<em>FBV, Paperback, 224 Seiten, 18,00 \u20ac.<\/em><\/p>\n<p>Einige Kommentare:<br \/>\nDer Staat hat private Organisation zur Zensur verpflichtet (NetzDG). Damit wurde das Grundgesetz (\u201eEine Zensur findet nicht statt\u201c) ausgehebelt. Dazu kommen noch die Einsch\u00fcchterungsma\u00dfnahmen der Polizei bzw. des Verfassungsschutzes. Ich glaube nicht, dass der Vorstand einer Sparkasse oder Volksbank ohne Ansto\u00df von staatlicher Seite, einem Kunden das Konto k\u00fcndigt. D.B.<br \/>\n.<br \/>\n\u201eDas Verbot von \u00bbHassrede\u00ab ist eine Einbahnstra\u00dfe\u201c<br \/>\nDas ist aber sehr h\u00f6flich formuliert. Je h\u00f6flicher man sprachlich bleibt in dieser Republik, desto schneller wird man ins Abseits diffamiert und verleumdet.<br \/>\nSolche Injurien sind schichtweg nur billige und durchsichtige Verleumdung.<br \/>\nDeswegen nehme ich kein Blatt mehr vor den Mund wenn ich von strunzungebildeten Menschen wie Merkel und ihresgleichen spreche, wozu diese Ampel dazu geh\u00f6rt,<br \/>\nden Epigonen des Niedergangs von Demokratie und deutscher Kultur in diesem Lande, die einst die h\u00f6chste Bewunderung und Respekt in der Welt hatte, schon seit Goethe und Schiller oder auch seit Schopenhauer und Kant, wie ich von vielen ausl\u00e4ndischen Freunden wei\u00df.<br \/>\n\u201eWenn die Gescheiten immer schweigen, regieren die Dummen die Welt\u201e, sagt der Volksmund.<br \/>\n\u201eHassrede\u201c und \u201eNazikeule\u201c sind Diffamierung- und Verleumdung- Werkzeuge eines dekandenten politischen Diskurses, gepr\u00e4gt von Schamlosigkeit und Skrupellosigkeit der Dummheit, zur Zensur und Mundtotmachung der Meinungsfreiheit.<br \/>\n\u201eDummheit und Stolz, wachsen auf einem Holz\u201e, beschreibt es der Volksmund. P.P.<br \/>\nEnde Kommentare<\/p>\n<p>&nbsp;<\/p>\n<p><strong>Hassrede: Leni Breymaier (SPD) nennt AfD &#8222;Endometriose der Politik&#8220;<\/strong><br \/>\n\u201eEndometriose \u2013 eine sehr schlimme Krankheit. Sie stiehlt viel Zeit, sie ist sehr schmerzhaft und sie ist ohne jeden Nutzen \u2013 also v\u00f6llig \u00fcberfl\u00fcssig. Die AfD ist die Endometriose der deutschen Politik!\u201c [Gel\u00e4chter bei den Ampelfraktionen] Das sagte Bundestagsabgeordnete Leni Breymaier (SPD) aus Aalen am 14.12.2023 im Parlament. Eine solch niveaulose Hassrede ist neu im Bundestag und skandal\u00f6s. Endometriose ist eine unheilbare Unterleibserkrankung der Frau mit schmerzhafter Wucherung der Geb\u00e4rmutterschleimhaut. Ist der Hass von Breymaier so gro\u00df, da\u00df sie der AfD, ihren Abgeordneten und 4,8 Millionen W\u00e4hler (9\/2021) diese schlimme Krankheit herbeiw\u00fcnscht bzw. diese mit dieser Krankheit gleichsetzt?<br \/>\nDer zweite Skandal: Die amtierende Bundestagspr\u00e4sidentin Aydan \u00d6zoguz (SPD) sanktionierte die Entgleisung weder mit einem sofortigen Ordnungsruf noch mit einem minimalen Hinweis auf \u201eunparlamentarische Sprache\u201c.<br \/>\nWohin soll die verbale Hetze im Bundestag noch gehen, wenn eine derart abscheuliche Hassrede im Parlament geduldet wird?<br \/>\n15.12.2023<br \/>\n.<br \/>\nEnde von Beitrag &#8222;Hassrede: Leni Breymaier (SPD) nennt AfD &#8222;Endometriose der Politik&#8220;<br \/>\n=====================================================<br \/>\nBeginn von Anlagen (1) &#8211; (4)<br \/>\n.<br \/>\n.<br \/>\n<strong>(1) Unfassbare Entgleisung durch SPD-Abgeordnete Leni Breymaier! &#8211; AfD-Fraktion im Bundestag<\/strong><br \/>\n14.12.2023<br \/>\n<a href=\"https:\/\/youtu.be\/hkC7WhH2o9o\">https:\/\/youtu.be\/hkC7WhH2o9o<\/a><br \/>\n.<\/p>\n<p><strong>(2) SPD-Frau beschimpft AfD als wuchernde Krankheit \u2013 das Parlament johlt, Konsequenzen gibt&#8217;s keine<\/strong><br \/>\nKrasse Entgleisung einer SPD-Abgeordneten! Leni Breymaier beleidigte die AfD in einer Bundestagsrede auf hetzerische Art und Weise, verglich die Partei mit krankhaft wuchernder Geb\u00e4rmutterschleimhaut.<br \/>\nMit ihrer \u00c4u\u00dferung im Parlament diskriminierte Breymaier zugleich Tausende von Endometriose betroffene Frauen. Konsequenzen f\u00fcr das, was Linke so gern Hassrede nennen: keine!<br \/>\n&#8230; Alles vom 14.12.2023 bitte lesen auf<br \/>\n<a href=\"https:\/\/www.nius.de\/news\/spd-frau-beschimpft-afd-als-wuchernde-krankheit-das-parlament-johlt-konsequenzen-gibt-s-keine\/bb37e184-0cdf-4b11-a73d-d648bccd5955\">https:\/\/www.nius.de\/news\/spd-frau-beschimpft-afd-als-wuchernde-krankheit-das-parlament-johlt-konsequenzen-gibt-s-keine\/bb37e184-0cdf-4b11-a73d-d648bccd5955<\/a><\/p>\n<p>.<\/p>\n<p><strong>(3) Der Bundestag, eine Geb\u00e4rmutterwucherung und ein f\u00e4lliger Ordnungsruf<\/strong><br \/>\n<strong>Eklat im Bundestag<\/strong><br \/>\n&#8230;\u00a0 \u201eHeute vormittag, um noch mal zur Sacharbeit dieses Parlaments zu kommen\u201c, sagte Frau Breymaier, \u201ehaben wir uns im Familienausschu\u00df mit dem Thema Endometriose besch\u00e4ftigt. Eine sehr schlimme Krankheit\u201c, wu\u00dfte sie nun aus dem Ausschu\u00df zu referieren. \u201eSie stiehlt viel Zeit, sie ist sehr schmerzhaft und sie ist ohne jeden Nutzen \u2013 also v\u00f6llig \u00fcberfl\u00fcssig. Die AfD ist die Endometriose der deutschen Politik.\u201c Es war 22.22 Uhr. Unter den Abgeordneten hob Jubel und Gejohle an.<br \/>\n.<br \/>\nUnheilbare Krankheit. Da\u00df in der Politik nicht mit Samthandschuhen gewerkelt wird, ist klar. Wie auch? Wer es bis in den Bundestag geschafft hat, besticht nicht durch Empathie und Feindesliebe. Aber: Breymaiers Gleichsetzung einer gesamten Partei, ihrer Abgeordneten und ihrer W\u00e4hler mit einer Krankheit, ist ohne Frage eine Entgleisung.<br \/>\nAls Endometriose bezeichnen Mediziner eine gutartige, aber gleichwohl unheilbare und schmerzhafte Wucherung der Geb\u00e4rmutterschleimhaut. Eine Unterleibserkrankung, die, wie kann es anders sein, ausschlie\u00dflich bei Frauen vorkommt. Okay, Gr\u00fcnen-Ganserer mag das gegebenenfalls anders sehen, aber dar\u00fcber wollen wir mal gro\u00dfz\u00fcgig hinwegsehen. Wor\u00fcber man nicht hinwegsehen darf, ist die Entmenschlichung des politischen Konkurrenten und seiner W\u00e4hler.<br \/>\n&#8230; Alles vom 15.12.2023 bitte lesen auf<br \/>\n<a href=\"https:\/\/jungefreiheit.de\/politik\/deutschland\/2023\/der-bundestag-eine-gebaermutterwucherung-und-ein-faelliger-ordnungsruf\/\">https:\/\/jungefreiheit.de\/politik\/deutschland\/2023\/der-bundestag-eine-gebaermutterwucherung-und-ein-faelliger-ordnungsruf\/<\/a><br \/>\n.<\/p>\n<p><strong>(4) Wann haben Sie vor, sich bei der AfD f\u00fcr Ihre Entgleisung bez\u00fcglich des Vergleichs mit einer Krankheit zu entschuldigen?<\/strong><br \/>\n16.12.2023<br \/>\n<a href=\"https:\/\/www.abgeordnetenwatch.de\/profile\/leni-breymaier\/fragen-antworten\/wann-haben-sie-vor-sich-bei-der-afd-fuer-ihre-entgleisung-bezueglich-des-vergleichs-mit-einer-krankheit-zu\">https:\/\/www.abgeordnetenwatch.de\/profile\/leni-breymaier\/fragen-antworten\/wann-haben-sie-vor-sich-bei-der-afd-fuer-ihre-entgleisung-bezueglich-des-vergleichs-mit-einer-krankheit-zu<\/a><\/p>\n<p>.<\/p>\n<p><strong>Zweierlei: Hass gegen Sahra Wagenknecht und Robert Habeck<\/strong><br \/>\n&#8222;<a href=\"https:\/\/www.freiburg-schwarzwald.de\/blog\/engagement\/zukunft\/demokratie\/links\/wagenknecht\/\">Sahra Wagenknecht<\/a> ist einfach nur die leere H\u00fclle eines seelisch und menschlich komplett verdorbenen Zellhaufens. Man sollte sie nicht in Talkshows einladen, sondern therapieren. Widerlich.\u201c &#8211; so der Komiker Bastian Bielendorfer am 28.2.2023 auf Twitter. Mehr Hass und Hetze geht nicht, gegen wen auch immer. Unertr\u00e4glich. Kulturverlust.<\/p>\n<p>Und die Doppelmoral f\u00e4llt auf: \u201eSchmei\u00dft diesen Vollidioten endlich raus #GruenerMist\u201c twitterte ein 58-j\u00e4hriger am 8.9.2022 \u00fcber Robert Habeck zu dessen Erkl\u00e4rung, da\u00df B\u00e4ckereien, die aufgrund der hohen Gaspreise nicht mehr produzieren k\u00f6nnen, dadurch nicht insolvent seien. Gegen ihn ermittelt der Staatsschutz.<br \/>\n<a href=\"https:\/\/www.freiburg-schwarzwald.de\/blog\/kultur\/kulturverlust\/zweierlei\/\">Zweierlei Ma\u00df<\/a> eben.<br \/>\n10.3.2023<br \/>\n.<br \/>\nEnde von Beitrag &#8222;Hass gegen Sahra Wagenknecht und Robert Habeck&#8220;<br \/>\n===================================================<br \/>\nBeginn von Anlagen (1) und (2)<br \/>\n.<\/p>\n<p><strong>Hass<\/strong><br \/>\n&#8230; Alles vom 10.3.2023 bitte lesen auf<br \/>\n<a href=\"https:\/\/www.dersandwirt.de\/hass\/\">https:\/\/www.dersandwirt.de\/hass\/<\/a><\/p>\n<p><strong>Sahra und der Hofnarr<\/strong><br \/>\nDer deutsche Komiker Bastian Bielendorfer bezeichnete Sahra Wagenknecht auf Twitter als \u201emenschlich komplett verdorbenen Zellhaufen\u201c. Wenn man nur die Richtigen herabsetzt, ist so einiges erlaubt. \u201eSahra Wagenknecht ist einfach nur die leere H\u00fclle eines seelisch und menschlich komplett verdorbenen Zellhaufens. Man sollte sie nicht in Talkshows einladen, sondern therapieren. Widerlich.\u201c<br \/>\nDies sind die Worte des deutschen Comedians Bastian Bielendorfer, die er auf Twitter ver\u00f6ffentlicht hat. Es ist schon erstaunlich, auf welches Niveau sich deutsche Narren begeben k\u00f6nnen, wenn sie fest davon \u00fcberzeugt sind, die besseren Menschen zu sein. Es m\u00fcssen wohl diese \u201ewei\u00dfe Privilegien\u201c sein, die es diesem blasiert blassen Burschen erm\u00f6glichen, derart unverbl\u00fcmt seine Abscheu zu artikulieren. Ich stelle mir nur vor, Faisal Kawusi h\u00e4tte derart abf\u00e4llig \u00fcber eine Frau gesprochen.<br \/>\n&#8230; Alles vom 9.3.2023 bitte lesen auf<br \/>\n<a href=\"https:\/\/www.achgut.com\/artikel\/Sahra_und_der_Hofnarr\">https:\/\/www.achgut.com\/artikel\/Sahra_und_der_Hofnarr<\/a><\/p>\n<p>Einige Kommentare:<br \/>\n\u201cMenschlich komplett verdorbener Zellhaufen\u201d ist eins zu eins Nazisprech. Mehr muss man dazu nicht sagen. R.P,<br \/>\n.<br \/>\nDas Schlimme an diesen verbalen Schweinereien, die mit Komik oder Satire rein gar nichts zu tun haben: Hassreden und Beleidigungen werden normalisiert. Diesen Faschisten, oder zumindest ihren Namen, einfach keine Plattform zu bieten, w\u00e4re vielleicht die bessere L\u00f6sung. r.S.<br \/>\n.<br \/>\nNat\u00fcrlich d\u00fcrfen im Faschismus Faschisten ihre Gegner in faschistischer Sprache beschreiben. T.Sch.<br \/>\nEnde Kommentare<\/p>\n","protected":false},"excerpt":{"rendered":"<p>Home\u00a0&gt;Kultur\u00a0&gt;Medien\u00a0&gt;Diskussionskultur\u00a0&gt;Demokratie &gt;Hass &gt;Hass-Hetze Listenauswahl eines Beitrags (Artikel\/Datum, Seite\/Inhalt):\u00a0Klicken\u00a0oder scrollen Regulation Zensur Verbot: Nein!\u00a0(26.1.2026) \u201eSatiriker\u201c El Hotzo von Hassrede-Vorwurf freigesprochen (23,7,2925) \u201eAlle gemeinsam, Nazis in die Dreisam\u201c auf Demo in Freiburg\u00a0(12.5.205) Privates Gespr\u00e4ch wird Volksverhetzung (22.11.2024) Achijah Zorn: Der Hass ist &hellip; <a href=\"https:\/\/www.freiburg-schwarzwald.de\/blog\/kultur\/medien\/hass-hetze\/\">Weiterlesen <span class=\"meta-nav\">&rarr;<\/span><\/a><\/p>\n","protected":false},"author":2,"featured_media":0,"parent":678,"menu_order":0,"comment_status":"closed","ping_status":"closed","template":"","meta":{"footnotes":""},"class_list":["post-110537","page","type-page","status-publish","hentry"],"_links":{"self":[{"href":"https:\/\/www.freiburg-schwarzwald.de\/blog\/wp-json\/wp\/v2\/pages\/110537","targetHints":{"allow":["GET"]}}],"collection":[{"href":"https:\/\/www.freiburg-schwarzwald.de\/blog\/wp-json\/wp\/v2\/pages"}],"about":[{"href":"https:\/\/www.freiburg-schwarzwald.de\/blog\/wp-json\/wp\/v2\/types\/page"}],"author":[{"embeddable":true,"href":"https:\/\/www.freiburg-schwarzwald.de\/blog\/wp-json\/wp\/v2\/users\/2"}],"replies":[{"embeddable":true,"href":"https:\/\/www.freiburg-schwarzwald.de\/blog\/wp-json\/wp\/v2\/comments?post=110537"}],"version-history":[{"count":5,"href":"https:\/\/www.freiburg-schwarzwald.de\/blog\/wp-json\/wp\/v2\/pages\/110537\/revisions"}],"predecessor-version":[{"id":144880,"href":"https:\/\/www.freiburg-schwarzwald.de\/blog\/wp-json\/wp\/v2\/pages\/110537\/revisions\/144880"}],"up":[{"embeddable":true,"href":"https:\/\/www.freiburg-schwarzwald.de\/blog\/wp-json\/wp\/v2\/pages\/678"}],"wp:attachment":[{"href":"https:\/\/www.freiburg-schwarzwald.de\/blog\/wp-json\/wp\/v2\/media?parent=110537"}],"curies":[{"name":"wp","href":"https:\/\/api.w.org\/{rel}","templated":true}]}}