{"id":110400,"date":"2023-03-06T12:24:04","date_gmt":"2023-03-06T11:24:04","guid":{"rendered":"https:\/\/www.freiburg-schwarzwald.de\/blog\/?page_id=110400"},"modified":"2025-01-31T22:19:56","modified_gmt":"2025-01-31T21:19:56","slug":"kartoffeln","status":"publish","type":"page","link":"https:\/\/www.freiburg-schwarzwald.de\/blog\/global\/deutschland\/deutschland-kaputt\/kartoffeln\/","title":{"rendered":"Kartoffeln"},"content":{"rendered":"<p><a href=\"https:\/\/www.freiburg-schwarzwald.de\/blog\">Home<\/a>\u00a0&gt;<a title=\"Kultur\" href=\"https:\/\/www.freiburg-schwarzwald.de\/blog\/kultur\/\">Kultur<\/a>\u00a0&gt;<a title=\"Dichter\" href=\"https:\/\/www.freiburg-schwarzwald.de\/blog\/kultur\/dichter\/\">Dichter<\/a>\u00a0&gt;<a href=\"https:\/\/www.freiburg-schwarzwald.de\/blog\/global\/deutschland\/deutsche\/\">Deutsche<\/a> &gt;<a href=\"https:\/\/www.freiburg-schwarzwald.de\/blog\/kultur\/kulturverlust\/sprachregime\/\">Sprachregime<\/a> &gt;Kartoffeln<\/p>\n<div id=\"attachment_110254\" style=\"width: 650px\" class=\"wp-caption alignnone\"><a href=\"https:\/\/www.freiburg-schwarzwald.de\/blog\/wp-content\/uploads\/2023\/03\/windrad-struth-thueringen-pan.jpg\"><img loading=\"lazy\" decoding=\"async\" aria-describedby=\"caption-attachment-110254\" class=\"size-full wp-image-110254\" src=\"https:\/\/www.freiburg-schwarzwald.de\/blog\/wp-content\/uploads\/2023\/03\/windrad-struth-thueringen-pan.jpg\" alt=\"\" width=\"640\" height=\"348\" srcset=\"https:\/\/www.freiburg-schwarzwald.de\/blog\/wp-content\/uploads\/2023\/03\/windrad-struth-thueringen-pan.jpg 640w, https:\/\/www.freiburg-schwarzwald.de\/blog\/wp-content\/uploads\/2023\/03\/windrad-struth-thueringen-pan-180x98.jpg 180w\" sizes=\"auto, (max-width: 640px) 100vw, 640px\" \/><\/a><p id=\"caption-attachment-110254\" class=\"wp-caption-text\">Windr\u00e4der bei der Ortschaft Reith in Th\u00fcringen<\/p><\/div>\n<ul>\n<li><em>Listenauswahl eines Beitrags: Bitte anklicken oder runterscrollen<\/em><\/li>\n<li><a href=\"https:\/\/www.freiburg-schwarzwald.de\/blog\/kultur\/deutsch\/deutschunterricht\/\">Deutschunterricht: Warnsignale in der Bildungskrise<\/a>\u00a0(31.1.2025)<\/li>\n<li><a href=\"https:\/\/www.freiburg-schwarzwald.de\/blog\/global\/integration\/muslime\/nicht-muslime\/\">SZ unterteilt Deutschland in Muslime und Nicht-Muslime<\/a>\u00a0(13,4,2024)<\/li>\n<li>Deutsche als Kartoffeln: Gibt es antideutschen \u201eRassismus\u201c? (10.3.2023)<\/li>\n<li>3 mal in 90 Jahren: Deutsche Kartoffeln f\u00fcr Sozialismus (5.3.2023)<\/li>\n<li>Deutsche = Kartoffeln &#8211; laut Antidiskriminierungbeauftragte Ferda Ataman (6.7.2022)<\/li>\n<li><a href=\"https:\/\/www.freiburg-schwarzwald.de\/blog\/antidiskriminierungsbeauftragte\/\">Antidiskriminierungsbeauftragte<\/a> (23.6.2022)<\/li>\n<li><\/li>\n<li><a href=\"https:\/\/www.freiburg-schwarzwald.de\/blog\/kultur\/deutsch\/deutschunterricht\/\">Deutschunterricht<\/a><\/li>\n<li><a href=\"https:\/\/www.freiburg-schwarzwald.de\/blog\/natur\/landwirt\/gemuesebau\/kartoffel\/\">Kartoffel &#8211; Gem\u00fcse<\/a><\/li>\n<li><a href=\"https:\/\/www.freiburg-schwarzwald.de\/blog\/global\/integration\/muslime\/nicht-muslime\/\">Nicht-Muslime<\/a><\/li>\n<li><a href=\"https:\/\/www.freiburg-schwarzwald.de\/blog\/engagement\/rassismus\/\">Rassismus<\/a><\/li>\n<\/ul>\n<p>&nbsp;<\/p>\n<p><strong>Deutsche als Kartoffeln: Gibt es antideutschen \u201eRassismus\u201c?<\/strong><br \/>\nOder handelt es sich um ein rechtsextremes Phantasma? Eine Fallsammlung<br \/>\n\u201eIch hasse Wei\u00dfe\u201c<br \/>\nvon M. Pellack \/ B. Harms \/ M. Schwarz<\/p>\n<p>Rassismus gegen Wei\u00dfe oder Deutsche \u2013 existiert so etwas? Man k\u00f6nnte mit einem Satz aus Loriots Sketch \u201eDas Jodeldiplom\u201c entgegnen: \u201eDa regt mich ja schon die Frage auf!\u201c Oder aber entspannter aus dem Markusevangelium zitieren: \u201eWer Augen hat zu sehen, der sehe!\u201c<br \/>\nAber sind die Deutschen denn eine Rasse? Sind sie nicht, doch in den vergangenen Jahren ist es gelungen, eine inflation\u00e4re \u201eRassismus\u201c-Definition durchzusetzen, die mit echtem Rassismus nichts mehr zu tun hat, sondern zum Synonym f\u00fcr jedwede Abwertung geworden ist. Durch diese Verallgemeinerung des Begriffs zum Zwecke seiner politischen Nutzbarmachung sind heute vollkommen absurde Konstruktionen m\u00f6glich, wie etwa \u201eantimuslimischer Rassismus\u201c. Warum also nicht auch \u201eantideutscher Rassismus\u201c?<\/p>\n<p>Entz\u00fcndet hatte sich die Debatte (die keine war) zuletzt an der Reaktion Hans-Georg Maa\u00dfens auf einen Tweet Axel Steiers vom 17. Dezember 2022, in dem der Leiter von \u201eMission Lifeline\u201c politische Motive f\u00fcr die Seenotrettung offenbarte: \u201eBald ist Schlu\u00df mit dem lustigen Leben als Wei\u00dfbrote. Irgendwann wird es keine mehr geben &#8230; Ich unterst\u00fctze das mit meiner Arbeit.\u201c Die Frage, ob dies \u201eeliminatorischer Rassismus\u201c (Maa\u00dfen) oder diese Deutung nur \u201eVerschw\u00f6rungstheorie\u201c (CDU-Bundespr\u00e4sidium) ist, mag jeder f\u00fcr sich selbst beantworten. Folgender Test sei anempfohlen: Sollten Sie nachstehende Zitate nicht bereits \u00fcberzeugen, ersetzen Sie die Adjektive \u201ewei\u00df\u201c respektive \u201edeutsch\u201c einfach durch eine Nationalit\u00e4t\/Religion\/Rasse Ihrer Wahl \u2013 und kalkulieren Sie, ob Sie wahrscheinlich ohne Rassismus-Vorwurf (und m\u00f6glicherweise Strafurteil) davonkommen w\u00fcrden.<\/p>\n<p>Die Sammlung erhebt keinen Anspruch auf Vollst\u00e4ndigkeit und ist nicht durch die Zahl existierender Beispiele begrenzt, sondern durch den Umstand, da\u00df jede Zeitungsseite endlich ist. Tats\u00e4chlich ist sie sogar nur ein kleiner Ausschnitt eines viel gr\u00f6\u00dferen Ph\u00e4nomens. Die Beispiele benennen nach dem Namen die Funktion, die die zitierte Person zur Zeit ihrer Aussage innehatte. Im Text darunter werden vormalige und sp\u00e4tere Funktionen genannt, wenn diese relevant sind. Sie zeigen, da\u00df es sich nicht um unbedeutende, sondern um Menschen mit erheblichem gesellschaftlichem Einflu\u00df handelt, sowie da\u00df selbst die ha\u00dferf\u00fcllteste rassistische Mordphantasie gegen Wei\u00dfe\/ Deutsche mit Pech zwar zu partieller Kritik (es gab immer auch \u00f6ffentliche Stimmen, die die Urheber verteidigten), nie aber, wie wir dies sonst kennen, zu gesellschaftlicher \u00c4chtung f\u00fchrte und erst recht kein Hindernis f\u00fcr eine anschlie\u00dfende noch so steile Karriere ist.<br \/>\n\u201eUnd wo\u201c, so fragte Kurt Tucholsky, \u201ebleibt das Positive?\u201c Das lieferte 2010 CDU-Familienministerin Kristina \u00adSchr\u00f6der, die es als einzige etablierte Politikerin je wagte \u00f6ffentlich auszusprechen:<br \/>\n<em><strong>\u201eAuch Deutschenfeindlichkeit ist Fremdenfeindlichkeit, ja Rassismus.\u201c<br \/>\n.<br \/>\n<\/strong><\/em>Fallsammlung:<\/p>\n<p>\u201eS\u00fc\u00dfkartoffeln\u201c<br \/>\nBundeszentrale f\u00fcr politische Bildung (bpb)<br \/>\nDie bpb verwendete diese Variation des K-Worts im Juni 2021 auf Instagram. Nach Kritik, auch seitens Bundestagsvizepr\u00e4sident Wolfgang Kubicki, intervenierte das zust\u00e4ndige Bundesinnenministerium und nannte die Praxis \u201enicht hinnehmbar\u201c. Mit \u201eS\u00fc\u00dfkartoffel\u201c werden im woken Milieu Deutsche tituliert, die dessen Agenda unterst\u00fctzen.<\/p>\n<p>\u201eKartoffeldeutsche\u201c<br \/>\nFerda Ataman, \u201eSpiegel\u201c-Kolumnistin<br \/>\nDie Wahl der ehemaligen Redenschreiberin Armin Laschets und Kolumnistin des \u00f6ffentlich-rechtlichen RBB zur Antidiskrminierungsbeauftragten des Bundes 2022 f\u00fchrte zu heftiger Kritik. Auch weil sie in ihrer \u201eSpiegel\u201c-Kolumne vom 20. Januar 2020 mehrfach das K-Wort verwendete und dies als eine Art erzieherische Ma\u00dfnahme gegen\u00fcber den Deutschen rechtfertigte.<\/p>\n<p>\u201eDer baldige Abgang der Deutschen ist V\u00f6lkersterben von seiner sch\u00f6nsten Seite.\u201c<br \/>\nDeniz Y\u00fccel, Journalist<br \/>\nSo der heutige \u201eWelt\u201c-Journalist in seiner \u201etaz\u201c-Kolumne vom 8. April 2011. F\u00fcr Aufsehen sorgte allerdings erst, als er 2012 an gleicher Stelle Thilo Sarrazin \u00f6ffentlich w\u00fcnschte, \u201eder n\u00e4chste Schlaganfall m\u00f6ge sein Werk gr\u00fcndlicher verrichten\u201c. Sp\u00e4ter korrigierte er sich. Y\u00fccel arbeitete unter anderem f\u00fcr den NDR, WDR, BR und die \u201eSZ\u201c, bevor der Springer-Verlag ihn 2015 abwarb. 2021\/22 war er Sprecher des deutschen PEN, heute f\u00fchrt er den PEN Berlin. 2014 war er \u201eJournalist des Jahres\u201c und 2017 erhielt er den renommierten Theodor-Wolff-Preis.<\/p>\n<p>\u201eNat\u00fcrlich kennen Gr\u00fcne Vaterlandsliebe. Wir kennen und verachten sie.\u201c<br \/>\n\u201eAm 3. Oktober wurde ein Land aufgel\u00f6st \u2026 Warum sollte das nicht noch einmal mit Deutschland gelingen?\u201c<br \/>\nTimon Dzienus und Gr\u00fcne Jugend<br \/>\nTweet des damaligen Landessprechers Niedersachsen und heutigen Bundesvorsitzenden der Gr\u00fcnen Jugend vom 12. Oktober 2019. Tweet des Bundesverbands der Gr\u00fcnen Jugend am Tag der Deutschen Einheit 2015.<\/p>\n<p>\u201eDie wei\u00dfe Rasse ist das Krebsgeschw\u00fcr in der Geschichte der Menschheit.\u201c<br \/>\nSusan Sontag, US-Autorin<br \/>\nIn der Zeitschrift \u201ePartisan Review\u201c, Ausgabe 34\/1, 1967. Die Bestsellerautorin erhielt international zahlreiche Preise und galt bis zu ihrem Tod 2004 als intellektuelle Institution.<\/p>\n<p>\u201eDeutschland, du mieses St\u00fcck Schei\u00dfe\u201c,<br \/>\n\u201eNie wieder Deutschland\u201c,<br \/>\n\u201eDeutschland verrecke\u201c<br \/>\nDGB-Demonstration<br \/>\nWurde laut \u201eHannoverscher Allgemeiner Zeitung\u201c an der Spitze einer Anti-AfD-Demonstration des DGB am 28. November 2015 in Hannover skandiert, an der die damalige Bundestagsvizepr\u00e4sidentin Claudia Roth sowie lokale Politiker von SPD, FDP, Gr\u00fcnen und Linken zusammen mit militanten Linksextremisten teilnahmen. Roth gab sp\u00e4ter an, die Parolen nicht geh\u00f6rt zu haben, w\u00e4hrend sie laut \u201eHAZ\u201c auch in dem Demoteil zu verstehen gewesen seien, in dem Roth sich befand. Eine nachtr\u00e4gliche Distanzierung von der Demonstra-tion lehnte sie ab, nannte die Parolen aber \u201euns\u00e4glich\u201c.<\/p>\n<p>\u201eDeutsche Dreckskultur\u201c,<br \/>\n\u201eDeutsche, schafft Euch ab!\u201c<br \/>\nHengameh Yaghoobifarah, \u201etaz\u201c-Kolumistin<br \/>\nIn ihrer Kolumne vom 22. Oktober 2017. \u00d6ffentliche Kritik regte sich aber erst, als sie 2020 an gleicher Stelle Polizisten mit M\u00fcll verglich. Das Berliner Nobelkaufhaus KaDeWe engagierte sie kurz darauf f\u00fcr eine Werbekampagne.<\/p>\n<p>\u201eK\u00f6terrasse &#8230; Hundeclan &#8230; M\u00f6ge Gott ihren Lebensraum zerst\u00f6ren!\u201c<br \/>\nMalik Karabulut, Ex-Funktion\u00e4r<br \/>\nSo der ehemalige Chef des T\u00fcrkischen Elternbunds Hamburg und vormalige gr\u00fcne B\u00fcrgerschaftskandidat im Juni 2016 auf Facebook \u00fcber die Deutschen. S\u00e4mtliche Anzeigen schlug die Staatsanwaltschaft nieder, da die Deutschen keine Gruppe seien, die sich \u201eerkennbar heraushebt\u201c, weshalb \u201eVolksverhetzung\u201c gegen sie rechtlich unm\u00f6glich sei. Karabulut entschuldigte sich.<\/p>\n<p>\u201eRassismus gegen Deutsche ist richtig und wichtig.\u201c<br \/>\nTwitterkonto \u201esibel &amp; zugi\u201c<br \/>\nHie\u00df es am 7. M\u00e4rz 2019 auf dem Twitterkonto der \u201etaz\u201c- und \u201eSpiegel\u201c-Autorin Sibel Schick. Die Urheberschaft ist allerdings nicht zweifelsfrei gekl\u00e4rt, da sie sich das Konto mit der Nutzerin \u201eZugi\u201c teilte. Obwohl vereinbart war, da\u00df diese ihre Tweets mit einem \u201ez\u201c markiert, was hier nicht der Fall war, gab Schick an, er stamme nicht von ihr und l\u00f6schte ihn.<\/p>\n<p>\u201eThanks Bomber Harris\u201c<br \/>\nAnne Helm, Politikerin<br \/>\nMit diesem Motto auf die nackte Brust gemalt posierte die Schauspielerin, Synchronsprecherin sowie damalige Politikerin der Piratenpartei zum Jahrestag der <a href=\"https:\/\/www.freiburg-schwarzwald.de\/blog\/bomben-auf-dresden-13-2-1944\/\">Vernichtung Dresdens<\/a> am 14. Februar 2014 im Internet. Als trotz ihrer Maskierung ihre T\u00e4terschaft bekannt wurde, entschuldigte sie sich. 2016 trat sie zur Linken \u00fcber, deren Fraktionsvorsitzende im Berliner Abgeordnetenhaus sie heute ist.<\/p>\n<p>\u201eSauerkraut, Kartoffelbrei, Bomber Harris \u2013 Feuer frei!\u201c<br \/>\nJulia Schramm, Politikerin<br \/>\nMit diesem Tweet sprang die Piratin am 17. Februar 2014 Anne Helm (links) bei. In einem kritischen Kommentar deutete die \u201etaz\u201c \u201eKartoffelbrei\u201c als die 1945 in Dresden \u201ezu Brei\u201c gebombten Deutschen. Schramm nannte die \u00c4u\u00dferung sp\u00e4ter \u201enur einen Gag\u201c. 2016 wechselte sie zur Linken, sa\u00df im Berliner Landesvorstand, 2021\/22 im Bundesvorstand der Partei. Zudem arbeitete sie als Fachreferentin f\u00fcr \u201eHate Speech\u201c bei der vom Bund mitfinanzierten Amadeu-Antonio-Stiftung.<br \/>\n\u201eEine spezifisch deutsche Kultur ist, jenseits der Sprache, nicht zu identifizieren.\u201c<br \/>\nAydan \u00d6zoguz, Integrations-beauftragte des Bundes<br \/>\nSo die heutige Bundestagsvizepr\u00e4sidentin und damalige Integrationsbeauftragte sowie SPD-Vizevorsitzende in einem Gastbeitrag im Berliner \u201eTagesspiegel \u201cvom 14. Mai 2017.<\/p>\n<p>\u201eS\u00e4chsisch ist kein Deutsch, sondern eine Halskrankheit.\u201c<br \/>\n\u201eAfD-Vize Gauland sagt: \u2018Heute sind wir tolerant, morgen fremd im eigenen Land.\u2018 Meine Antwort: Gew\u00f6hn dich dran, Alter! \u2026 Wir sind hier, werden immer mehr und beanspruchen Deutschland f\u00fcr uns. Ob du willst oder nicht.\u201c<br \/>\nHasnain Kazim, \u201eSpiegel\u201c-Korrespondent<br \/>\nTweets vom 12. Juli 2018 und 5. Juni 2016. Heute schreibt der preisgekr\u00f6nte Autor unter anderem f\u00fcr die \u201eZeit\u201c, \u201eSZ\u201c, den DLF und tritt in ARD und ZDF auf.<\/p>\n<p>\u201e\u00dcberall trifft man \u2026 die niedere Gemeinheit des Einzelnen, die &#8230; sich immer wieder Bahn bricht und den Unwillen der Deutschen zeigt \u2026 (Diese) sterben weg. Wir Migranten werden dieses Land wohl erben. Wir k\u00f6nnten also auf Zeit spielen. Eine Zeit, die sie nicht haben.\u201c<br \/>\nBehzad Karim Khani, Bestsellerautor<br \/>\nAus einem Gastbeitrag in der \u201eBerliner Zeitung\u201c vom 10. Januar 2023<\/p>\n<p>\u201eIhr werdet nicht verhindern, da\u00df ein t\u00fcrkischer Richter \u00fcber Euch urteilt, ein pakistanischer Arzt Euch heilt, ein Tamile Eure Gesetze mit verabschiedet \u2026 wir werden &#8230; die Gesellschaft internationalisieren \u2013 f\u00fcr Euch. Ihr seid bei diesem leidvollen Proze\u00df lediglich Zaung\u00e4ste, l\u00e4stige Gaffer.\u201c<br \/>\n\u201eWir werden Euch nichts verzeihen. Gar nichts!\u201c<br \/>\nWalid Nakschbandi, Manager<br \/>\nSo der Holtzbrinck-Manager und vormalige ZDF-Produzent (sowie sp\u00e4teres Mitglied der deutschen Islamkonferenz) in Gastbeitr\u00e4gen in der \u201eZeit\u201c vom 19. September 2000 und im Berliner \u201eTagesspiegel\u201c vom 1. November 2000.<\/p>\n<p>\u201eWeil wir eine eklig wei\u00dfe Mehrheitsgesellschaft haben.\u201c<br \/>\n\u201eIch hasse die Gesamtheit der wei\u00dfen Menschen, die davon profitieren, da\u00df mein Heimatkontinent ausgeraubt wurde.\u201c<br \/>\n\u201eIch werde irgendwann \u2026 alle wei\u00dfen Menschen aus Afrika rauskehren.\u201c<br \/>\nSarah-Lee Heinrich, Gr\u00fcne Jugend<br \/>\nIn der \u201eFunk\u201c-Sendung \u201eKarakaya Talk\u201c im November 2019 und im Juli und Oktober 2016 auf Twitter. Nach massiver Kritik entschuldigte sich die GJ-Chefin 2021.<\/p>\n<p>\u201eF\u00fcr \u2018eklig wei\u00dfe Mehrheitsgesellschaft\u2019 mu\u00df sich niemand entschuldigen.\u201c<br \/>\n\u201eIch w\u00fcnschte, ganz Afrika k\u00e4me nach Europa.\u201c<br \/>\n\u201eDie freundliche \u00dcbernahme Deutschlands durch Nichtwei\u00dfe.\u201c<br \/>\nMohamed Amjahid, Journalist und Bestsellerautor<br \/>\nTweets des preisgekr\u00f6nten Autors vom 10. Oktober 2021 und 4. M\u00e4rz 2020 sowie Zitat aus seinem 2021 erschienenen Buch \u201eDer wei\u00dfe Fleck\u201c. Er war Redakteur der \u201eZeit\u201c, schrieb unter anderem f\u00fcr \u201eSZ\u201c und\u201eSpiegel\u201c, ist \u201etaz\u201c-Kolumnist und tritt bei ARD und ZDF auf.<\/p>\n<p>\u201eEs war die gr\u00f6\u00dfte Bankrotterkl\u00e4rung der deutschen Politik nach der Wende, da\u00df sie zulie\u00df, da\u00df ein Drittel des Staatsgebiets wei\u00df blieb.\u201c<br \/>\nAnetta Kahane, Vorsitzende der Amadeu-Antonio-Stiftung<br \/>\nAm 17. Juli 2017 im Interview mit dem Berliner \u201eTagesspiegel\u201c.<\/p>\n<p>\u201eIch w\u00fcrde &#8230; eine 30-Prozent-Quote vorschlagen &#8230; und (zwar) f\u00fcr wei\u00dfe M\u00e4nner.\u201c<br \/>\nPeggy Piesche, Bildungs\u00adreferentin<br \/>\nForderung der Fachbereichsleiterin \u201ePolitische Bildung und plurale Demokratie\u201c der Bundeszentrale f\u00fcr politische Bildung (bpb) f\u00fcr eine \u201eantirassistische\u201c Reform der \u00f6ffentlichen Verwaltung am 23. April 2021 in einer Online-Diskussion des Offenen Kanals Merseburg.<\/p>\n<p>\u201eWei\u00dfe Feministinnen verstecken sich gern hinter ihrer Unterdr\u00fcckung als Frau \u2013 vergessen aber, da\u00df sie in anderen Kontexten auf der T\u00e4terinnenseite stehen.\u201c<br \/>\nNatasha A. Kelly, Berliner Kommunikationswissenschaftlerin<br \/>\nAm 20. Dezember 2022 gegen\u00fcber \u201eFluter\u201c, dem Jugendmagazin der bpb.<\/p>\n<p>\u201eIch will den Deutschen die Arbeit wegnehmen \u2026 eine weitere wei\u00dfe deutsche Volont\u00e4rin (w\u00fcrde) nicht unbedingt einen Mehrwert bieten.\u201c<br \/>\nFatma Aydemir, \u201etaz\u201c-Redakteurin und Bestsellerautorin<br \/>\nSo die vom Land Baden-W\u00fcrttemberg gef\u00f6rderte, mehrfach preisgekr\u00f6nte Romanschriftstellerin in ihrem 2019 erschienenen Bestseller \u201eEure Heimat ist unser Albtraum\u201c, das den deutschen Heimatbegriff als rassistisch und antisemitisch kritisiert. Aydemir ist Gast bei ARD, ZDF und DLF und Redakteurin der \u201etaz\u201c.<\/p>\n<p>\u201eSelbst bei den Wiener Philharmonikern &#8230; bemerke ich etwas gestre\u00dft, wie wei\u00df &#8230; sie sind. Sich mit wei\u00dfer Mehrheitsgesellschaft zu besch\u00e4ftigen hei\u00dft, nicht mehr wegzuschauen &#8230;. We will fix that.\u201c<br \/>\nKatja Diehl, Regierungsberaterin und Bestsellerautorin<br \/>\nSo die vom Bundesministerium f\u00fcr Verkehr zweifach preisgekr\u00f6nte Beir\u00e4tin des baden-w\u00fcrttembergischen und des \u00f6sterreichischen Verkehrsministeriums, die der \u201eFocus\u201c 2020 zu den \u201e100 Frauen des Jahres\u201c z\u00e4hlte, am 1. Januar 2023 auf Twitter.<\/p>\n<p>&#8230; Alles vom 10.3.2023 bitte lesen in der JF 11\/23, Seite 7<br \/>\n<a href=\"https:\/\/www.junge-freiheit.de\">https:\/\/www.junge-freiheit.de<\/a><\/p>\n<p>&nbsp;<\/p>\n<p><strong>3 mal in 90 Jahren: Deutsche Kartoffeln f\u00fcr Sozialismus<\/strong><br \/>\nNoch nie hat es ein Volk nicht bereut, Sozialisten an die Macht gelassen zu haben. Aber diesen Fehler gleich dreimal in nur neunzig Jahren zu begehen, das macht den Kartoffeln so schnell keiner nach.<br \/>\n5.3.2023 <a href=\"https:\/\/www.klonovsky.de\/2023\/03\/5-maerz-2023\/\">https:\/\/www.klonovsky.de\/2023\/03\/5-maerz-2023\/<\/a><\/p>\n<p>&nbsp;<\/p>\n<p><strong>Deutsche = Kartoffeln &#8211; laut Antidiskriminierungbeauftragte Ferda Ataman<\/strong><br \/>\nWer Deutsche als &#8222;Kartoffeln&#8220; bezeichnet und frohlockt, da\u00df es \u201enur noch 60 Millionen Blutsdeutsche\u201c gebe und meint, eine spezifisch deutsche Kultur sei \u201ejenseits der Sprache schlicht nicht identifizierbar\u201c, ist als Diskriminierungsbeauftrage nicht geeignet. Der st\u00e4rkste Widerstand gegen Ferda Ataman kommt \u00fcbrigens von hier integrierten Muslimen bzw. Migranten, dazu nur zwei Stimmen:<br \/>\nHamad Abdel-Samad :\u201eWenn Sie, Herr Bundeskanzler, Ihre Partei und Ihre Bundesregierung Frau Ataman in dieses sensible Amt berufen, dann sind Sie nicht mehr neutral, sondern betreiben Identit\u00e4tspolitik auch in den Fragen Islam und Migration\u201c.<br \/>\nAhmad Mansour: &#8222;Das abstruse Weltbild der Ferda Ataman: Rassist ist, wer alt, wei\u00df und m\u00e4nnlich ist. &#8230; Es geht ihr um Ideologie und wenig um den Abbau von Rassismus oder Diskriminierung. Denn wer Rassismus bek\u00e4mpfen will, muss jegliche Schattierung von Rassismus ablehnen. &#8230; Mit ihr werden die Diskriminierungsprobleme in unserem Land nicht bek\u00e4mpft, sondern einfach nur verschoben \u2013 durch die Herabw\u00fcrdigung neuer Gruppen.&#8220;<br \/>\nMehr auch auf <a href=\"https:\/\/www.freiburg-schwarzwald.de\/blog\/antidiskriminierungsbeauftragte\/\">https:\/\/www.freiburg-schwarzwald.de\/blog\/antidiskriminierungsbeauftragte\/<\/a><br \/>\n6.7.2022,<\/p>\n<p><a href=\"https:\/\/www.badische-zeitung.de\/ferda-atamans-nominierung-als-antidiskriminierungsbeauftragte-sorgt-fuer-kritik--214711688.html?ts=1657093398#comment_214724890\">https:\/\/www.badische-zeitung.de\/ferda-atamans-nominierung-als-antidiskriminierungsbeauftragte-sorgt-fuer-kritik&#8211;214711688.html?ts=1657093398#comment_214724890<\/a><\/p>\n<p>&nbsp;<\/p>\n<p>&nbsp;<\/p>\n","protected":false},"excerpt":{"rendered":"<p>Home\u00a0&gt;Kultur\u00a0&gt;Dichter\u00a0&gt;Deutsche &gt;Sprachregime &gt;Kartoffeln Listenauswahl eines Beitrags: Bitte anklicken oder runterscrollen Deutschunterricht: Warnsignale in der Bildungskrise\u00a0(31.1.2025) SZ unterteilt Deutschland in Muslime und Nicht-Muslime\u00a0(13,4,2024) Deutsche als Kartoffeln: Gibt es antideutschen \u201eRassismus\u201c? (10.3.2023) 3 mal in 90 Jahren: Deutsche Kartoffeln f\u00fcr Sozialismus (5.3.2023) &hellip; <a href=\"https:\/\/www.freiburg-schwarzwald.de\/blog\/global\/deutschland\/deutschland-kaputt\/kartoffeln\/\">Weiterlesen <span class=\"meta-nav\">&rarr;<\/span><\/a><\/p>\n","protected":false},"author":2,"featured_media":0,"parent":69940,"menu_order":0,"comment_status":"closed","ping_status":"closed","template":"","meta":{"footnotes":""},"class_list":["post-110400","page","type-page","status-publish","hentry"],"_links":{"self":[{"href":"https:\/\/www.freiburg-schwarzwald.de\/blog\/wp-json\/wp\/v2\/pages\/110400","targetHints":{"allow":["GET"]}}],"collection":[{"href":"https:\/\/www.freiburg-schwarzwald.de\/blog\/wp-json\/wp\/v2\/pages"}],"about":[{"href":"https:\/\/www.freiburg-schwarzwald.de\/blog\/wp-json\/wp\/v2\/types\/page"}],"author":[{"embeddable":true,"href":"https:\/\/www.freiburg-schwarzwald.de\/blog\/wp-json\/wp\/v2\/users\/2"}],"replies":[{"embeddable":true,"href":"https:\/\/www.freiburg-schwarzwald.de\/blog\/wp-json\/wp\/v2\/comments?post=110400"}],"version-history":[{"count":6,"href":"https:\/\/www.freiburg-schwarzwald.de\/blog\/wp-json\/wp\/v2\/pages\/110400\/revisions"}],"predecessor-version":[{"id":130513,"href":"https:\/\/www.freiburg-schwarzwald.de\/blog\/wp-json\/wp\/v2\/pages\/110400\/revisions\/130513"}],"up":[{"embeddable":true,"href":"https:\/\/www.freiburg-schwarzwald.de\/blog\/wp-json\/wp\/v2\/pages\/69940"}],"wp:attachment":[{"href":"https:\/\/www.freiburg-schwarzwald.de\/blog\/wp-json\/wp\/v2\/media?parent=110400"}],"curies":[{"name":"wp","href":"https:\/\/api.w.org\/{rel}","templated":true}]}}