{"id":11017,"date":"2012-09-21T15:41:36","date_gmt":"2012-09-21T13:41:36","guid":{"rendered":"https:\/\/www.freiburg-schwarzwald.de\/blog\/?page_id=11017"},"modified":"2020-07-17T09:38:03","modified_gmt":"2020-07-17T07:38:03","slug":"stipendium","status":"publish","type":"page","link":"https:\/\/www.freiburg-schwarzwald.de\/blog\/bildung\/stipendium\/","title":{"rendered":"Stipendium"},"content":{"rendered":"<p>Home &gt;<a title=\"Bildung\" href=\"https:\/\/www.freiburg-schwarzwald.de\/blog\/bildung\/\">Bildung<\/a> &gt;<a title=\"Universitaet\" href=\"https:\/\/www.freiburg-schwarzwald.de\/blog\/bildung\/hochschulen\/universitaet\/\">Universitaet<\/a> &gt;<a title=\"Zukunft\" href=\"https:\/\/www.freiburg-schwarzwald.de\/blog\/engagement\/zukunft\/\">Zukunft<\/a> &gt;Stipendium<\/p>\n<div id=\"attachment_1229\" style=\"width: 611px\" class=\"wp-caption alignnone\"><a href=\"https:\/\/www.freiburg-schwarzwald.de\/blog\/sport\/stpeter1pan-071222\/\" rel=\"attachment wp-att-1229\"><img loading=\"lazy\" decoding=\"async\" aria-describedby=\"caption-attachment-1229\" class=\"size-full wp-image-1229\" title=\"stpeter1pan-071222\" src=\"https:\/\/www.freiburg-schwarzwald.de\/blog\/wp-content\/uploads\/2012\/03\/stpeter1pan-071222.jpg\" alt=\"\" width=\"601\" height=\"189\" srcset=\"https:\/\/www.freiburg-schwarzwald.de\/blog\/wp-content\/uploads\/2012\/03\/stpeter1pan-071222.jpg 601w, https:\/\/www.freiburg-schwarzwald.de\/blog\/wp-content\/uploads\/2012\/03\/stpeter1pan-071222-180x56.jpg 180w\" sizes=\"auto, (max-width: 601px) 100vw, 601px\" \/><\/a><p id=\"caption-attachment-1229\" class=\"wp-caption-text\">Blick nach Westen \u00fcber St.Peter und Rheintal-Nebel zu den Vogesen am 22.12.2007 &#8211; Windr\u00e4der Ro\u00dfkopf links<\/p><\/div>\n<p>&nbsp;<\/p>\n<ul>\n<li><a title=\"Mathematik\" href=\"https:\/\/www.freiburg-schwarzwald.de\/blog\/bildung\/wissenschaft\/mathematik\/\">\u00dcber einen Unterschied zwischen Informatikern und Geisteswissenschaftlern<\/a>\u00a0(11.7.2020)<\/li>\n<li>Studieren oder flanieren? \u2013 Europa feiert 25 Jahre Erasmus-Stipendium (4.9.2012)<\/li>\n<\/ul>\n<p>&nbsp;<\/p>\n<div>\n<div><strong><strong>Studieren oder flanieren? \u2013 Europa feiert 25 Jahre Erasmus-Stipendium<\/strong><\/strong><\/div>\n<p>&nbsp;<\/p>\n<div><\/div>\n<p><strong><span style=\"color: #000000;\">Erasmus hat sich gewandelt. Der Ruf des Programms ist angekratzt. Der Berner Bildungs\u00f6konom Stefan Wolter etwa bem\u00e4ngelt, dass viele Studenten das Stipendium f\u00fcr alle m\u00f6glichen Freizeitbesch\u00e4ftigungen nutzten \u2013 aber nicht zum Studieren. Aus seiner Sicht geh\u00f6rt das Programm dringend \u00fcberarbeitet. In einer 2006 ver\u00f6ffentlichten Studie schl\u00e4gt Wolter vor, mit gr\u00f6\u00dferen Summen flei\u00dfige Studenten zu unterst\u00fctzen, die sich sonst keinen Auslandsaufenthalt leisten k\u00f6nnten, anstatt mit vielen kleinen Stipendien immer mehr beliebige Studenten ins Ausland zu schicken. Wolter fordert strengere Auflagen f\u00fcr Erasmusstudenten. Denn momentan f\u00f6rdere die EU nicht selten Aufenthalte, die einem ausgedehnten Urlaub \u00e4hnelten&#8230;.<br \/>\nAlles vn\u00a0\u00a0Charlotte Janz vom 4.9.2012 auf<br \/>\n<a href=\"https:\/\/www.badische-zeitung.de\/deutschland-1\/25-jahre-erasmus-stipendium-europa-feiert-und-studiert--63518716.html\">https:\/\/www.badische-zeitung.de\/deutschland-1\/25-jahre-erasmus-stipendium-europa-feiert-und-studiert&#8211;63518716.html<\/a>\u00a0<\/span><\/strong><\/p>\n<\/div>\n<div><\/div>\n<div><strong>Erasmus-Studierende m\u00fcssen im Auslandssemester 30 Credit Points\u00a0erwerben<br \/>\n<\/strong>Der Artikel ist nicht frei von Einseitigkeiten und Klischees. Das Flanieren soll bei einem Erasmus-Aufenthalt sicherlich nicht fehlen. Eine wesentliche Information fehlt jedoch v\u00f6llig in Ihrem Beitrag: Erasmus-Studierende sind verpflichtet, in einem Auslandssemester 30 Credit Points zu erwerben. Das bedeutet: Sie m\u00fcssen sich den von der ausl\u00e4ndischen Universit\u00e4t vorgeschriebenen Pr\u00fcfungen unterziehen, und zwar nach denselben Bedingungen wie die einheimischen Studierenden. Die Pr\u00fcfungen finden also in einer fremden Sprache statt, und dies oft schon nach drei Monaten. Wer die 30 Credit Points nicht erwirbt, l\u00e4uft Gefahr, das Stipendium zur\u00fcckzahlen zu m\u00fcssen. Ein Erasmus-Aufenthalt sollte an der Heimatuniversit\u00e4t gr\u00fcndlich vorbereitet werden und wird in der Regel an der gastgebenden Universit\u00e4t von einem Koordinator begleitet. Eine der wichtigsten Fragen lautet dabei: Welche Kenntnisse k\u00f6nnen oder sollen im Auslandssemester erworben werden, auch im Hinblick auf die weitere Studien- und Karriereplanung? Nicht mit Pr\u00fcfungspunkten zu bewerten ist jedoch die interkulturelle Kompetenz, die ein Auslandsaufenthalt vermittelt. Wer mit offenen Augen durch das fremde Land geht, verbessert nicht nur seine Sprachkenntnisse, sondern lernt auch, wie die Menschen sprechen, denken und leben. Und wer in jungen Jahren sich f\u00fcr ein paar Monate von seinem Elternhaus und Freundeskreis l\u00f6st, um sich in einer neuen Umgebung zurechtzufinden und zu bew\u00e4hren, lernt auch noch f\u00fcr sich selbst. In meiner rund zehnj\u00e4hrigen T\u00e4tigkeit als Erasmus-Koordinator habe ich die Erfahrung gemacht, dass die Erasmus-Studierenden in aller Regel zufrieden und bereichert ihre Heimreise angetreten haben. Au\u00dferdem haben sie einen Pluspunkt in ihrem Lebenslauf, an dem k\u00fcnftige Arbeitgeber nicht uninteressiert sind.<br \/>\nProf. Dr. Eberhard Bons, Stra\u00dfburg, 21.9.2012<\/div>\n<div><\/div>\n<div>\n<p><strong><strong>Erasmus-Programm seit 1987<\/strong><\/strong><\/p>\n<\/div>\n<div>Das Erasmus-Programm wurde im Juni 1987 vom EU-Ministerrat ins Leben gerufen. Seitdem waren knapp drei Millionen Studenten im Ausland. Gef\u00f6rdert wird das Programm j\u00e4hrlich mit rund 450 Millionen Euro. Ein deutscher Erasmusstudent bekommt durchschnittlich 200 Euro im Monat. Die drei beliebtesten Ziell\u00e4nder sind Spanien, Frankreich und Deutschland, die auch alle drei die meisten Studenten ins Ausland schicken. Das Programm hat seinen Namen zum einen in Anlehnung an Erasmus von Rotterdam, dem niederl\u00e4ndischen humanistischen Gelehrten. Zum anderen steht Erasmus als Akronym f\u00fcr EuRopean (Community) Action Scheme for the Mobility of University Students.<br \/>\n<a href=\"https:\/\/www.erasemus-guide.de\">www.erasemus-guide.de<\/a><\/div>\n","protected":false},"excerpt":{"rendered":"<p>Home &gt;Bildung &gt;Universitaet &gt;Zukunft &gt;Stipendium &nbsp; \u00dcber einen Unterschied zwischen Informatikern und Geisteswissenschaftlern\u00a0(11.7.2020) Studieren oder flanieren? \u2013 Europa feiert 25 Jahre Erasmus-Stipendium (4.9.2012) &nbsp; Studieren oder flanieren? \u2013 Europa feiert 25 Jahre Erasmus-Stipendium &nbsp; Erasmus hat sich gewandelt. Der Ruf &hellip; <a href=\"https:\/\/www.freiburg-schwarzwald.de\/blog\/bildung\/stipendium\/\">Weiterlesen <span class=\"meta-nav\">&rarr;<\/span><\/a><\/p>\n","protected":false},"author":4,"featured_media":0,"parent":93,"menu_order":0,"comment_status":"open","ping_status":"closed","template":"","meta":{"footnotes":""},"class_list":["post-11017","page","type-page","status-publish","hentry"],"_links":{"self":[{"href":"https:\/\/www.freiburg-schwarzwald.de\/blog\/wp-json\/wp\/v2\/pages\/11017","targetHints":{"allow":["GET"]}}],"collection":[{"href":"https:\/\/www.freiburg-schwarzwald.de\/blog\/wp-json\/wp\/v2\/pages"}],"about":[{"href":"https:\/\/www.freiburg-schwarzwald.de\/blog\/wp-json\/wp\/v2\/types\/page"}],"author":[{"embeddable":true,"href":"https:\/\/www.freiburg-schwarzwald.de\/blog\/wp-json\/wp\/v2\/users\/4"}],"replies":[{"embeddable":true,"href":"https:\/\/www.freiburg-schwarzwald.de\/blog\/wp-json\/wp\/v2\/comments?post=11017"}],"version-history":[{"count":0,"href":"https:\/\/www.freiburg-schwarzwald.de\/blog\/wp-json\/wp\/v2\/pages\/11017\/revisions"}],"up":[{"embeddable":true,"href":"https:\/\/www.freiburg-schwarzwald.de\/blog\/wp-json\/wp\/v2\/pages\/93"}],"wp:attachment":[{"href":"https:\/\/www.freiburg-schwarzwald.de\/blog\/wp-json\/wp\/v2\/media?parent=11017"}],"curies":[{"name":"wp","href":"https:\/\/api.w.org\/{rel}","templated":true}]}}

<p>Home &gt;<a title="Bildung" href="https://www.freiburg-schwarzwald.de/blog/bildung/">Bildung</a> &gt;<a title="Universitaet" href="https://www.freiburg-schwarzwald.de/blog/bildung/hochschulen/universitaet/">Universitaet</a> &gt;<a title="Zukunft" href="https://www.freiburg-schwarzwald.de/blog/engagement/zukunft/">Zukunft</a> &gt;Stipendium</p>
<div id="attachment_1229" style="width: 611px" class="wp-caption alignnone"><a href="https://www.freiburg-schwarzwald.de/blog/sport/stpeter1pan-071222/" rel="attachment wp-att-1229"><img loading="lazy" decoding="async" aria-describedby="caption-attachment-1229" class="size-full wp-image-1229" title="stpeter1pan-071222" src="https://www.freiburg-schwarzwald.de/blog/wp-content/uploads/2012/03/stpeter1pan-071222.jpg" alt="" width="601" height="189" srcset="https://www.freiburg-schwarzwald.de/blog/wp-content/uploads/2012/03/stpeter1pan-071222.jpg 601w, https://www.freiburg-schwarzwald.de/blog/wp-content/uploads/2012/03/stpeter1pan-071222-180x56.jpg 180w" sizes="auto, (max-width: 601px) 100vw, 601px" /></a><p id="caption-attachment-1229" class="wp-caption-text">Blick nach Westen über St.Peter und Rheintal-Nebel zu den Vogesen am 22.12.2007 &#8211; Windräder Roßkopf links</p></div>
<p>&nbsp;</p>
<ul>
<li><a title="Mathematik" href="https://www.freiburg-schwarzwald.de/blog/bildung/wissenschaft/mathematik/">Über einen Unterschied zwischen Informatikern und Geisteswissenschaftlern</a> (11.7.2020)</li>
<li>Studieren oder flanieren? – Europa feiert 25 Jahre Erasmus-Stipendium (4.9.2012)</li>
</ul>
<p>&nbsp;</p>
<div>
<div><strong><strong>Studieren oder flanieren? – Europa feiert 25 Jahre Erasmus-Stipendium</strong></strong></div>
<p>&nbsp;</p>
<div></div>
<p><strong><span style="color: #000000;">Erasmus hat sich gewandelt. Der Ruf des Programms ist angekratzt. Der Berner Bildungsökonom Stefan Wolter etwa bemängelt, dass viele Studenten das Stipendium für alle möglichen Freizeitbeschäftigungen nutzten – aber nicht zum Studieren. Aus seiner Sicht gehört das Programm dringend überarbeitet. In einer 2006 veröffentlichten Studie schlägt Wolter vor, mit größeren Summen fleißige Studenten zu unterstützen, die sich sonst keinen Auslandsaufenthalt leisten könnten, anstatt mit vielen kleinen Stipendien immer mehr beliebige Studenten ins Ausland zu schicken. Wolter fordert strengere Auflagen für Erasmusstudenten. Denn momentan fördere die EU nicht selten Aufenthalte, die einem ausgedehnten Urlaub ähnelten&#8230;.<br />
Alles vn  Charlotte Janz vom 4.9.2012 auf<br />
<a href="https://www.badische-zeitung.de/deutschland-1/25-jahre-erasmus-stipendium-europa-feiert-und-studiert--63518716.html">https://www.badische-zeitung.de/deutschland-1/25-jahre-erasmus-stipendium-europa-feiert-und-studiert&#8211;63518716.html</a> </span></strong></p>
</div>
<div></div>
<div><strong>Erasmus-Studierende müssen im Auslandssemester 30 Credit Points erwerben<br />
</strong>Der Artikel ist nicht frei von Einseitigkeiten und Klischees. Das Flanieren soll bei einem Erasmus-Aufenthalt sicherlich nicht fehlen. Eine wesentliche Information fehlt jedoch völlig in Ihrem Beitrag: Erasmus-Studierende sind verpflichtet, in einem Auslandssemester 30 Credit Points zu erwerben. Das bedeutet: Sie müssen sich den von der ausländischen Universität vorgeschriebenen Prüfungen unterziehen, und zwar nach denselben Bedingungen wie die einheimischen Studierenden. Die Prüfungen finden also in einer fremden Sprache statt, und dies oft schon nach drei Monaten. Wer die 30 Credit Points nicht erwirbt, läuft Gefahr, das Stipendium zurückzahlen zu müssen. Ein Erasmus-Aufenthalt sollte an der Heimatuniversität gründlich vorbereitet werden und wird in der Regel an der gastgebenden Universität von einem Koordinator begleitet. Eine der wichtigsten Fragen lautet dabei: Welche Kenntnisse können oder sollen im Auslandssemester erworben werden, auch im Hinblick auf die weitere Studien- und Karriereplanung? Nicht mit Prüfungspunkten zu bewerten ist jedoch die interkulturelle Kompetenz, die ein Auslandsaufenthalt vermittelt. Wer mit offenen Augen durch das fremde Land geht, verbessert nicht nur seine Sprachkenntnisse, sondern lernt auch, wie die Menschen sprechen, denken und leben. Und wer in jungen Jahren sich für ein paar Monate von seinem Elternhaus und Freundeskreis löst, um sich in einer neuen Umgebung zurechtzufinden und zu bewähren, lernt auch noch für sich selbst. In meiner rund zehnjährigen Tätigkeit als Erasmus-Koordinator habe ich die Erfahrung gemacht, dass die Erasmus-Studierenden in aller Regel zufrieden und bereichert ihre Heimreise angetreten haben. Außerdem haben sie einen Pluspunkt in ihrem Lebenslauf, an dem künftige Arbeitgeber nicht uninteressiert sind.<br />
Prof. Dr. Eberhard Bons, Straßburg, 21.9.2012</div>
<div></div>
<div>
<p><strong><strong>Erasmus-Programm seit 1987</strong></strong></p>
</div>
<div>Das Erasmus-Programm wurde im Juni 1987 vom EU-Ministerrat ins Leben gerufen. Seitdem waren knapp drei Millionen Studenten im Ausland. Gefördert wird das Programm jährlich mit rund 450 Millionen Euro. Ein deutscher Erasmusstudent bekommt durchschnittlich 200 Euro im Monat. Die drei beliebtesten Zielländer sind Spanien, Frankreich und Deutschland, die auch alle drei die meisten Studenten ins Ausland schicken. Das Programm hat seinen Namen zum einen in Anlehnung an Erasmus von Rotterdam, dem niederländischen humanistischen Gelehrten. Zum anderen steht Erasmus als Akronym für EuRopean (Community) Action Scheme for the Mobility of University Students.<br />
<a href="https://www.erasemus-guide.de">www.erasemus-guide.de</a></div>

<p>Home &gt;Bildung &gt;Universitaet &gt;Zukunft &gt;Stipendium &nbsp; Über einen Unterschied zwischen Informatikern und Geisteswissenschaftlern (11.7.2020) Studieren oder flanieren? – Europa feiert 25 Jahre Erasmus-Stipendium (4.9.2012) &nbsp; Studieren oder flanieren? – Europa feiert 25 Jahre Erasmus-Stipendium &nbsp; Erasmus hat sich gewandelt. Der Ruf &hellip; <a href="https://www.freiburg-schwarzwald.de/blog/bildung/stipendium/">Weiterlesen <span class="meta-nav">&rarr;</span></a></p>
