{"id":108156,"date":"2023-01-06T21:50:39","date_gmt":"2023-01-06T20:50:39","guid":{"rendered":"https:\/\/www.freiburg-schwarzwald.de\/blog\/?page_id=108156"},"modified":"2023-01-08T16:07:22","modified_gmt":"2023-01-08T15:07:22","slug":"progressiv","status":"publish","type":"page","link":"https:\/\/www.freiburg-schwarzwald.de\/blog\/engagement\/zukunft\/demokratie\/progressiv\/","title":{"rendered":"Progressiv"},"content":{"rendered":"<p>s<\/p>\n<div id=\"attachment_107199\" style=\"width: 650px\" class=\"wp-caption alignnone\"><a href=\"https:\/\/www.freiburg-schwarzwald.de\/blog\/wp-content\/uploads\/2022\/12\/weimar-nationaltheater-diplomatie-statt-waffen-pan221208.jpg\"><img loading=\"lazy\" decoding=\"async\" aria-describedby=\"caption-attachment-107199\" class=\"size-full wp-image-107199\" src=\"https:\/\/www.freiburg-schwarzwald.de\/blog\/wp-content\/uploads\/2022\/12\/weimar-nationaltheater-diplomatie-statt-waffen-pan221208.jpg\" alt=\"\" width=\"640\" height=\"331\" srcset=\"https:\/\/www.freiburg-schwarzwald.de\/blog\/wp-content\/uploads\/2022\/12\/weimar-nationaltheater-diplomatie-statt-waffen-pan221208.jpg 640w, https:\/\/www.freiburg-schwarzwald.de\/blog\/wp-content\/uploads\/2022\/12\/weimar-nationaltheater-diplomatie-statt-waffen-pan221208-180x93.jpg 180w\" sizes=\"auto, (max-width: 640px) 100vw, 640px\" \/><\/a><p id=\"caption-attachment-107199\" class=\"wp-caption-text\">Deutsches Nationaltheater Weimar 8.12.2022: Diplomatie und Frieden statt Sanktionen und Waffen<\/p><\/div>\n<ul>\n<li><a href=\"https:\/\/www.freiburg-schwarzwald.de\/blog\/business\/volkswirtschaft\/gruene-oekonomie\/\">Gr\u00fcne \u00d6konomie- Wieder ein Paradies?<\/a>\u00a0(5.1.2023)<\/li>\n<li><a href=\"https:\/\/www.freiburg-schwarzwald.de\/blog\/engagement\/zukunft\/demokratie\/konservatismus\/\">Konservative und Progressive<\/a>\u00a0(5.1.2023)<\/li>\n<li>Klonovsky: Progressisten denken an morgen und Konservative an \u00fcbermorgen (17.4.2018)<\/li>\n<li><\/li>\n<li><a href=\"https:\/\/www.freiburg-schwarzwald.de\/blog\/business\/volkswirtschaft\/gruene-oekonomie\/\">Gruene-Oekonomie<\/a><\/li>\n<li><a href=\"https:\/\/www.freiburg-schwarzwald.de\/blog\/engagement\/zukunft\/demokratie\/konservatismus\/\">Konservatismus<\/a><\/li>\n<li><a href=\"https:\/\/www.freiburg-schwarzwald.de\/blog\/engagement\/zukunft\/demokratie\/rechts\/rechts-links\/\">Rechts-Links<\/a><\/li>\n<\/ul>\n<p>&nbsp;<\/p>\n<p><strong>Klonovsky: Progressisten denken an morgen und Konservative an \u00fcbermorgen<\/strong><br \/>\nMeine Damen und Herren, die Progressisten kommen mit Visionen und Verhei\u00dfungen und stellen Forderungen in deren Namen. Sie legitimieren sich aus dem Versprechen einer gerechteren Zukunft, und wenn ihre Pl\u00e4ne scheitern, stehlen sich diese Wohlmeinenden heimlich davon und sagen, das h\u00e4tten sie nicht gewollt. Der Konservative kann dergleichen nicht bieten, was ihn als Langweiler, Zukunftsverweigerer und Auf-der-Stelle-Treter erscheinen l\u00e4sst.<\/p>\n<p>Dabei bedeutet konservativ zu sein blo\u00df, dass man sich die permanenten Kulissenwechsel nicht als das eigentliche St\u00fcck aufschwatzen l\u00e4sst. Der Konservative h\u00e4lt die Gesellschaft nicht per se f\u00fcr schlecht und dringend ver\u00e4nderungsbed\u00fcrftig, sondern f\u00fcr ihn ist es zun\u00e4chst einmal erstaunlich, dass \u00fcberhaupt etwas funktioniert. Nach seiner Ansicht muss sich also keineswegs das Bestehende legitimieren, sondern das sollen diejenigen tun, die es ver\u00e4ndern wollen. Mit den Worten Giuseppe Prezzolinis: <em><strong>\u201eDer Progressist denkt immer an morgen, der Konservative immer an \u00fcbermorgen.\u201c<\/strong><\/em><br \/>\nDer Konservative m\u00f6chte also nicht das alt\u00e4gyptische Bew\u00e4sserungssystem oder den mechanischen Bohrer beim Zahnarzt wiederhaben, sondern im Gegenteil: Ein konservativer Hausbesitzer, um ein sch\u00f6nes Bild des Kabarettisten Ludger Kusenberg zu zitieren, wird sein Haus st\u00e4ndig renovieren und versch\u00f6nern und technisch auf den neusten Stand bringen. Er wird sich aber davor h\u00fcten, jemals eine tragende Wand herauszurei\u00dfen. Die Familie, das Recht und der Nationalstaat sind solche tragenden W\u00e4nde.<\/p>\n<p>&#8230; Alles vom 17.4.2018 von Michael Klonovsky bitte lesen in <a href=\"https:\/\/www.freiburg-schwarzwald.de\/blog\/engagement\/zukunft\/demokratie\/konservativismus\/\">&#8222;der deutsche Konservatismus mu\u00df freiheitlicher werden&#8220;<\/a><\/p>\n","protected":false},"excerpt":{"rendered":"<p>s Gr\u00fcne \u00d6konomie- Wieder ein Paradies?\u00a0(5.1.2023) Konservative und Progressive\u00a0(5.1.2023) Klonovsky: Progressisten denken an morgen und Konservative an \u00fcbermorgen (17.4.2018) Gruene-Oekonomie Konservatismus Rechts-Links &nbsp; Klonovsky: Progressisten denken an morgen und Konservative an \u00fcbermorgen Meine Damen und Herren, die Progressisten kommen mit &hellip; <a href=\"https:\/\/www.freiburg-schwarzwald.de\/blog\/engagement\/zukunft\/demokratie\/progressiv\/\">Weiterlesen <span class=\"meta-nav\">&rarr;<\/span><\/a><\/p>\n","protected":false},"author":2,"featured_media":0,"parent":21084,"menu_order":0,"comment_status":"closed","ping_status":"closed","template":"","meta":{"footnotes":""},"class_list":["post-108156","page","type-page","status-publish","hentry"],"_links":{"self":[{"href":"https:\/\/www.freiburg-schwarzwald.de\/blog\/wp-json\/wp\/v2\/pages\/108156","targetHints":{"allow":["GET"]}}],"collection":[{"href":"https:\/\/www.freiburg-schwarzwald.de\/blog\/wp-json\/wp\/v2\/pages"}],"about":[{"href":"https:\/\/www.freiburg-schwarzwald.de\/blog\/wp-json\/wp\/v2\/types\/page"}],"author":[{"embeddable":true,"href":"https:\/\/www.freiburg-schwarzwald.de\/blog\/wp-json\/wp\/v2\/users\/2"}],"replies":[{"embeddable":true,"href":"https:\/\/www.freiburg-schwarzwald.de\/blog\/wp-json\/wp\/v2\/comments?post=108156"}],"version-history":[{"count":5,"href":"https:\/\/www.freiburg-schwarzwald.de\/blog\/wp-json\/wp\/v2\/pages\/108156\/revisions"}],"predecessor-version":[{"id":108249,"href":"https:\/\/www.freiburg-schwarzwald.de\/blog\/wp-json\/wp\/v2\/pages\/108156\/revisions\/108249"}],"up":[{"embeddable":true,"href":"https:\/\/www.freiburg-schwarzwald.de\/blog\/wp-json\/wp\/v2\/pages\/21084"}],"wp:attachment":[{"href":"https:\/\/www.freiburg-schwarzwald.de\/blog\/wp-json\/wp\/v2\/media?parent=108156"}],"curies":[{"name":"wp","href":"https:\/\/api.w.org\/{rel}","templated":true}]}}

<p>s</p>
<div id="attachment_107199" style="width: 650px" class="wp-caption alignnone"><a href="https://www.freiburg-schwarzwald.de/blog/wp-content/uploads/2022/12/weimar-nationaltheater-diplomatie-statt-waffen-pan221208.jpg"><img loading="lazy" decoding="async" aria-describedby="caption-attachment-107199" class="size-full wp-image-107199" src="https://www.freiburg-schwarzwald.de/blog/wp-content/uploads/2022/12/weimar-nationaltheater-diplomatie-statt-waffen-pan221208.jpg" alt="" width="640" height="331" srcset="https://www.freiburg-schwarzwald.de/blog/wp-content/uploads/2022/12/weimar-nationaltheater-diplomatie-statt-waffen-pan221208.jpg 640w, https://www.freiburg-schwarzwald.de/blog/wp-content/uploads/2022/12/weimar-nationaltheater-diplomatie-statt-waffen-pan221208-180x93.jpg 180w" sizes="auto, (max-width: 640px) 100vw, 640px" /></a><p id="caption-attachment-107199" class="wp-caption-text">Deutsches Nationaltheater Weimar 8.12.2022: Diplomatie und Frieden statt Sanktionen und Waffen</p></div>
<ul>
<li><a href="https://www.freiburg-schwarzwald.de/blog/business/volkswirtschaft/gruene-oekonomie/">Grüne Ökonomie- Wieder ein Paradies?</a> (5.1.2023)</li>
<li><a href="https://www.freiburg-schwarzwald.de/blog/engagement/zukunft/demokratie/konservatismus/">Konservative und Progressive</a> (5.1.2023)</li>
<li>Klonovsky: Progressisten denken an morgen und Konservative an übermorgen (17.4.2018)</li>
<li></li>
<li><a href="https://www.freiburg-schwarzwald.de/blog/business/volkswirtschaft/gruene-oekonomie/">Gruene-Oekonomie</a></li>
<li><a href="https://www.freiburg-schwarzwald.de/blog/engagement/zukunft/demokratie/konservatismus/">Konservatismus</a></li>
<li><a href="https://www.freiburg-schwarzwald.de/blog/engagement/zukunft/demokratie/rechts/rechts-links/">Rechts-Links</a></li>
</ul>
<p>&nbsp;</p>
<p><strong>Klonovsky: Progressisten denken an morgen und Konservative an übermorgen</strong><br />
Meine Damen und Herren, die Progressisten kommen mit Visionen und Verheißungen und stellen Forderungen in deren Namen. Sie legitimieren sich aus dem Versprechen einer gerechteren Zukunft, und wenn ihre Pläne scheitern, stehlen sich diese Wohlmeinenden heimlich davon und sagen, das hätten sie nicht gewollt. Der Konservative kann dergleichen nicht bieten, was ihn als Langweiler, Zukunftsverweigerer und Auf-der-Stelle-Treter erscheinen lässt.</p>
<p>Dabei bedeutet konservativ zu sein bloß, dass man sich die permanenten Kulissenwechsel nicht als das eigentliche Stück aufschwatzen lässt. Der Konservative hält die Gesellschaft nicht per se für schlecht und dringend veränderungsbedürftig, sondern für ihn ist es zunächst einmal erstaunlich, dass überhaupt etwas funktioniert. Nach seiner Ansicht muss sich also keineswegs das Bestehende legitimieren, sondern das sollen diejenigen tun, die es verändern wollen. Mit den Worten Giuseppe Prezzolinis: <em><strong>„Der Progressist denkt immer an morgen, der Konservative immer an übermorgen.“</strong></em><br />
Der Konservative möchte also nicht das altägyptische Bewässerungssystem oder den mechanischen Bohrer beim Zahnarzt wiederhaben, sondern im Gegenteil: Ein konservativer Hausbesitzer, um ein schönes Bild des Kabarettisten Ludger Kusenberg zu zitieren, wird sein Haus ständig renovieren und verschönern und technisch auf den neusten Stand bringen. Er wird sich aber davor hüten, jemals eine tragende Wand herauszureißen. Die Familie, das Recht und der Nationalstaat sind solche tragenden Wände.</p>
<p>&#8230; Alles vom 17.4.2018 von Michael Klonovsky bitte lesen in <a href="https://www.freiburg-schwarzwald.de/blog/engagement/zukunft/demokratie/konservativismus/">&#8222;der deutsche Konservatismus muß freiheitlicher werden&#8220;</a></p>

<p>s Grüne Ökonomie- Wieder ein Paradies? (5.1.2023) Konservative und Progressive (5.1.2023) Klonovsky: Progressisten denken an morgen und Konservative an übermorgen (17.4.2018) Gruene-Oekonomie Konservatismus Rechts-Links &nbsp; Klonovsky: Progressisten denken an morgen und Konservative an übermorgen Meine Damen und Herren, die Progressisten kommen mit &hellip; <a href="https://www.freiburg-schwarzwald.de/blog/engagement/zukunft/demokratie/progressiv/">Weiterlesen <span class="meta-nav">&rarr;</span></a></p>
