{"id":107732,"date":"2022-12-24T13:20:39","date_gmt":"2022-12-24T12:20:39","guid":{"rendered":"https:\/\/www.freiburg-schwarzwald.de\/blog\/?page_id=107732"},"modified":"2025-07-29T13:28:37","modified_gmt":"2025-07-29T11:28:37","slug":"experten","status":"publish","type":"page","link":"https:\/\/www.freiburg-schwarzwald.de\/blog\/bildung\/wissenschaft\/experten\/","title":{"rendered":"Experten"},"content":{"rendered":"<p>Home &gt;<a title=\"Bildung\" href=\"https:\/\/www.freiburg-schwarzwald.de\/blog\/bildung\/\">Bildung<\/a>\u00a0&gt;<a title=\"Hochschulen-Freiheit\" href=\"https:\/\/www.freiburg-schwarzwald.de\/blog\/bildung\/hochschulen-freiheit\/\">Hochschulen-Freiheit<\/a>\u00a0&gt;<a href=\"https:\/\/www.freiburg-schwarzwald.de\/blog\/bildung\/wissenschaft\/\">Wissenschaft<\/a> &gt;<a href=\"https:\/\/www.freiburg-schwarzwald.de\/blog\/bildung\/wissenschaft\/wissenschaft-politik\/\">Wissenschaft-Politik<\/a> &gt;Experten<\/p>\n<div id=\"attachment_99947\" style=\"width: 649px\" class=\"wp-caption alignnone\"><a href=\"https:\/\/www.freiburg-schwarzwald.de\/blog\/wp-content\/uploads\/2022\/04\/jobmotor2021-pan220405.jpg\"><img loading=\"lazy\" decoding=\"async\" aria-describedby=\"caption-attachment-99947\" class=\"size-full wp-image-99947\" src=\"https:\/\/www.freiburg-schwarzwald.de\/blog\/wp-content\/uploads\/2022\/04\/jobmotor2021-pan220405.jpg\" alt=\"\" width=\"639\" height=\"412\" srcset=\"https:\/\/www.freiburg-schwarzwald.de\/blog\/wp-content\/uploads\/2022\/04\/jobmotor2021-pan220405.jpg 639w, https:\/\/www.freiburg-schwarzwald.de\/blog\/wp-content\/uploads\/2022\/04\/jobmotor2021-pan220405-180x116.jpg 180w\" sizes=\"auto, (max-width: 639px) 100vw, 639px\" \/><\/a><p id=\"caption-attachment-99947\" class=\"wp-caption-text\">Mittelst\u00e4ndische Unternehmer &#8211; <a href=\"https:\/\/www.freiburg-schwarzwald.de\/blog\/jobmotor-mittelstand-2021\/\">Jobmotor<\/a>-Preistr\u00e4ger 2021 aus dem Raum Freiburg<\/p><\/div>\n<ul>\n<li><em>Listenauswahl eines Beitrags: Bitte anklicken oder runterscrollen<\/em><\/li>\n<li>Die Anma\u00dfung der Expertokratie (19.7.2025)<\/li>\n<li><a href=\"https:\/\/www.freiburg-schwarzwald.de\/blog\/kultur\/kulturverlust\/ineptokratie\/\">Winfried St\u00f6cker: AfD als Rettung vor politischer \u201eIneptokratie\u201c \u2013 Offener Brief<\/a>\u00a0(3.2.2025)<\/li>\n<li><a href=\"https:\/\/www.freiburg-schwarzwald.de\/blog\/nicht-arbeit-und-schein-arbeit\/\">Nicht-Arbeit und Schein-Arbeit<\/a>\u00a0 (17.7.2023)<\/li>\n<li><a href=\"https:\/\/www.freiburg-schwarzwald.de\/blog\/religion\/ethik\/ethikrat\/\">Ein regierungsabh\u00e4ngiger Ethikrat ist ein unethischer<\/a>\u00a0(16.7.2023)<\/li>\n<li>Experte als das wahre Unwort des Jahres 2022? (23.12.2022)<\/li>\n<li><\/li>\n<li><a href=\"https:\/\/www.freiburg-schwarzwald.de\/blog\/religion\/ethik\/ethikrat\/\">Ethikrat<\/a><\/li>\n<li><a href=\"https:\/\/www.freiburg-schwarzwald.de\/blog\/vereine\/ngo\/\">NGO<\/a><\/li>\n<li><a href=\"https:\/\/www.freiburg-schwarzwald.de\/blog\/selbsthilfe\/soziales\/arbeit\/schein-arbeit\/\">Schein-Arbeit<\/a><\/li>\n<\/ul>\n<p>&nbsp;<\/p>\n<p><strong>Die Anma\u00dfung der Expertokratie<\/strong><br \/>\n<strong>Expertisen ersetzen durch Selbstbewusstsein zur eigenen Meinung<\/strong><br \/>\nWeite Teile der Medienlandschaft weigern sich \u00fcberhaupt, inhaltlich \u00fcber Brosius-Gersdorf zu diskutieren und wollen stattdessen einfach auf ihre offenbar unantastbare Expertise vertrauen. Dabei ist der falsche Glaube an die Wissenschaft und das Wiederk\u00e4uen von Herrschaftsargumenten l\u00e4ngst zur Gefahr geworden.<br \/>\n&#8230;<br \/>\nWir erleben auch hier wieder einen fast kitschigen Glauben an das Expertentum, verbunden mit dem linken Anspruch, die Laien (die B\u00fcrger) d\u00fcrften eigentlich gar nicht mehr mitsprechen &#8211; das eigene Nachdenken gilt eher als peinlich. Gleichzeitig wird das Ergebnis b\u00fcrokratischer Prozesse als unumst\u00f6\u00dfliche Wahrheit hingenommen. Immer mehr politische Beobachter sind beispielsweise der Meinung, Gerichtsurteile d\u00fcrfe man erst gar nicht mehr hinterfragen oder kritisieren &#8211; und auch die Kritik an einer Richterkandidatin gilt schon als \u201eBesch\u00e4digung\u201c des Rechtsstaats.<br \/>\nIn der Debatte um die Menschenw\u00fcrde des ungeborenen Lebens wird aktuell oftmals rein legalistisch argumentiert &#8211; f\u00fcr Kritiker, die sich auf tiefere Werte wie das christliche Menschenbild berufen wollen und von einer Gewissensentscheidung sprechen, findet sich medial wenig Verst\u00e4ndnis. Gleichzeitig erkl\u00e4rt man bei Frauke Brosius-Gersdorf den Expertenstatus f\u00fcr fast schon unkritisierbar. Sie als Professorin, als Wissenschaftlerin sage dies und jenes &#8211; und die meisten Medien wiederholen es einfach. Diese Debatte ist vor allem deshalb so frustrierend, weil sich die meisten Journalisten schlichtweg weigern, die Gutachten und Texte von ihr zu lesen und einen eigenen Schluss daraus zu ziehen &#8211; und lieber auf Brosius-Gersdorf bei Lanz vertrauen, die (als Wissenschaftlerin) erkl\u00e4rt, alles sei in bester Ordnung.<br \/>\nDas \u00f6ffentlich-rechtliche Magazin ZAPP attackiert jetzt \u00fcber 17 Minuten vermeintlich rechte Medien wie Apollo News in der Debatte &#8211; kein einziges Mal wird dabei allerdings ein konkreter Fehler gefunden oder \u00fcberhaupt inhaltlich in die Debatte eingestiegen. Daf\u00fcr garniert man die Rezitierung von Brosius-Gersdorf bei Lanz mit zwei braven Experten und fordert schlie\u00dflich von uns eine Distanzierung von unserer eigenen Berichterstattung, ohne aber \u00fcberhaupt nur konkret zu sagen, warum. Dann meint der Moderator auch noch vorwurfsvoll, die Abstimmung \u00fcber Brosius-Gersdorf h\u00e4tte doch eigentlich eine Abstimmung sein sollen, \u201edie der Bundestag mal eben auf einer Arschbacke runterrei\u00dft\u201c. Selten hat sich die Hilflosigkeit des \u201eexpertengetriebenen Journalismus\u201c, der jede eigene Analyse des Inhalts einer Sache vermeidet, offener gezeigt.<br \/>\nDas linke Totschlagargument ist ja h\u00e4ufig, dass wir erst 80 Millionen Fu\u00dfballtrainer in diesem Land gehabt h\u00e4tten, dann 80 Millionen Virologen, jetzt 80 Millionen Rechtswissenschaftler. Es zeigt die Arroganz und das Misstrauen gegen\u00fcber einem m\u00fcndigen Volk &#8211; au\u00dferdem w\u00e4re es auch vollkommen sinnlos, Fu\u00dfball zu schauen, ohne eine Meinung zu haben.<br \/>\nDer alte linke Glaube an den allm\u00e4chtigen, alles bestimmenden Staat mit absolutem Wahrheitsanspruch ist nicht neu &#8211; die Staaten des Ostblocks beriefen sich stets auf den wissenschaftlichen Marxismus. Dem totalen Machtanspruch linker Ideologien ist immer der Glaube an die Ausrechenbarkeit der Gesellschaft vorgelagert. Dass das aber eben auch mit den besten Computern niemals m\u00f6glich sein wird, ist ja gerade der Grund f\u00fcr das Scheitern des Sozialismus.<br \/>\nEs liegt im Wesen organischer Systeme, dass die Welle einer Pandemie genauso wenig prognostizierbar ist wie die Klimaentwicklung, die Konjunktur oder ein Aktienkurs. Ein wesentliches Argument f\u00fcr die Freiheit ist ja gerade die Erkenntnis \u00fcber die Begrenztheit des Wissens und der Gegenst\u00e4nde, \u00fcber die \u00fcberhaupt eine Erkenntnis m\u00f6glich ist &#8211; folglich haben wir gar keine Alternative zum Pluralismus. Genau diese Einsicht in die grunds\u00e4tzliche Begrenztheit des Wissens wird von der Expertokratie bestritten &#8211; und zwar egal, wie oft sich die wissenschaftlichen Prognosen in Serie als falsch erweisen. Das ideologisch getriebene radikale \u00dcbersch\u00e4tzen der Experten hat immer dramatischere Auswirkungen.<br \/>\nDie Expertokratie muss heute ganz grunds\u00e4tzlich zur\u00fcckgewiesen werden. Es braucht im Gegenteil regelrecht eine emotionale Befreiungsbewegung in der Bev\u00f6lkerung &#8211; ein neues Selbstbewusstsein zur eigenen Meinung. Denn die B\u00fcrger dieses Landes haben nicht nur ein Recht auf eine dezidierte Meinung zu Fragen wie der Richterbesetzung &#8211; sie haben in gewissem Sinne die unbedingte Pflicht dazu.<br \/>\n&#8230; Alles vom 19.7.2025 von Max Mannhart bitte lesen auf<br \/>\n<a href=\"https:\/\/apollo-news.net\/die-anmassung-der-expertokratie\/\">https:\/\/apollo-news.net\/die-anmassung-der-expertokratie\/<\/a><\/p>\n<p>&nbsp;<\/p>\n<p>&nbsp;<\/p>\n<p><strong>Experte als das wahre Unwort des Jahres 2022?<\/strong><br \/>\nMit dem Begriff soll (a) Kompetenz vorget\u00e4uscht werden, er wird (b) gemeinhin benutzt, um eine Argumentation durch den Verweis auf das, was ein \u201cExperte\u201d gesagt habe, zu vermeiden.<br \/>\nDas Wort \u201cExperte\u201d ist (c) unverzichtbar in Kreisen derer, die ihr Auskommen dadurch finden m\u00fcssen, dass sie ideologische Kriege f\u00fchren. Ideologische Kriege werden nicht um Wahrheit gef\u00fchrt. Mit ideologischen Kriegen wird um die Definitionsgewalt gestritten, dar\u00fcber, ob man mit Waffen, deren Zweck, wenn sie eingesetzt werden, die T\u00f6tung von Menschen ist, Menschenleben retten kann, wie <a href=\"https:\/\/www.freiburg-schwarzwald.de\/blog\/engagement\/zukunft\/demokratie\/ampel\/\">Annalena Baerbock<\/a> das behauptet. Im Falle von Widerspruch, etwa in der Form, dass man durch T\u00f6tung Menschenleben ausl\u00f6scht nicht etwa rettet, wird von denen, die sich f\u00fcr Faktenchecker halten, ein Experte aufgefahren, der erz\u00e4hlt, dass man durch das T\u00f6ten von Wenigen den Tod von Vielen vermeiden k\u00f6nne, eine Argumentation in der denkbehinderten Tradition der Klimawandel-Fanatiker, die Lebensfreude, Wohlstand und Sicherheit heute Lebender zerst\u00f6ren, damit vielleicht morgen eine Generation ein besseres Leben f\u00fchren kann, vielleicht, wie gesagt.<br \/>\nDer Begriff \u201cExperte\u201d bringt diese geistige Insuffizienz hervorragend zum Ausdruck, indem er (a) T\u00e4uschung, um (b) den Fehlschluss ad auctoritatem und (c) den Versuch, ideologische Bewertung zu inhaltlicher Richtigkeit umzufunktionieren, erg\u00e4nzt.<br \/>\n&#8230; Alles vom 22.1.2022 bitte lesen auf<br \/>\n<a href=\"https:\/\/sciencefiles.org\/2022\/12\/23\/veraechtlichmachung-experte-wie-suchen-das-wahre-unwort-des-jahres-2022\/\">https:\/\/sciencefiles.org\/2022\/12\/23\/veraechtlichmachung-experte-wie-suchen-das-wahre-unwort-des-jahres-2022\/<\/a><\/p>\n","protected":false},"excerpt":{"rendered":"<p>Home &gt;Bildung\u00a0&gt;Hochschulen-Freiheit\u00a0&gt;Wissenschaft &gt;Wissenschaft-Politik &gt;Experten Listenauswahl eines Beitrags: Bitte anklicken oder runterscrollen Die Anma\u00dfung der Expertokratie (19.7.2025) Winfried St\u00f6cker: AfD als Rettung vor politischer \u201eIneptokratie\u201c \u2013 Offener Brief\u00a0(3.2.2025) Nicht-Arbeit und Schein-Arbeit\u00a0 (17.7.2023) Ein regierungsabh\u00e4ngiger Ethikrat ist ein unethischer\u00a0(16.7.2023) Experte als das &hellip; <a href=\"https:\/\/www.freiburg-schwarzwald.de\/blog\/bildung\/wissenschaft\/experten\/\">Weiterlesen <span class=\"meta-nav\">&rarr;<\/span><\/a><\/p>\n","protected":false},"author":2,"featured_media":0,"parent":73793,"menu_order":0,"comment_status":"closed","ping_status":"closed","template":"","meta":{"footnotes":""},"class_list":["post-107732","page","type-page","status-publish","hentry"],"_links":{"self":[{"href":"https:\/\/www.freiburg-schwarzwald.de\/blog\/wp-json\/wp\/v2\/pages\/107732","targetHints":{"allow":["GET"]}}],"collection":[{"href":"https:\/\/www.freiburg-schwarzwald.de\/blog\/wp-json\/wp\/v2\/pages"}],"about":[{"href":"https:\/\/www.freiburg-schwarzwald.de\/blog\/wp-json\/wp\/v2\/types\/page"}],"author":[{"embeddable":true,"href":"https:\/\/www.freiburg-schwarzwald.de\/blog\/wp-json\/wp\/v2\/users\/2"}],"replies":[{"embeddable":true,"href":"https:\/\/www.freiburg-schwarzwald.de\/blog\/wp-json\/wp\/v2\/comments?post=107732"}],"version-history":[{"count":5,"href":"https:\/\/www.freiburg-schwarzwald.de\/blog\/wp-json\/wp\/v2\/pages\/107732\/revisions"}],"predecessor-version":[{"id":137084,"href":"https:\/\/www.freiburg-schwarzwald.de\/blog\/wp-json\/wp\/v2\/pages\/107732\/revisions\/137084"}],"up":[{"embeddable":true,"href":"https:\/\/www.freiburg-schwarzwald.de\/blog\/wp-json\/wp\/v2\/pages\/73793"}],"wp:attachment":[{"href":"https:\/\/www.freiburg-schwarzwald.de\/blog\/wp-json\/wp\/v2\/media?parent=107732"}],"curies":[{"name":"wp","href":"https:\/\/api.w.org\/{rel}","templated":true}]}}

<p>Home &gt;<a title="Bildung" href="https://www.freiburg-schwarzwald.de/blog/bildung/">Bildung</a> &gt;<a title="Hochschulen-Freiheit" href="https://www.freiburg-schwarzwald.de/blog/bildung/hochschulen-freiheit/">Hochschulen-Freiheit</a> &gt;<a href="https://www.freiburg-schwarzwald.de/blog/bildung/wissenschaft/">Wissenschaft</a> &gt;<a href="https://www.freiburg-schwarzwald.de/blog/bildung/wissenschaft/wissenschaft-politik/">Wissenschaft-Politik</a> &gt;Experten</p>
<div id="attachment_99947" style="width: 649px" class="wp-caption alignnone"><a href="https://www.freiburg-schwarzwald.de/blog/wp-content/uploads/2022/04/jobmotor2021-pan220405.jpg"><img loading="lazy" decoding="async" aria-describedby="caption-attachment-99947" class="size-full wp-image-99947" src="https://www.freiburg-schwarzwald.de/blog/wp-content/uploads/2022/04/jobmotor2021-pan220405.jpg" alt="" width="639" height="412" srcset="https://www.freiburg-schwarzwald.de/blog/wp-content/uploads/2022/04/jobmotor2021-pan220405.jpg 639w, https://www.freiburg-schwarzwald.de/blog/wp-content/uploads/2022/04/jobmotor2021-pan220405-180x116.jpg 180w" sizes="auto, (max-width: 639px) 100vw, 639px" /></a><p id="caption-attachment-99947" class="wp-caption-text">Mittelständische Unternehmer &#8211; <a href="https://www.freiburg-schwarzwald.de/blog/jobmotor-mittelstand-2021/">Jobmotor</a>-Preisträger 2021 aus dem Raum Freiburg</p></div>
<ul>
<li><em>Listenauswahl eines Beitrags: Bitte anklicken oder runterscrollen</em></li>
<li>Die Anmaßung der Expertokratie (19.7.2025)</li>
<li><a href="https://www.freiburg-schwarzwald.de/blog/kultur/kulturverlust/ineptokratie/">Winfried Stöcker: AfD als Rettung vor politischer „Ineptokratie“ – Offener Brief</a> (3.2.2025)</li>
<li><a href="https://www.freiburg-schwarzwald.de/blog/nicht-arbeit-und-schein-arbeit/">Nicht-Arbeit und Schein-Arbeit</a>  (17.7.2023)</li>
<li><a href="https://www.freiburg-schwarzwald.de/blog/religion/ethik/ethikrat/">Ein regierungsabhängiger Ethikrat ist ein unethischer</a> (16.7.2023)</li>
<li>Experte als das wahre Unwort des Jahres 2022? (23.12.2022)</li>
<li></li>
<li><a href="https://www.freiburg-schwarzwald.de/blog/religion/ethik/ethikrat/">Ethikrat</a></li>
<li><a href="https://www.freiburg-schwarzwald.de/blog/vereine/ngo/">NGO</a></li>
<li><a href="https://www.freiburg-schwarzwald.de/blog/selbsthilfe/soziales/arbeit/schein-arbeit/">Schein-Arbeit</a></li>
</ul>
<p>&nbsp;</p>
<p><strong>Die Anmaßung der Expertokratie</strong><br />
<strong>Expertisen ersetzen durch Selbstbewusstsein zur eigenen Meinung</strong><br />
Weite Teile der Medienlandschaft weigern sich überhaupt, inhaltlich über Brosius-Gersdorf zu diskutieren und wollen stattdessen einfach auf ihre offenbar unantastbare Expertise vertrauen. Dabei ist der falsche Glaube an die Wissenschaft und das Wiederkäuen von Herrschaftsargumenten längst zur Gefahr geworden.<br />
&#8230;<br />
Wir erleben auch hier wieder einen fast kitschigen Glauben an das Expertentum, verbunden mit dem linken Anspruch, die Laien (die Bürger) dürften eigentlich gar nicht mehr mitsprechen &#8211; das eigene Nachdenken gilt eher als peinlich. Gleichzeitig wird das Ergebnis bürokratischer Prozesse als unumstößliche Wahrheit hingenommen. Immer mehr politische Beobachter sind beispielsweise der Meinung, Gerichtsurteile dürfe man erst gar nicht mehr hinterfragen oder kritisieren &#8211; und auch die Kritik an einer Richterkandidatin gilt schon als „Beschädigung“ des Rechtsstaats.<br />
In der Debatte um die Menschenwürde des ungeborenen Lebens wird aktuell oftmals rein legalistisch argumentiert &#8211; für Kritiker, die sich auf tiefere Werte wie das christliche Menschenbild berufen wollen und von einer Gewissensentscheidung sprechen, findet sich medial wenig Verständnis. Gleichzeitig erklärt man bei Frauke Brosius-Gersdorf den Expertenstatus für fast schon unkritisierbar. Sie als Professorin, als Wissenschaftlerin sage dies und jenes &#8211; und die meisten Medien wiederholen es einfach. Diese Debatte ist vor allem deshalb so frustrierend, weil sich die meisten Journalisten schlichtweg weigern, die Gutachten und Texte von ihr zu lesen und einen eigenen Schluss daraus zu ziehen &#8211; und lieber auf Brosius-Gersdorf bei Lanz vertrauen, die (als Wissenschaftlerin) erklärt, alles sei in bester Ordnung.<br />
Das öffentlich-rechtliche Magazin ZAPP attackiert jetzt über 17 Minuten vermeintlich rechte Medien wie Apollo News in der Debatte &#8211; kein einziges Mal wird dabei allerdings ein konkreter Fehler gefunden oder überhaupt inhaltlich in die Debatte eingestiegen. Dafür garniert man die Rezitierung von Brosius-Gersdorf bei Lanz mit zwei braven Experten und fordert schließlich von uns eine Distanzierung von unserer eigenen Berichterstattung, ohne aber überhaupt nur konkret zu sagen, warum. Dann meint der Moderator auch noch vorwurfsvoll, die Abstimmung über Brosius-Gersdorf hätte doch eigentlich eine Abstimmung sein sollen, „die der Bundestag mal eben auf einer Arschbacke runterreißt“. Selten hat sich die Hilflosigkeit des „expertengetriebenen Journalismus“, der jede eigene Analyse des Inhalts einer Sache vermeidet, offener gezeigt.<br />
Das linke Totschlagargument ist ja häufig, dass wir erst 80 Millionen Fußballtrainer in diesem Land gehabt hätten, dann 80 Millionen Virologen, jetzt 80 Millionen Rechtswissenschaftler. Es zeigt die Arroganz und das Misstrauen gegenüber einem mündigen Volk &#8211; außerdem wäre es auch vollkommen sinnlos, Fußball zu schauen, ohne eine Meinung zu haben.<br />
Der alte linke Glaube an den allmächtigen, alles bestimmenden Staat mit absolutem Wahrheitsanspruch ist nicht neu &#8211; die Staaten des Ostblocks beriefen sich stets auf den wissenschaftlichen Marxismus. Dem totalen Machtanspruch linker Ideologien ist immer der Glaube an die Ausrechenbarkeit der Gesellschaft vorgelagert. Dass das aber eben auch mit den besten Computern niemals möglich sein wird, ist ja gerade der Grund für das Scheitern des Sozialismus.<br />
Es liegt im Wesen organischer Systeme, dass die Welle einer Pandemie genauso wenig prognostizierbar ist wie die Klimaentwicklung, die Konjunktur oder ein Aktienkurs. Ein wesentliches Argument für die Freiheit ist ja gerade die Erkenntnis über die Begrenztheit des Wissens und der Gegenstände, über die überhaupt eine Erkenntnis möglich ist &#8211; folglich haben wir gar keine Alternative zum Pluralismus. Genau diese Einsicht in die grundsätzliche Begrenztheit des Wissens wird von der Expertokratie bestritten &#8211; und zwar egal, wie oft sich die wissenschaftlichen Prognosen in Serie als falsch erweisen. Das ideologisch getriebene radikale Überschätzen der Experten hat immer dramatischere Auswirkungen.<br />
Die Expertokratie muss heute ganz grundsätzlich zurückgewiesen werden. Es braucht im Gegenteil regelrecht eine emotionale Befreiungsbewegung in der Bevölkerung &#8211; ein neues Selbstbewusstsein zur eigenen Meinung. Denn die Bürger dieses Landes haben nicht nur ein Recht auf eine dezidierte Meinung zu Fragen wie der Richterbesetzung &#8211; sie haben in gewissem Sinne die unbedingte Pflicht dazu.<br />
&#8230; Alles vom 19.7.2025 von Max Mannhart bitte lesen auf<br />
<a href="https://apollo-news.net/die-anmassung-der-expertokratie/">https://apollo-news.net/die-anmassung-der-expertokratie/</a></p>
<p>&nbsp;</p>
<p>&nbsp;</p>
<p><strong>Experte als das wahre Unwort des Jahres 2022?</strong><br />
Mit dem Begriff soll (a) Kompetenz vorgetäuscht werden, er wird (b) gemeinhin benutzt, um eine Argumentation durch den Verweis auf das, was ein “Experte” gesagt habe, zu vermeiden.<br />
Das Wort “Experte” ist (c) unverzichtbar in Kreisen derer, die ihr Auskommen dadurch finden müssen, dass sie ideologische Kriege führen. Ideologische Kriege werden nicht um Wahrheit geführt. Mit ideologischen Kriegen wird um die Definitionsgewalt gestritten, darüber, ob man mit Waffen, deren Zweck, wenn sie eingesetzt werden, die Tötung von Menschen ist, Menschenleben retten kann, wie <a href="https://www.freiburg-schwarzwald.de/blog/engagement/zukunft/demokratie/ampel/">Annalena Baerbock</a> das behauptet. Im Falle von Widerspruch, etwa in der Form, dass man durch Tötung Menschenleben auslöscht nicht etwa rettet, wird von denen, die sich für Faktenchecker halten, ein Experte aufgefahren, der erzählt, dass man durch das Töten von Wenigen den Tod von Vielen vermeiden könne, eine Argumentation in der denkbehinderten Tradition der Klimawandel-Fanatiker, die Lebensfreude, Wohlstand und Sicherheit heute Lebender zerstören, damit vielleicht morgen eine Generation ein besseres Leben führen kann, vielleicht, wie gesagt.<br />
Der Begriff “Experte” bringt diese geistige Insuffizienz hervorragend zum Ausdruck, indem er (a) Täuschung, um (b) den Fehlschluss ad auctoritatem und (c) den Versuch, ideologische Bewertung zu inhaltlicher Richtigkeit umzufunktionieren, ergänzt.<br />
&#8230; Alles vom 22.1.2022 bitte lesen auf<br />
<a href="https://sciencefiles.org/2022/12/23/veraechtlichmachung-experte-wie-suchen-das-wahre-unwort-des-jahres-2022/">https://sciencefiles.org/2022/12/23/veraechtlichmachung-experte-wie-suchen-das-wahre-unwort-des-jahres-2022/</a></p>

<p>Home &gt;Bildung &gt;Hochschulen-Freiheit &gt;Wissenschaft &gt;Wissenschaft-Politik &gt;Experten Listenauswahl eines Beitrags: Bitte anklicken oder runterscrollen Die Anmaßung der Expertokratie (19.7.2025) Winfried Stöcker: AfD als Rettung vor politischer „Ineptokratie“ – Offener Brief (3.2.2025) Nicht-Arbeit und Schein-Arbeit  (17.7.2023) Ein regierungsabhängiger Ethikrat ist ein unethischer (16.7.2023) Experte als das &hellip; <a href="https://www.freiburg-schwarzwald.de/blog/bildung/wissenschaft/experten/">Weiterlesen <span class="meta-nav">&rarr;</span></a></p>
