{"id":107642,"date":"2022-12-21T20:41:23","date_gmt":"2022-12-21T19:41:23","guid":{"rendered":"https:\/\/www.freiburg-schwarzwald.de\/blog\/?page_id=107642"},"modified":"2023-01-11T15:35:32","modified_gmt":"2023-01-11T14:35:32","slug":"energie-innovationen","status":"publish","type":"page","link":"https:\/\/www.freiburg-schwarzwald.de\/blog\/energie\/energie-innovationen\/","title":{"rendered":"Energie-Innovationen"},"content":{"rendered":"<p>Home &gt;<a title=\"Energiepolitik\" href=\"https:\/\/www.freiburg-schwarzwald.de\/blog\/energie\/\">Energie<\/a>\u00a0&gt;<a href=\"https:\/\/www.freiburg-schwarzwald.de\/blog\/energie\/energiewende\/\">Energiewende<\/a>\u00a0&gt;<a href=\"https:\/\/www.freiburg-schwarzwald.de\/blog\/energie\/erneuerbare\/\">Erneuerbare<\/a> &gt;<a href=\"https:\/\/www.freiburg-schwarzwald.de\/blog\/energie\/energiekosten\/\">Energiekosten<\/a>\u00a0 &gt;Energie-Innovationen<\/p>\n<div id=\"attachment_98668\" style=\"width: 648px\" class=\"wp-caption alignnone\"><a href=\"https:\/\/www.freiburg-schwarzwald.de\/blog\/wp-content\/uploads\/2022\/02\/wald-baumstamm-20220112pan.jpg\"><img loading=\"lazy\" decoding=\"async\" aria-describedby=\"caption-attachment-98668\" class=\"size-full wp-image-98668\" src=\"https:\/\/www.freiburg-schwarzwald.de\/blog\/wp-content\/uploads\/2022\/02\/wald-baumstamm-20220112pan.jpg\" alt=\"\" width=\"638\" height=\"329\" srcset=\"https:\/\/www.freiburg-schwarzwald.de\/blog\/wp-content\/uploads\/2022\/02\/wald-baumstamm-20220112pan.jpg 638w, https:\/\/www.freiburg-schwarzwald.de\/blog\/wp-content\/uploads\/2022\/02\/wald-baumstamm-20220112pan-180x93.jpg 180w\" sizes=\"auto, (max-width: 638px) 100vw, 638px\" \/><\/a><p id=\"caption-attachment-98668\" class=\"wp-caption-text\">Holzernte: Gef\u00e4llte Baumst\u00e4mme im Schwarzwald 2\/2022<\/p><\/div>\n<ul>\n<li><a href=\"https:\/\/www.freiburg-schwarzwald.de\/blog\/koennen-wir-das-klima-retten\/\">K\u00f6nnen wir das \u201eKlima retten\u201c?<\/a>\u00a0(11.1.2023)<\/li>\n<li>Energieinnovationen, die schon entdeckt sind (20.12.2022)<\/li>\n<\/ul>\n<p>&nbsp;<\/p>\n<p><strong>Energieinnovationen, die schon entdeckt sind<\/strong><br \/>\n\u2013 Jetzt wurde ein Durchbruch gefeiert, der keiner sein d\u00fcrfte<br \/>\n\u2013 Kernfusionsexperiment schrumpft 150 Megajoule auf eines<br \/>\n\u2013 Energietr\u00e4ger im Vergleich, last not least der Dual-Fluid-Reaktor<br \/>\nvon Albrecht K\u00fcnstle<\/p>\n<p>Wirbelminister Habeck bettelt im fernen Ausland um fossile Energietr\u00e4ger Gas und \u00d6l, die er aus Russland zu weit geringeren Kosten und umweltvertr\u00e4glicher h\u00e4tte haben k\u00f6nnen. Und was von den russischen Verkaufserl\u00f6sen in Putins Milit\u00e4r flie\u00dft, ist mit unter einem Prozent weniger als die Schmiergelder an Entscheidungstr\u00e4ger der Politik jeder Couleur in Regierungen und Parlamenten aller Art.<br \/>\nJedoch erstreckt sich seine Suche auch auf andere Energietr\u00e4ger. Wobei eine bestimmte Energie ohne sachlichen Grund zum Tabu erkl\u00e4rt wurde, namentlich die Atomenergie. Wenn nicht diese saubere Energie, welche dann? Eine ganze Palette wird gehandelt, hier geht es darum, die Spreu vom Weizen zu trennen und auch eine weitgehend unbekannte Option zu pr\u00e4sentieren.<\/p>\n<p>Holz ist nicht nur ein vielseitiger Baustoff, sondern es w\u00e4rmt auch, sofern man es nicht im Wald verrotten l\u00e4sst, um f\u00fcr Wildtiere Lebensraum zu schaffen. Wird Holz verheizt, ist es insofern CO2-neutral, weil es in der Wachstumsphase dasselbe speicherte, wie dann freigesetzt wird. Verrottet Holz in den W\u00e4ldern wie es \u201eNatursch\u00fctzer\u201c wollen, f\u00e4llt f\u00fcr den entsprechenden W\u00e4rmeersatz per Gas und \u00d6l das <a href=\"https:\/\/www.freiburg-schwarzwald.de\/blog\/natur\/klima\/co2\/\">CO2<\/a> an.<\/p>\n<p><strong>Kohle<\/strong> gibt es zuhauf, aber sie ist \u201efossil\u201c und verp\u00f6nt. Es sei denn, sie landet als Holzkohle auf dem sommerlichen Grill. In Deutschland gilt <a href=\"https:\/\/www.freiburg-schwarzwald.de\/blog\/energie\/kohle\/\">Kohl<\/a>e als besonders schlecht, weshalb sie mit unserem Geld in fernen L\u00e4ndern abgebaut wird \u2013 die anscheinend nicht zu unserem Globus z\u00e4hlen, der besch\u00fctzt werden soll?<\/p>\n<p><strong>Erdgas<\/strong> gibt es ebenfalls in gro\u00dfen Mengen in allen Erdteilen. Trotzdem ist es \u201eendlich\u201c, was aber eine untergeordnete Rolle spielen d\u00fcrfte, wenn Jugendliche meinen, sie seien \u201edie letzte Generation\u201c. Die Art der <a href=\"https:\/\/www.freiburg-schwarzwald.de\/blog\/energie\/gas\/\">Gasf\u00f6rderung<\/a> (Bohrungen, Biogas oder Fracking) unterscheidet sich, auch hinsichtlich der Kosten erheblich. Dasselbe gilt f\u00fcr den Transport, insbesondere f\u00fcr die Entfernung vom Ort der F\u00f6rderung zu den Abnehmern. Derzeit wird umweltvertr\u00e4gliches Pipelinegas aus Russland durch \u2026<\/p>\n<p><strong>LNG<\/strong> ersetzt, das auf dem Seeweg bis zu 13 000 km auch z.B. aus Kuwait zum Abnehmer transportiert werden muss. Dabei wird Methan freigesetzt, und es bedeutet einen hohen Energieverlust bei der Abk\u00fchlung bzw. Verdichtung zu Fl\u00fcssiggas. Dasselbe Verlustproblem w\u00e4hrend des Transports. Am Ankunftshafen erfolgt die \u201eEntdichtung\u201c wieder zu Gas mit nochmaligem Energieverlust. Eigentlich k\u00f6nnen nur Leute auf solche Ideen kommen, die \u201enicht ganz dicht\u201c sind \u2013 oder eben eine Regierung, die nicht rechnen muss, weil ihre W\u00e4hler alles zahlen. Gas per LNG, statt mit vorhandenen R\u00f6hren zu transportieren, ist, wie Wasser in Eimern holen, wenn daneben eine Wasserleitung liegt. Nur schlechter, weil unterwegs \u201evieles versch\u00fctt geht.\u201c<\/p>\n<p><strong>\u00d6l<\/strong> ist auch gen\u00fcgend vorhanden und l\u00e4sst sich leicht in R\u00f6hren transportieren. Auch mit Tankern, ohne den Aggregatzustand des Energietr\u00e4gers mit aberwitzigem Aufwand ver\u00e4ndern zu m\u00fcssen wie beim LNG. Aber es hat den Makel, bei der zweckentsprechenden Nutzung CO2 zu emittieren, was des Teufels sein soll \u2013 obwohl es ein wichtiger Bestandteil unserer Atemluft und f\u00fcr die Vegetation unentbehrlich ist.<\/p>\n<p><strong>Solarenergie<\/strong> m\u00fcsste man erfinden, w\u00e4re sie das nicht schon. Ich selbst nutze sie seit 44 Jahren zur Brauchwassererw\u00e4rmung und seit 13 Jahren auch zur Heizungsunterst\u00fctzung. Die <a href=\"https:\/\/www.freiburg-schwarzwald.de\/blog\/energie\/solar\/photovoltaik\/\">Photovoltaik PV<\/a> ist noch vielseitiger anwendbar zur W\u00e4rme- und haupts\u00e4chlich Stromgewinnung. Die PV hat aber auch Schattenseiten \u2013 nicht nur nachts. Die Herstellung der Solarmodule ist rohstoff- und insbesondere CO2-intensiv. Solche Investitionen bedeuten vorgezogene CO2-Emissionen \u2013 genau das Gegenteil der erkl\u00e4rten Ziele. Aber entgegen allen Bedenkentr\u00e4gern: Die Sonne ist zu schade, um sie nicht umf\u00e4nglich zu nutzen.<\/p>\n<p><strong>Wasserkraft<\/strong> ist zwar \u201eregenerativ\u201c \u2013 wo es genug regnet \u2013 aber nur begrenzt nutzbar, solange man diesem Nass nicht beibringt, ohne Technik bergauf zu laufen. Doch nicht zu untersch\u00e4tzen ist dessen Funktion als Speichermedium. Ein <a href=\"https:\/\/www.freiburg-schwarzwald.de\/blog\/energie\/pumpspeicher\/\">Pumpspeicherkraftwerk<\/a> ist \u00f6kologisch vertr\u00e4glicher als Batteriespeicher mit der entsprechenden Kapazit\u00e4t. Leider ist diese Naturenergie in Deutschland ausgereizt. Wenn man nur das \u201eWasser auf die M\u00fchlen\u201c der Regierung durch unsere deutschen Medien nutzen k\u00f6nnte!<\/p>\n<p><strong>Windkraft i<\/strong>st als Energie zu schade, um sie nur zum Segeln zu nutzen. Im Unterschied zur Solartechnik schl\u00e4ft sie nachts nicht; daf\u00fcr aber im Winter, wo sie besonders gebraucht wird. Ich selbst geh\u00f6rte zu den Ersten, die an einem Windpark beteiligt waren. Die <a href=\"https:\/\/www.freiburg-schwarzwald.de\/blog\/energie\/wind\/windkraft\/\">Windr\u00e4der<\/a> lieferten nicht das, was versprochen wurde, und brachten uns Investoren keinen Cent Aussch\u00fcttung. Nach 20 Jahren wurden sie verschrottet. Eine Technologie, die eine Betriebsgenehmigung von nur 20 Jahren erh\u00e4lt, hat das Pr\u00e4dikat Nachhaltigkeit nicht verdient, auch wenn es neuerdings 25 Jahre sind.<\/p>\n<p><strong>Wasserstoff<\/strong> ist kein Energietr\u00e4ger, nur ein Energiespeicher, aber Hoffnungstr\u00e4ger vieler Phantasten. Eine Technologie mit einem Wirkungsgrad von nur 25 Prozent ist kaum nachhaltig. <a href=\"https:\/\/eike-klima-energie.eu\/2022\/12\/17\/wasserstoff-der-retter-der-energiewende\/\">https:\/\/eike-klima-energie.eu\/2022\/12\/17\/wasserstoff-der-retter-der-energiewende\/<\/a> Allenfalls werden mit dieser Technologie Ressourcen nachhaltig verschwendet. Ich hatte das in Anlehnung an das M\u00e4rchen von Hans im Gl\u00fcck hier beschrieben. Und woher soll der ganze Strom f\u00fcr die Elektrolyse kommen? <a href=\"https:\/\/www.freiburg-schwarzwald.de\/blog\/energie\/wasserstoff\/\">Wasserstoff<\/a> wird ein Nischendasein fristen. Doch Habeck will ihn 11 000 km entfernt in Namibia herstellen und herbeischaffen lassen.<br \/>\n<a href=\"https:\/\/www.achgut.com\/artikel\/namibia_ein_reality_check\">https:\/\/www.achgut.com\/artikel\/namibia_ein_reality_check<\/a><\/p>\n<p><strong>Kernfusion<\/strong>. Immer wieder taucht eine Fata Morgana auf, die Kernverschmelzung statt der Kernspaltung. Nun scheint in den USA ein Durchbruch gelungen zu sein, wie die Medien am 13.\/14. Dezember euphorisch berichteten. Mit einem Experiment wurde in einer bestimmten Sekunde mit zwei Megajoule (MJ) Laserenergie drei MJ Fusionsausbeute erzeugt! Wow. Dabei wurden aber 300 MJ ben\u00f6tigt, um zwei MJ Laserenergie f\u00fcr drei MJ Endenergie zu erzeugen. Das ist ein Verh\u00e4ltnis von 150 zu 1. Ein Rohrkrepierer ist effektiver. Ist das eine Zukunftsenergie? Der Brennstoff w\u00e4re billig, die Technik gigantisch teuer. Vielleicht bleibt den Enkeln ja doch noch das dazu n\u00f6tige Geld \u2013 nachdem sie die Schulden unserer Regierung abgetragen haben. Doch die Hoffnung stirbt zuletzt.<br \/>\n<a href=\"https:\/\/eike-klima-energie.eu\/2022\/12\/07\/die-hoffnung-stirbt-zuletzt-der-iter\/\">https:\/\/eike-klima-energie.eu\/2022\/12\/07\/die-hoffnung-stirbt-zuletzt-der-iter\/<\/a><\/p>\n<p>Die Kernfusion sei \u201edie Mutter aller Energie im Universum, so funktioniert jeder Stern\u201c sind die schw\u00e4rmerischen Attribute f\u00fcr die Zukunftstechnologie. Was der Herrgott einmal mit den Sternen geschaffen hat, m\u00fcssten wir doch erstreckt k\u00f6nnen? Oder: Wenn es eine Mutterenergie im All gibt, vielleicht gibt es dann auch einen Vater-Energie auf Erden? Anscheinend JA, und zwar den \u2026<\/p>\n<p><strong><a href=\"https:\/\/www.freiburg-schwarzwald.de\/blog\/energie\/akw\/kernkraft\/\">Dual-Fluid-Reaktor (DFR)<\/a><\/strong>. Diese Technik des Allesbrenners.\u2013 sogar von Atomm\u00fcll \u2013 scheint die \u201eeierlegende Wollmilchsau\u201c zu sein. Oder unbayerisch ausgedr\u00fcckt, \u201eDer Stein der Weisen\u201c: Der DFR, ist ein neuartiges nukleares Reaktorkonzept, welches die Vorteile der Generation-IV-Konzepte des Fl\u00fcssigsalzreaktors (MSR) und des fl\u00fcssigmetallgek\u00fchlten Reaktors (SFR, LFR) vereint, indem es die W\u00e4rme nicht durch das Fl\u00fcssigsalz, sondern \u00fcber einen getrennten Bleikreislauf abf\u00fchrt (Quelle <a href=\"https:\/\/festkoerper-kernphysik.de\/dfr\">https:\/\/festkoerper-kernphysik.de\/dfr<\/a>). Hier auch ein Interview mit dem Mitentwickler des DFR.<\/p>\n<p>Diese Zukunftstechnik der Energiegewinnung kann nicht mehr ignoriert werden. Nicht nur solche Fachleute bleiben am Ball. <a href=\"https:\/\/dual-fluid.com\/de\/\">https:\/\/dual-fluid.com\/de\/<\/a> Auch Wikipedia stellt DFR eingehend vor <a href=\"https:\/\/de.wikipedia.org\/wiki\/Fl%C3%BCssigsalzreaktor\">https:\/\/de.wikipedia.org\/wiki\/Fl%C3%BCssigsalzreaktor<\/a> . Schade nur, dass nicht alle politischen Kr\u00e4fte gleicherma\u00dfen so wie hier https:\/\/wir-hn.de\/blog\/energiekrise-gibt-es-denn-keinen-ausweg\/ auf diese Technik setzen und stattdessen auf kleinklein machen. Aber deshalb muss die Technik nicht belanglos sein. Bleibt alleine die Frage, warum die Weiterentwicklung so schleppend verl\u00e4uft und im Ausland mehr wissenschaftliche Anh\u00e4nger hat. Behalten die fossilen Energieriesen unsere Politik weiter im Griff und behindern die \u201eEnergiewende\u201c, die den Namen wirklich verdient h\u00e4tte?<\/p>\n<p>&#8230; Alles vom 20.12.2022 von Albrecht K\u00fcnstle bitte lesen auf<br \/>\n<a href=\"https:\/\/die-andere-sicht.de\/2022\/12\/20\/kuenstles-sicht-energieinnovationen-die-schon-entdeckt-sind\/\">https:\/\/die-andere-sicht.de\/2022\/12\/20\/kuenstles-sicht-energieinnovationen-die-schon-entdeckt-sind\/<\/a><\/p>\n","protected":false},"excerpt":{"rendered":"<p>Home &gt;Energie\u00a0&gt;Energiewende\u00a0&gt;Erneuerbare &gt;Energiekosten\u00a0 &gt;Energie-Innovationen K\u00f6nnen wir das \u201eKlima retten\u201c?\u00a0(11.1.2023) Energieinnovationen, die schon entdeckt sind (20.12.2022) &nbsp; Energieinnovationen, die schon entdeckt sind \u2013 Jetzt wurde ein Durchbruch gefeiert, der keiner sein d\u00fcrfte \u2013 Kernfusionsexperiment schrumpft 150 Megajoule auf eines \u2013 Energietr\u00e4ger &hellip; <a href=\"https:\/\/www.freiburg-schwarzwald.de\/blog\/energie\/energie-innovationen\/\">Weiterlesen <span class=\"meta-nav\">&rarr;<\/span><\/a><\/p>\n","protected":false},"author":2,"featured_media":0,"parent":15,"menu_order":0,"comment_status":"closed","ping_status":"closed","template":"","meta":{"footnotes":""},"class_list":["post-107642","page","type-page","status-publish","hentry"],"_links":{"self":[{"href":"https:\/\/www.freiburg-schwarzwald.de\/blog\/wp-json\/wp\/v2\/pages\/107642","targetHints":{"allow":["GET"]}}],"collection":[{"href":"https:\/\/www.freiburg-schwarzwald.de\/blog\/wp-json\/wp\/v2\/pages"}],"about":[{"href":"https:\/\/www.freiburg-schwarzwald.de\/blog\/wp-json\/wp\/v2\/types\/page"}],"author":[{"embeddable":true,"href":"https:\/\/www.freiburg-schwarzwald.de\/blog\/wp-json\/wp\/v2\/users\/2"}],"replies":[{"embeddable":true,"href":"https:\/\/www.freiburg-schwarzwald.de\/blog\/wp-json\/wp\/v2\/comments?post=107642"}],"version-history":[{"count":5,"href":"https:\/\/www.freiburg-schwarzwald.de\/blog\/wp-json\/wp\/v2\/pages\/107642\/revisions"}],"predecessor-version":[{"id":108383,"href":"https:\/\/www.freiburg-schwarzwald.de\/blog\/wp-json\/wp\/v2\/pages\/107642\/revisions\/108383"}],"up":[{"embeddable":true,"href":"https:\/\/www.freiburg-schwarzwald.de\/blog\/wp-json\/wp\/v2\/pages\/15"}],"wp:attachment":[{"href":"https:\/\/www.freiburg-schwarzwald.de\/blog\/wp-json\/wp\/v2\/media?parent=107642"}],"curies":[{"name":"wp","href":"https:\/\/api.w.org\/{rel}","templated":true}]}}