{"id":107503,"date":"2022-12-19T17:40:10","date_gmt":"2022-12-19T16:40:10","guid":{"rendered":"https:\/\/www.freiburg-schwarzwald.de\/blog\/?page_id=107503"},"modified":"2023-01-15T17:03:41","modified_gmt":"2023-01-15T16:03:41","slug":"illerkirchberg-messermord05-12-2022","status":"publish","type":"page","link":"https:\/\/www.freiburg-schwarzwald.de\/blog\/global\/integration\/illerkirchberg-messermord05-12-2022\/","title":{"rendered":"Illerkirchberg-Messermord05-12-2022"},"content":{"rendered":"<p><a href=\"https:\/\/www.freiburg-schwarzwald.de\/blog\">Home<\/a>\u00a0&gt;<a title=\"Global\" href=\"https:\/\/www.freiburg-schwarzwald.de\/blog\/global\/\">Global<\/a>\u00a0&gt;<a title=\"Integration\" href=\"https:\/\/www.freiburg-schwarzwald.de\/blog\/global\/integration\/\">Integration<\/a>\u00a0&gt;<a title=\"Migration\" href=\"https:\/\/www.freiburg-schwarzwald.de\/blog\/global\/migration\/\">Migration<\/a> &gt;<a href=\"https:\/\/www.freiburg-schwarzwald.de\/blog\/religion\/islam\/islam-frauen\/\">Islam-Frauen<\/a>\u00a0&gt;Illerkirchberg-Messermord05-12-2022<\/p>\n<div id=\"attachment_105159\" style=\"width: 650px\" class=\"wp-caption alignnone\"><a href=\"https:\/\/www.freiburg-schwarzwald.de\/blog\/wp-content\/uploads\/2022\/10\/schwarzwald-stubenwasen-pan220926.jpg\"><img loading=\"lazy\" decoding=\"async\" aria-describedby=\"caption-attachment-105159\" class=\"size-full wp-image-105159\" src=\"https:\/\/www.freiburg-schwarzwald.de\/blog\/wp-content\/uploads\/2022\/10\/schwarzwald-stubenwasen-pan220926.jpg\" alt=\"\" width=\"640\" height=\"344\" srcset=\"https:\/\/www.freiburg-schwarzwald.de\/blog\/wp-content\/uploads\/2022\/10\/schwarzwald-stubenwasen-pan220926.jpg 640w, https:\/\/www.freiburg-schwarzwald.de\/blog\/wp-content\/uploads\/2022\/10\/schwarzwald-stubenwasen-pan220926-180x97.jpg 180w\" sizes=\"auto, (max-width: 640px) 100vw, 640px\" \/><\/a><p id=\"caption-attachment-105159\" class=\"wp-caption-text\">Im Schwarzwald am St\u00fcbenwasen im Herbst 2022<\/p><\/div>\n<ul>\n<li><a href=\"https:\/\/www.freiburg-schwarzwald.de\/blog\/bildung\/schulen\/schulen-gewalt\/\">Ibbenb\u00fcren: Sinan ersticht seine Lehrerin<\/a>\u00a0(15.1.2023)<\/li>\n<li><a href=\"https:\/\/www.freiburg-schwarzwald.de\/blog\/global\/integration\/abschiebung\/\">Boris Palmer: Kriminelle Migranten abschieben<\/a> (9.1.2023)<\/li>\n<li>Mord von Illerkirchberg: Blick in die Augen der Familie (16.12.2022)<\/li>\n<li><a href=\"https:\/\/www.freiburg-schwarzwald.de\/blog\/schuelerinnen-ulm-messermord\/\">Sch\u00fclerinnen Ulm &#8211; Messermord<\/a> (7.12.2022)<\/li>\n<li><\/li>\n<li><a href=\"https:\/\/www.freiburg-schwarzwald.de\/blog\/religion\/aleviten\/\">Aleviten<\/a><\/li>\n<li><a href=\"https:\/\/www.freiburg-schwarzwald.de\/blog\/global\/integration\/deutschtuerken\/\">Deutscht\u00fcrken<\/a><\/li>\n<li><a href=\"https:\/\/www.freiburg-schwarzwald.de\/blog\/global\/integration\/fluechtlinge-kriminalitaet\/\">Fluechtlinke-Kriminalitaet<\/a><\/li>\n<li><a href=\"https:\/\/www.freiburg-schwarzwald.de\/blog\/kultur\/medien\/diskussionskultur\/106921-2\/\">Generalverdacht<\/a><\/li>\n<li><a href=\"https:\/\/www.freiburg-schwarzwald.de\/blog\/selbsthilfe\/soziales\/justiz\/messerstecher\/\">Messerstecher<\/a><\/li>\n<li><a href=\"https:\/\/www.freiburg-schwarzwald.de\/blog\/bildung\/schulen\/schulen-gewalt\/\">Schulen-Gewalt<\/a><\/li>\n<\/ul>\n<ul>\n<li><a title=\"Chemnitz-Messermord26-08-2018\" href=\"https:\/\/www.freiburg-schwarzwald.de\/blog\/engagement\/zukunft\/demokratie\/chemnitz-messermord26-08-2018\/\">Chemnitz-Messermord<\/a><\/li>\n<li><a title=\"Dreisam-Mord\" href=\"https:\/\/www.freiburg-schwarzwald.de\/blog\/global\/integration\/dreisam-mord\/\">Dreisam-Mord durch 17-j\u00e4hrigen Hussein<\/a><\/li>\n<li><a title=\"Kandel-Bluttat27-12-2017\" href=\"https:\/\/www.freiburg-schwarzwald.de\/blog\/engagement\/zukunft\/demokratie\/kandel-bluttat27-12-2017\/\">Kandel-Bluttat-27-12-2017<\/a><\/li>\n<li><a href=\"https:\/\/www.freiburg-schwarzwald.de\/blog\/global\/integration\/offenburg-arztmord16aug2018\/\">Offenburg-Arztmord16aug2018<\/a><\/li>\n<li><a href=\"https:\/\/www.freiburg-schwarzwald.de\/blog\/global\/migration\/wiesbaden-susanna23-05-2018\/\">Wiesbadenn-Susanna25-05-2018<\/a><\/li>\n<li><a title=\"Worms-Messermord06-03-2019\" href=\"https:\/\/www.freiburg-schwarzwald.de\/blog\/global\/migration\/worms-messermord06-03-2019\/\">Worms-Messermord06-03-2019<\/a><\/li>\n<\/ul>\n<p>&nbsp;<\/p>\n<p><strong>Mord von Illerkirchberg: Blick in die Augen der Familie<\/strong><br \/>\nAls der Leichnam des 14j\u00e4hrigen M\u00e4dchens in <a href=\"https:\/\/www.freiburg-schwarzwald.de\/blog\/schuelerinnen-ulm-messermord\/\">Illerkirchberg<\/a> zu Grabe getragen wird, begleiteten es zweitausend Menschen. Weil die am 5. Dezember von einem Asylbewerber aus Eritrea Ermordete einer Familie t\u00fcrkischer <a href=\"https:\/\/www.freiburg-schwarzwald.de\/blog\/religion\/aleviten\/\">Aleviten<\/a> entstammt, war aus der gro\u00dfen Politik wenigstens der <a href=\"https:\/\/www.freiburg-schwarzwald.de\/blog\/global\/integration\/deutschtuerken\/\">t\u00fcrkische<\/a> Botschafter anwesend. Politiker der Bundesregierung mieden hingegen den Ort und tauchten ab. Der Mord an Ece S. erlangte nur kurze \u00fcberregionale Aufmerksamkeit, um dann wieder von anderen Nachrichten verdr\u00e4ngt zu werden.<br \/>\nAls Ende Oktober ein <a href=\"https:\/\/www.freiburg-schwarzwald.de\/blog\/selbsthilfe\/krise\/gewalt\/brandstiftung\/\">Asylbewerberheim bei Wismar<\/a> brannte, war <a href=\"https:\/\/www.freiburg-schwarzwald.de\/blog\/engagement\/zukunft\/demokratie\/ampel\/\">Bundesinnenministerin Nancy Faeser (SPD)<\/a> hingegen sofort vor Ort. Hier war es gl\u00fccklicherweise zu keinen Opfern gekommen. Weil aber Rechtsextreme hinter der Tat vermutet wurden, lie\u00df sich umgehend Haltung zeigen. Vier Wochen sp\u00e4ter wurde als Brandstifter ein Feuerwehrmann \u00fcberf\u00fchrt, der ohne politische Motive gehandelt hatte.<\/p>\n<p><em>Warum eine Debatte \u00fcber m\u00f6gliche Konsequenzen aus den tragischen Ereignissen unerw\u00fcnscht ist<\/em><br \/>\nUm Illerkirchberg macht die Innenministerin im Gegensatz zu Wismar bewu\u00dft einen Bogen. Sie h\u00e4tte dort n\u00e4mlich nicht nur den Angeh\u00f6rigen von Ece S. in die Augen sehen m\u00fcssen. Sie h\u00e4tte auch der Familie eines anderen M\u00e4dchens begegnen k\u00f6nnen, das 2019 in der Kleinstadt als 14j\u00e4hrige von vier Asylbewerbern aus Afghanistan und dem Irak brutal vergewaltigt worden war. Die im Oktober erneut ge\u00e4u\u00dferte dringende Bitte der baden-w\u00fcrttembergischen Justizministerin Marion Gentges (CDU), einen der aus der Haft entlassenen Vergewaltiger nach Afghanistan abzuschieben, lie\u00df Faeser unbeantwortet. Stattdessen konnte sich der Afghane wieder in Illerkirchberg niederlassen.<\/p>\n<p>Warum geht die Bundesregierung bei diesem Verbrechen in Deckung? Wie schon nach zahllosen vorangegangenen Gewalttaten von Migranten stellen sich immer dr\u00e4ngendere Fragen nach dem systematischen Scheitern einer fehlgeleiteten Asyl- und Integrationspolitik. Gerade erst im Oktober hatte ein somalischer Asylant in Ludwigshafen zwei M\u00e4nner auf offener Stra\u00dfe ermordet.<\/p>\n<p>Eine Zeitenwende in der <a href=\"https:\/\/www.freiburg-schwarzwald.de\/blog\/global\/migration\/migrationspolitik\/\">Migrationspolitik<\/a> ist seit Jahren \u00fcberf\u00e4llig. Die Morde, <a href=\"https:\/\/www.freiburg-schwarzwald.de\/blog\/selbsthilfe\/soziales\/justiz\/messerstecher\/\">Messerattacken<\/a>, <a href=\"https:\/\/www.freiburg-schwarzwald.de\/blog\/selbsthilfe\/krise\/sexuellermissbrauch\/vergewaltigung\/\">Vergewaltigungen<\/a> sind dabei nur die Spitze des Eisbergs. Die meisten verantwortlichen Politiker schweigen, weil eine ernste gesellschaftliche \u201eDebatte \u00fcber m\u00f6gliche Konsequenzen aus dem tragischen Ereignis\u201c unerw\u00fcnscht ist, wie der T\u00fcbinger OB Boris Palmer treffend feststellte und weil die drakonischen zu f\u00e4llenden Entscheidungen unbequem sind. Auch in dieser hypermoralisch aufgeladenen Frage ist zu kl\u00e4ren, ob unsere Nation sich besinnt, seine staatliche Autorit\u00e4t an den Grenzen und im Inneren wieder durchzusetzen.<br \/>\n&#8230; Alles vom 16.12.2022 von Dieter Stein bitte lesen in der JF 51\/22, Seite 1<\/p>\n","protected":false},"excerpt":{"rendered":"<p>Home\u00a0&gt;Global\u00a0&gt;Integration\u00a0&gt;Migration &gt;Islam-Frauen\u00a0&gt;Illerkirchberg-Messermord05-12-2022 Ibbenb\u00fcren: Sinan ersticht seine Lehrerin\u00a0(15.1.2023) Boris Palmer: Kriminelle Migranten abschieben (9.1.2023) Mord von Illerkirchberg: Blick in die Augen der Familie (16.12.2022) Sch\u00fclerinnen Ulm &#8211; Messermord (7.12.2022) Aleviten Deutscht\u00fcrken Fluechtlinke-Kriminalitaet Generalverdacht Messerstecher Schulen-Gewalt Chemnitz-Messermord Dreisam-Mord durch 17-j\u00e4hrigen Hussein Kandel-Bluttat-27-12-2017 &hellip; <a href=\"https:\/\/www.freiburg-schwarzwald.de\/blog\/global\/integration\/illerkirchberg-messermord05-12-2022\/\">Weiterlesen <span class=\"meta-nav\">&rarr;<\/span><\/a><\/p>\n","protected":false},"author":2,"featured_media":0,"parent":1875,"menu_order":0,"comment_status":"closed","ping_status":"closed","template":"","meta":{"footnotes":""},"class_list":["post-107503","page","type-page","status-publish","hentry"],"_links":{"self":[{"href":"https:\/\/www.freiburg-schwarzwald.de\/blog\/wp-json\/wp\/v2\/pages\/107503","targetHints":{"allow":["GET"]}}],"collection":[{"href":"https:\/\/www.freiburg-schwarzwald.de\/blog\/wp-json\/wp\/v2\/pages"}],"about":[{"href":"https:\/\/www.freiburg-schwarzwald.de\/blog\/wp-json\/wp\/v2\/types\/page"}],"author":[{"embeddable":true,"href":"https:\/\/www.freiburg-schwarzwald.de\/blog\/wp-json\/wp\/v2\/users\/2"}],"replies":[{"embeddable":true,"href":"https:\/\/www.freiburg-schwarzwald.de\/blog\/wp-json\/wp\/v2\/comments?post=107503"}],"version-history":[{"count":5,"href":"https:\/\/www.freiburg-schwarzwald.de\/blog\/wp-json\/wp\/v2\/pages\/107503\/revisions"}],"predecessor-version":[{"id":108524,"href":"https:\/\/www.freiburg-schwarzwald.de\/blog\/wp-json\/wp\/v2\/pages\/107503\/revisions\/108524"}],"up":[{"embeddable":true,"href":"https:\/\/www.freiburg-schwarzwald.de\/blog\/wp-json\/wp\/v2\/pages\/1875"}],"wp:attachment":[{"href":"https:\/\/www.freiburg-schwarzwald.de\/blog\/wp-json\/wp\/v2\/media?parent=107503"}],"curies":[{"name":"wp","href":"https:\/\/api.w.org\/{rel}","templated":true}]}}

<p><a href="https://www.freiburg-schwarzwald.de/blog">Home</a> &gt;<a title="Global" href="https://www.freiburg-schwarzwald.de/blog/global/">Global</a> &gt;<a title="Integration" href="https://www.freiburg-schwarzwald.de/blog/global/integration/">Integration</a> &gt;<a title="Migration" href="https://www.freiburg-schwarzwald.de/blog/global/migration/">Migration</a> &gt;<a href="https://www.freiburg-schwarzwald.de/blog/religion/islam/islam-frauen/">Islam-Frauen</a> &gt;Illerkirchberg-Messermord05-12-2022</p>
<div id="attachment_105159" style="width: 650px" class="wp-caption alignnone"><a href="https://www.freiburg-schwarzwald.de/blog/wp-content/uploads/2022/10/schwarzwald-stubenwasen-pan220926.jpg"><img loading="lazy" decoding="async" aria-describedby="caption-attachment-105159" class="size-full wp-image-105159" src="https://www.freiburg-schwarzwald.de/blog/wp-content/uploads/2022/10/schwarzwald-stubenwasen-pan220926.jpg" alt="" width="640" height="344" srcset="https://www.freiburg-schwarzwald.de/blog/wp-content/uploads/2022/10/schwarzwald-stubenwasen-pan220926.jpg 640w, https://www.freiburg-schwarzwald.de/blog/wp-content/uploads/2022/10/schwarzwald-stubenwasen-pan220926-180x97.jpg 180w" sizes="auto, (max-width: 640px) 100vw, 640px" /></a><p id="caption-attachment-105159" class="wp-caption-text">Im Schwarzwald am Stübenwasen im Herbst 2022</p></div>
<ul>
<li><a href="https://www.freiburg-schwarzwald.de/blog/bildung/schulen/schulen-gewalt/">Ibbenbüren: Sinan ersticht seine Lehrerin</a> (15.1.2023)</li>
<li><a href="https://www.freiburg-schwarzwald.de/blog/global/integration/abschiebung/">Boris Palmer: Kriminelle Migranten abschieben</a> (9.1.2023)</li>
<li>Mord von Illerkirchberg: Blick in die Augen der Familie (16.12.2022)</li>
<li><a href="https://www.freiburg-schwarzwald.de/blog/schuelerinnen-ulm-messermord/">Schülerinnen Ulm &#8211; Messermord</a> (7.12.2022)</li>
<li></li>
<li><a href="https://www.freiburg-schwarzwald.de/blog/religion/aleviten/">Aleviten</a></li>
<li><a href="https://www.freiburg-schwarzwald.de/blog/global/integration/deutschtuerken/">Deutschtürken</a></li>
<li><a href="https://www.freiburg-schwarzwald.de/blog/global/integration/fluechtlinge-kriminalitaet/">Fluechtlinke-Kriminalitaet</a></li>
<li><a href="https://www.freiburg-schwarzwald.de/blog/kultur/medien/diskussionskultur/106921-2/">Generalverdacht</a></li>
<li><a href="https://www.freiburg-schwarzwald.de/blog/selbsthilfe/soziales/justiz/messerstecher/">Messerstecher</a></li>
<li><a href="https://www.freiburg-schwarzwald.de/blog/bildung/schulen/schulen-gewalt/">Schulen-Gewalt</a></li>
</ul>
<ul>
<li><a title="Chemnitz-Messermord26-08-2018" href="https://www.freiburg-schwarzwald.de/blog/engagement/zukunft/demokratie/chemnitz-messermord26-08-2018/">Chemnitz-Messermord</a></li>
<li><a title="Dreisam-Mord" href="https://www.freiburg-schwarzwald.de/blog/global/integration/dreisam-mord/">Dreisam-Mord durch 17-jährigen Hussein</a></li>
<li><a title="Kandel-Bluttat27-12-2017" href="https://www.freiburg-schwarzwald.de/blog/engagement/zukunft/demokratie/kandel-bluttat27-12-2017/">Kandel-Bluttat-27-12-2017</a></li>
<li><a href="https://www.freiburg-schwarzwald.de/blog/global/integration/offenburg-arztmord16aug2018/">Offenburg-Arztmord16aug2018</a></li>
<li><a href="https://www.freiburg-schwarzwald.de/blog/global/migration/wiesbaden-susanna23-05-2018/">Wiesbadenn-Susanna25-05-2018</a></li>
<li><a title="Worms-Messermord06-03-2019" href="https://www.freiburg-schwarzwald.de/blog/global/migration/worms-messermord06-03-2019/">Worms-Messermord06-03-2019</a></li>
</ul>
<p>&nbsp;</p>
<p><strong>Mord von Illerkirchberg: Blick in die Augen der Familie</strong><br />
Als der Leichnam des 14jährigen Mädchens in <a href="https://www.freiburg-schwarzwald.de/blog/schuelerinnen-ulm-messermord/">Illerkirchberg</a> zu Grabe getragen wird, begleiteten es zweitausend Menschen. Weil die am 5. Dezember von einem Asylbewerber aus Eritrea Ermordete einer Familie türkischer <a href="https://www.freiburg-schwarzwald.de/blog/religion/aleviten/">Aleviten</a> entstammt, war aus der großen Politik wenigstens der <a href="https://www.freiburg-schwarzwald.de/blog/global/integration/deutschtuerken/">türkische</a> Botschafter anwesend. Politiker der Bundesregierung mieden hingegen den Ort und tauchten ab. Der Mord an Ece S. erlangte nur kurze überregionale Aufmerksamkeit, um dann wieder von anderen Nachrichten verdrängt zu werden.<br />
Als Ende Oktober ein <a href="https://www.freiburg-schwarzwald.de/blog/selbsthilfe/krise/gewalt/brandstiftung/">Asylbewerberheim bei Wismar</a> brannte, war <a href="https://www.freiburg-schwarzwald.de/blog/engagement/zukunft/demokratie/ampel/">Bundesinnenministerin Nancy Faeser (SPD)</a> hingegen sofort vor Ort. Hier war es glücklicherweise zu keinen Opfern gekommen. Weil aber Rechtsextreme hinter der Tat vermutet wurden, ließ sich umgehend Haltung zeigen. Vier Wochen später wurde als Brandstifter ein Feuerwehrmann überführt, der ohne politische Motive gehandelt hatte.</p>
<p><em>Warum eine Debatte über mögliche Konsequenzen aus den tragischen Ereignissen unerwünscht ist</em><br />
Um Illerkirchberg macht die Innenministerin im Gegensatz zu Wismar bewußt einen Bogen. Sie hätte dort nämlich nicht nur den Angehörigen von Ece S. in die Augen sehen müssen. Sie hätte auch der Familie eines anderen Mädchens begegnen können, das 2019 in der Kleinstadt als 14jährige von vier Asylbewerbern aus Afghanistan und dem Irak brutal vergewaltigt worden war. Die im Oktober erneut geäußerte dringende Bitte der baden-württembergischen Justizministerin Marion Gentges (CDU), einen der aus der Haft entlassenen Vergewaltiger nach Afghanistan abzuschieben, ließ Faeser unbeantwortet. Stattdessen konnte sich der Afghane wieder in Illerkirchberg niederlassen.</p>
<p>Warum geht die Bundesregierung bei diesem Verbrechen in Deckung? Wie schon nach zahllosen vorangegangenen Gewalttaten von Migranten stellen sich immer drängendere Fragen nach dem systematischen Scheitern einer fehlgeleiteten Asyl- und Integrationspolitik. Gerade erst im Oktober hatte ein somalischer Asylant in Ludwigshafen zwei Männer auf offener Straße ermordet.</p>
<p>Eine Zeitenwende in der <a href="https://www.freiburg-schwarzwald.de/blog/global/migration/migrationspolitik/">Migrationspolitik</a> ist seit Jahren überfällig. Die Morde, <a href="https://www.freiburg-schwarzwald.de/blog/selbsthilfe/soziales/justiz/messerstecher/">Messerattacken</a>, <a href="https://www.freiburg-schwarzwald.de/blog/selbsthilfe/krise/sexuellermissbrauch/vergewaltigung/">Vergewaltigungen</a> sind dabei nur die Spitze des Eisbergs. Die meisten verantwortlichen Politiker schweigen, weil eine ernste gesellschaftliche „Debatte über mögliche Konsequenzen aus dem tragischen Ereignis“ unerwünscht ist, wie der Tübinger OB Boris Palmer treffend feststellte und weil die drakonischen zu fällenden Entscheidungen unbequem sind. Auch in dieser hypermoralisch aufgeladenen Frage ist zu klären, ob unsere Nation sich besinnt, seine staatliche Autorität an den Grenzen und im Inneren wieder durchzusetzen.<br />
&#8230; Alles vom 16.12.2022 von Dieter Stein bitte lesen in der JF 51/22, Seite 1</p>

<p>Home &gt;Global &gt;Integration &gt;Migration &gt;Islam-Frauen &gt;Illerkirchberg-Messermord05-12-2022 Ibbenbüren: Sinan ersticht seine Lehrerin (15.1.2023) Boris Palmer: Kriminelle Migranten abschieben (9.1.2023) Mord von Illerkirchberg: Blick in die Augen der Familie (16.12.2022) Schülerinnen Ulm &#8211; Messermord (7.12.2022) Aleviten Deutschtürken Fluechtlinke-Kriminalitaet Generalverdacht Messerstecher Schulen-Gewalt Chemnitz-Messermord Dreisam-Mord durch 17-jährigen Hussein Kandel-Bluttat-27-12-2017 &hellip; <a href="https://www.freiburg-schwarzwald.de/blog/global/integration/illerkirchberg-messermord05-12-2022/">Weiterlesen <span class="meta-nav">&rarr;</span></a></p>
