{"id":106698,"date":"2022-11-29T19:10:37","date_gmt":"2022-11-29T18:10:37","guid":{"rendered":"https:\/\/www.freiburg-schwarzwald.de\/blog\/?page_id=106698"},"modified":"2022-11-29T19:37:23","modified_gmt":"2022-11-29T18:37:23","slug":"brandstiftung","status":"publish","type":"page","link":"https:\/\/www.freiburg-schwarzwald.de\/blog\/selbsthilfe\/krise\/gewalt\/brandstiftung\/","title":{"rendered":"Brandstiftung"},"content":{"rendered":"<p><a href=\"https:\/\/www.freiburg-schwarzwald.de\/blog\">Home<\/a>\u00a0&gt;<a title=\"Selbsthilfe\" href=\"https:\/\/www.freiburg-schwarzwald.de\/blog\/selbsthilfe\/\">Selbsthilfe<\/a>\u00a0&gt;<a title=\"Krise\" href=\"https:\/\/www.freiburg-schwarzwald.de\/blog\/selbsthilfe\/krise\/\">Krise<\/a>\u00a0&gt;<a title=\"Gewalt\" href=\"https:\/\/www.freiburg-schwarzwald.de\/blog\/selbsthilfe\/krise\/gewalt\/\">Gewalt<\/a>\u00a0&gt;<a title=\"Polizei\" href=\"https:\/\/www.freiburg-schwarzwald.de\/blog\/selbsthilfe\/soziales\/justiz\/polizei\/\">Polizei<\/a> &gt;<a href=\"https:\/\/www.freiburg-schwarzwald.de\/blog\/selbsthilfe\/krise\/gewalt\/kriminalitaet\/\">Kriminalitaet<\/a> &gt;Brandstitung<\/p>\n<div id=\"attachment_106700\" style=\"width: 650px\" class=\"wp-caption alignnone\"><a href=\"https:\/\/www.freiburg-schwarzwald.de\/blog\/wp-content\/uploads\/2022\/11\/brandstitung-wismar-faeser-pan2210.jpg\"><img loading=\"lazy\" decoding=\"async\" aria-describedby=\"caption-attachment-106700\" class=\"size-full wp-image-106700\" src=\"https:\/\/www.freiburg-schwarzwald.de\/blog\/wp-content\/uploads\/2022\/11\/brandstitung-wismar-faeser-pan2210.jpg\" alt=\"\" width=\"640\" height=\"456\" srcset=\"https:\/\/www.freiburg-schwarzwald.de\/blog\/wp-content\/uploads\/2022\/11\/brandstitung-wismar-faeser-pan2210.jpg 640w, https:\/\/www.freiburg-schwarzwald.de\/blog\/wp-content\/uploads\/2022\/11\/brandstitung-wismar-faeser-pan2210-180x128.jpg 180w\" sizes=\"auto, (max-width: 640px) 100vw, 640px\" \/><\/a><p id=\"caption-attachment-106700\" class=\"wp-caption-text\">Brandstiftung bei Wismar 10\/2022 durch einen Feuerwehrmann: Nancy Faeser vorort<\/p><\/div>\n<ul>\n<li>Brandstiftung in Asylunterkunft Wismar: Pyromanisch statt politisch? (25.11.2022)<\/li>\n<li><a href=\"https:\/\/www.freiburg-schwarzwald.de\/blog\/macheten-mord-ludwigshafen\/\">Macheten-Mord Ludwigshafen &#8211; Faeser schweigt<\/a>\u00a0(20.10.2022)<\/li>\n<li><a href=\"https:\/\/www.freiburg-schwarzwald.de\/blog\/kultur\/medien\/vorverurteilung\/\">Syrer gesteht Brandlegung im Fl\u00fcchtlingsheim mit Hakenkreuz-Schmiererei<\/a> (10.4.2016)<\/li>\n<li><\/li>\n<li><a href=\"https:\/\/www.freiburg-schwarzwald.de\/blog\/global\/integration\/asyl\/\">Asyl<\/a><\/li>\n<li><a href=\"https:\/\/www.freiburg-schwarzwald.de\/blog\/engagement\/zukunft\/demokratie\/extremismus\/\">Extremismus<\/a><\/li>\n<li><a href=\"https:\/\/www.freiburg-schwarzwald.de\/blog\/global\/migration\/migration-maenner\/\">Migration-M\u00e4nner<\/a><\/li>\n<li><a href=\"https:\/\/www.freiburg-schwarzwald.de\/blog\/kultur\/medien\/vorverurteilung\/\">Vorverurteilung<\/a><\/li>\n<\/ul>\n<p>&nbsp;<\/p>\n<p><strong>Brandstiftung in Asylunterkunft Wismar: Pyromanisch statt politisch?<\/strong><br \/>\nOffenbar keine rassistische Tat: Nach dem Brand einer <a href=\"https:\/\/www.freiburg-schwarzwald.de\/blog\/selbsthilfe\/soziales\/fluechtlingswohnheim\/\">Aslyunterkunft<\/a> bei Wismar nehmen die Ermittler einen Feuerwehrmann fest<\/p>\n<p>Der Fall einer niedergebrannten Unterkunft f\u00fcr ukrainische Fl\u00fcchtlinge hat in der vergangenen Woche eine unerwartete Wendung genommen. Am Donnerstag luden die Staatsanwaltschaft Schwerin, das Polizeipr\u00e4sidium Rostock und die Kriminalpolizeiinspektion Schwerin zu einer gemeinsamen Pressekonferenz. Anla\u00df war die Verhaftung eines 32 Jahre alten Feuerwehrmanns, der dringend tatverd\u00e4chtig ist, das Feuer am 19. Oktober in dem von Ukrainern bewohnten ehemaligen Hotel in Gro\u00df Str\u00f6mkendorf bei Wismar gelegt zu haben. Er war noch vor seinen Kameraden am Ort des Geschehens und hatte sich dann bei seinen Angaben gegen\u00fcber der Polizei in Widerspr\u00fcche verstrickt. Ein politisches Motiv k\u00f6nnen die Ermittler bei ihm nicht erkennen. Vielmehr machen sie ihn f\u00fcr eine Reihe von weiteren Br\u00e4nden in der Gegend verantwortlich.<\/p>\n<p>Ein Feuerteufel also, und kein politischer Extremist. Fall erledigt, k\u00f6nnte man sagen, w\u00e4re der Brand nicht von Anfang an maximal politisch aufgeladen und instrumentalisiert worden. Die Flammen waren noch nicht vollst\u00e4ndig gel\u00f6scht, da eilten Ministerpr\u00e4sidentin Manuela Schwesig und Bundesinnenministerin Nancy Faeser (beide SPD) nach Gro\u00df Str\u00f6mkendorf und k\u00fcndigten die volle H\u00e4rte des Rechtsstaats als Reaktion an. Vor allem Faeser erweckte dabei den Eindruck, es k\u00f6nne sich nur um einen <a href=\"https:\/\/www.freiburg-schwarzwald.de\/blog\/engagement\/zukunft\/demokratie\/extremismus\/\">rechtsextremen<\/a> Anschlag handeln (JF 44\/22).<\/p>\n<p>Auch die Integrationsbeauftragte der Bundesregierung, Reem Alabali-Radovan (SPD), meldete sich zu Wort und zog Parallelen zu den fremdenfeindlichen Ausschreitungen von Rostock-Lichtenhagen 1992. Mit einem Fingerzeig deutete sie an, wem sie eine Mitverantwortung an dem Brand gebe. \u201eMit rassistischen Parolen, den offenen, aber auch den unterschwelligen, abwertenden Bemerkungen gegen\u00fcber Gefl\u00fcchteten wird der N\u00e4hrboden f\u00fcr Brandanschl\u00e4ge wie diesen in Gro\u00df Str\u00f6mkendorf gelegt.\u201c<\/p>\n<p>Wer genau mit dem Vorwurf gemeint war, machte dann die SPD-Vorsitzende Saskia Esken unmi\u00dfverst\u00e4ndlich klar: CDU-Chef Friedrich Merz. Der hatte kurz zuvor mit Blick auf ukrainische Fl\u00fcchtlinge vor Sozialtourismus gewarnt, war aber nach Kritik rasch zur\u00fcckgerudert und hatte sich entschuldigt. Das hinderte Esken aber nicht daran, Merz in der Rheinischen Post vorzuhalten, wer Kriegsfl\u00fcchtlinge als Sozialtouristen verleumde, \u201eder mu\u00df sich fragen lassen, welchen Anteil er hat an Ha\u00df und Hetze, die sp\u00e4ter in Gewalt m\u00fcndet\u201c. Und weiter: \u201eDie Einlassungen der letzten Zeit zur Aufnahme von Schutzsuchenden in Deutschland sind verantwortungslos \u2013 und sie bereiten den Boden nicht nur f\u00fcr gesellschaftliche Spaltung, sondern letztlich auch f\u00fcr solch kriminelle Taten.\u201c Ins gleiche Horn blies der Gr\u00fcnen-Bundestagsabgeordnete Johannes Wagner: AfD und Union tr\u00fcgen mit ihren Aussagen zu \u201eSozialtourismus\u201c eine Mitverantwortung an der mutma\u00dflichen Brandstiftung, behauptete er auf Twitter.<\/p>\n<p>Um so auffallend stiller waren die vorschnellen Ankl\u00e4ger, nachdem sich der vermeintlich rechtextreme Brandanschlag nun als mutma\u00dfliches Werk eines pyromanisch veranlagten Feuerwehrmanns entpuppte. Zwar forderten CDU und AfD eine Entschuldigung, doch sowohl Esken als auch Alabali-Radovan und Faeser zogen es vor, zu schweigen. AfD-Landeschef Leif-Erik Holm kritisierte, zu viele h\u00e4tten \u201eaufgrund des eigenen Kopfkinos voreilige Schl\u00fcsse gezogen\u201c. Auch Faeser h\u00e4tte es gut zu Gesicht gestanden, erst einmal abzuwarten. Und CDU-Landesgeneralsekret\u00e4r Daniel Peters unterstrich: \u201eDen Nazi-Anschlag hat es nicht gegeben.\u201c Esken m\u00fcsse Merz \u00f6ffentlich um Verzeihung bitten, das w\u00e4re das mindeste. Doch das Willy-Brandt-Haus lehnte auf Anfrage des NDR eine Stellungnahme ab.<\/p>\n<p>Linkspartei und Gr\u00fcne hingegen wollen sich vom Gedanken einer politischen Tat noch immer nicht verabschieden. Man d\u00fcrfe ein m\u00f6gliches rassistisches Motiv des verhafteten Feuerwehrmanns nicht voreilig ausschlie\u00dfen, mahnte der Linken-Landtagsabgeordnete Michael Noetzel. M\u00f6glicherweise habe dieser in der Vergangenheit an rechtsgerichteten Demonstrationen teilgenommen. Das m\u00fcsse nun gepr\u00fcft werden. \u00c4hnlich \u00e4u\u00dferte sich auch der Gr\u00fcnen-Landesvorsitzende Ole Kr\u00fcger: \u201eDer mutma\u00dfliche T\u00e4ter wu\u00dfte, wer sich in dem Haus befindet\u201c und habe die Bewohner in Lebensgefahr gebracht. \u201eSo wird aus einer Brandstiftung ein Brandanschlag.\u201c<br \/>\n&#8230; Alles vom 25.11.2022 von Hannes Beifang bitte lesen in der JF 48\/22, Seite 4<\/p>\n","protected":false},"excerpt":{"rendered":"<p>Home\u00a0&gt;Selbsthilfe\u00a0&gt;Krise\u00a0&gt;Gewalt\u00a0&gt;Polizei &gt;Kriminalitaet &gt;Brandstitung Brandstiftung in Asylunterkunft Wismar: Pyromanisch statt politisch? (25.11.2022) Macheten-Mord Ludwigshafen &#8211; Faeser schweigt\u00a0(20.10.2022) Syrer gesteht Brandlegung im Fl\u00fcchtlingsheim mit Hakenkreuz-Schmiererei (10.4.2016) Asyl Extremismus Migration-M\u00e4nner Vorverurteilung &nbsp; Brandstiftung in Asylunterkunft Wismar: Pyromanisch statt politisch? Offenbar keine rassistische Tat: &hellip; <a href=\"https:\/\/www.freiburg-schwarzwald.de\/blog\/selbsthilfe\/krise\/gewalt\/brandstiftung\/\">Weiterlesen <span class=\"meta-nav\">&rarr;<\/span><\/a><\/p>\n","protected":false},"author":2,"featured_media":0,"parent":8837,"menu_order":0,"comment_status":"closed","ping_status":"closed","template":"","meta":{"footnotes":""},"class_list":["post-106698","page","type-page","status-publish","hentry"],"_links":{"self":[{"href":"https:\/\/www.freiburg-schwarzwald.de\/blog\/wp-json\/wp\/v2\/pages\/106698","targetHints":{"allow":["GET"]}}],"collection":[{"href":"https:\/\/www.freiburg-schwarzwald.de\/blog\/wp-json\/wp\/v2\/pages"}],"about":[{"href":"https:\/\/www.freiburg-schwarzwald.de\/blog\/wp-json\/wp\/v2\/types\/page"}],"author":[{"embeddable":true,"href":"https:\/\/www.freiburg-schwarzwald.de\/blog\/wp-json\/wp\/v2\/users\/2"}],"replies":[{"embeddable":true,"href":"https:\/\/www.freiburg-schwarzwald.de\/blog\/wp-json\/wp\/v2\/comments?post=106698"}],"version-history":[{"count":5,"href":"https:\/\/www.freiburg-schwarzwald.de\/blog\/wp-json\/wp\/v2\/pages\/106698\/revisions"}],"predecessor-version":[{"id":106711,"href":"https:\/\/www.freiburg-schwarzwald.de\/blog\/wp-json\/wp\/v2\/pages\/106698\/revisions\/106711"}],"up":[{"embeddable":true,"href":"https:\/\/www.freiburg-schwarzwald.de\/blog\/wp-json\/wp\/v2\/pages\/8837"}],"wp:attachment":[{"href":"https:\/\/www.freiburg-schwarzwald.de\/blog\/wp-json\/wp\/v2\/media?parent=106698"}],"curies":[{"name":"wp","href":"https:\/\/api.w.org\/{rel}","templated":true}]}}

<p><a href="https://www.freiburg-schwarzwald.de/blog">Home</a> &gt;<a title="Selbsthilfe" href="https://www.freiburg-schwarzwald.de/blog/selbsthilfe/">Selbsthilfe</a> &gt;<a title="Krise" href="https://www.freiburg-schwarzwald.de/blog/selbsthilfe/krise/">Krise</a> &gt;<a title="Gewalt" href="https://www.freiburg-schwarzwald.de/blog/selbsthilfe/krise/gewalt/">Gewalt</a> &gt;<a title="Polizei" href="https://www.freiburg-schwarzwald.de/blog/selbsthilfe/soziales/justiz/polizei/">Polizei</a> &gt;<a href="https://www.freiburg-schwarzwald.de/blog/selbsthilfe/krise/gewalt/kriminalitaet/">Kriminalitaet</a> &gt;Brandstitung</p>
<div id="attachment_106700" style="width: 650px" class="wp-caption alignnone"><a href="https://www.freiburg-schwarzwald.de/blog/wp-content/uploads/2022/11/brandstitung-wismar-faeser-pan2210.jpg"><img loading="lazy" decoding="async" aria-describedby="caption-attachment-106700" class="size-full wp-image-106700" src="https://www.freiburg-schwarzwald.de/blog/wp-content/uploads/2022/11/brandstitung-wismar-faeser-pan2210.jpg" alt="" width="640" height="456" srcset="https://www.freiburg-schwarzwald.de/blog/wp-content/uploads/2022/11/brandstitung-wismar-faeser-pan2210.jpg 640w, https://www.freiburg-schwarzwald.de/blog/wp-content/uploads/2022/11/brandstitung-wismar-faeser-pan2210-180x128.jpg 180w" sizes="auto, (max-width: 640px) 100vw, 640px" /></a><p id="caption-attachment-106700" class="wp-caption-text">Brandstiftung bei Wismar 10/2022 durch einen Feuerwehrmann: Nancy Faeser vorort</p></div>
<ul>
<li>Brandstiftung in Asylunterkunft Wismar: Pyromanisch statt politisch? (25.11.2022)</li>
<li><a href="https://www.freiburg-schwarzwald.de/blog/macheten-mord-ludwigshafen/">Macheten-Mord Ludwigshafen &#8211; Faeser schweigt</a> (20.10.2022)</li>
<li><a href="https://www.freiburg-schwarzwald.de/blog/kultur/medien/vorverurteilung/">Syrer gesteht Brandlegung im Flüchtlingsheim mit Hakenkreuz-Schmiererei</a> (10.4.2016)</li>
<li></li>
<li><a href="https://www.freiburg-schwarzwald.de/blog/global/integration/asyl/">Asyl</a></li>
<li><a href="https://www.freiburg-schwarzwald.de/blog/engagement/zukunft/demokratie/extremismus/">Extremismus</a></li>
<li><a href="https://www.freiburg-schwarzwald.de/blog/global/migration/migration-maenner/">Migration-Männer</a></li>
<li><a href="https://www.freiburg-schwarzwald.de/blog/kultur/medien/vorverurteilung/">Vorverurteilung</a></li>
</ul>
<p>&nbsp;</p>
<p><strong>Brandstiftung in Asylunterkunft Wismar: Pyromanisch statt politisch?</strong><br />
Offenbar keine rassistische Tat: Nach dem Brand einer <a href="https://www.freiburg-schwarzwald.de/blog/selbsthilfe/soziales/fluechtlingswohnheim/">Aslyunterkunft</a> bei Wismar nehmen die Ermittler einen Feuerwehrmann fest</p>
<p>Der Fall einer niedergebrannten Unterkunft für ukrainische Flüchtlinge hat in der vergangenen Woche eine unerwartete Wendung genommen. Am Donnerstag luden die Staatsanwaltschaft Schwerin, das Polizeipräsidium Rostock und die Kriminalpolizeiinspektion Schwerin zu einer gemeinsamen Pressekonferenz. Anlaß war die Verhaftung eines 32 Jahre alten Feuerwehrmanns, der dringend tatverdächtig ist, das Feuer am 19. Oktober in dem von Ukrainern bewohnten ehemaligen Hotel in Groß Strömkendorf bei Wismar gelegt zu haben. Er war noch vor seinen Kameraden am Ort des Geschehens und hatte sich dann bei seinen Angaben gegenüber der Polizei in Widersprüche verstrickt. Ein politisches Motiv können die Ermittler bei ihm nicht erkennen. Vielmehr machen sie ihn für eine Reihe von weiteren Bränden in der Gegend verantwortlich.</p>
<p>Ein Feuerteufel also, und kein politischer Extremist. Fall erledigt, könnte man sagen, wäre der Brand nicht von Anfang an maximal politisch aufgeladen und instrumentalisiert worden. Die Flammen waren noch nicht vollständig gelöscht, da eilten Ministerpräsidentin Manuela Schwesig und Bundesinnenministerin Nancy Faeser (beide SPD) nach Groß Strömkendorf und kündigten die volle Härte des Rechtsstaats als Reaktion an. Vor allem Faeser erweckte dabei den Eindruck, es könne sich nur um einen <a href="https://www.freiburg-schwarzwald.de/blog/engagement/zukunft/demokratie/extremismus/">rechtsextremen</a> Anschlag handeln (JF 44/22).</p>
<p>Auch die Integrationsbeauftragte der Bundesregierung, Reem Alabali-Radovan (SPD), meldete sich zu Wort und zog Parallelen zu den fremdenfeindlichen Ausschreitungen von Rostock-Lichtenhagen 1992. Mit einem Fingerzeig deutete sie an, wem sie eine Mitverantwortung an dem Brand gebe. „Mit rassistischen Parolen, den offenen, aber auch den unterschwelligen, abwertenden Bemerkungen gegenüber Geflüchteten wird der Nährboden für Brandanschläge wie diesen in Groß Strömkendorf gelegt.“</p>
<p>Wer genau mit dem Vorwurf gemeint war, machte dann die SPD-Vorsitzende Saskia Esken unmißverständlich klar: CDU-Chef Friedrich Merz. Der hatte kurz zuvor mit Blick auf ukrainische Flüchtlinge vor Sozialtourismus gewarnt, war aber nach Kritik rasch zurückgerudert und hatte sich entschuldigt. Das hinderte Esken aber nicht daran, Merz in der Rheinischen Post vorzuhalten, wer Kriegsflüchtlinge als Sozialtouristen verleumde, „der muß sich fragen lassen, welchen Anteil er hat an Haß und Hetze, die später in Gewalt mündet“. Und weiter: „Die Einlassungen der letzten Zeit zur Aufnahme von Schutzsuchenden in Deutschland sind verantwortungslos – und sie bereiten den Boden nicht nur für gesellschaftliche Spaltung, sondern letztlich auch für solch kriminelle Taten.“ Ins gleiche Horn blies der Grünen-Bundestagsabgeordnete Johannes Wagner: AfD und Union trügen mit ihren Aussagen zu „Sozialtourismus“ eine Mitverantwortung an der mutmaßlichen Brandstiftung, behauptete er auf Twitter.</p>
<p>Um so auffallend stiller waren die vorschnellen Ankläger, nachdem sich der vermeintlich rechtextreme Brandanschlag nun als mutmaßliches Werk eines pyromanisch veranlagten Feuerwehrmanns entpuppte. Zwar forderten CDU und AfD eine Entschuldigung, doch sowohl Esken als auch Alabali-Radovan und Faeser zogen es vor, zu schweigen. AfD-Landeschef Leif-Erik Holm kritisierte, zu viele hätten „aufgrund des eigenen Kopfkinos voreilige Schlüsse gezogen“. Auch Faeser hätte es gut zu Gesicht gestanden, erst einmal abzuwarten. Und CDU-Landesgeneralsekretär Daniel Peters unterstrich: „Den Nazi-Anschlag hat es nicht gegeben.“ Esken müsse Merz öffentlich um Verzeihung bitten, das wäre das mindeste. Doch das Willy-Brandt-Haus lehnte auf Anfrage des NDR eine Stellungnahme ab.</p>
<p>Linkspartei und Grüne hingegen wollen sich vom Gedanken einer politischen Tat noch immer nicht verabschieden. Man dürfe ein mögliches rassistisches Motiv des verhafteten Feuerwehrmanns nicht voreilig ausschließen, mahnte der Linken-Landtagsabgeordnete Michael Noetzel. Möglicherweise habe dieser in der Vergangenheit an rechtsgerichteten Demonstrationen teilgenommen. Das müsse nun geprüft werden. Ähnlich äußerte sich auch der Grünen-Landesvorsitzende Ole Krüger: „Der mutmaßliche Täter wußte, wer sich in dem Haus befindet“ und habe die Bewohner in Lebensgefahr gebracht. „So wird aus einer Brandstiftung ein Brandanschlag.“<br />
&#8230; Alles vom 25.11.2022 von Hannes Beifang bitte lesen in der JF 48/22, Seite 4</p>

<p>Home &gt;Selbsthilfe &gt;Krise &gt;Gewalt &gt;Polizei &gt;Kriminalitaet &gt;Brandstitung Brandstiftung in Asylunterkunft Wismar: Pyromanisch statt politisch? (25.11.2022) Macheten-Mord Ludwigshafen &#8211; Faeser schweigt (20.10.2022) Syrer gesteht Brandlegung im Flüchtlingsheim mit Hakenkreuz-Schmiererei (10.4.2016) Asyl Extremismus Migration-Männer Vorverurteilung &nbsp; Brandstiftung in Asylunterkunft Wismar: Pyromanisch statt politisch? Offenbar keine rassistische Tat: &hellip; <a href="https://www.freiburg-schwarzwald.de/blog/selbsthilfe/krise/gewalt/brandstiftung/">Weiterlesen <span class="meta-nav">&rarr;</span></a></p>
