{"id":106519,"date":"2022-11-22T18:42:14","date_gmt":"2022-11-22T17:42:14","guid":{"rendered":"https:\/\/www.freiburg-schwarzwald.de\/blog\/?page_id=106519"},"modified":"2022-11-22T18:48:44","modified_gmt":"2022-11-22T17:48:44","slug":"desantis","status":"publish","type":"page","link":"https:\/\/www.freiburg-schwarzwald.de\/blog\/global\/usa\/desantis\/","title":{"rendered":"DeSantis"},"content":{"rendered":"<p>Home &gt;<a title=\"\u00b4Global\" href=\"https:\/\/www.freiburg-schwarzwald.de\/blog\/global\/\">Global<\/a> &gt;<a title=\"USA\" href=\"https:\/\/www.freiburg-schwarzwald.de\/blog\/global\/usa\/\">USA<\/a> &gt;<a href=\"https:\/\/www.freiburg-schwarzwald.de\/blog\/global\/usa\/biden\/\">Biden<\/a> &gt;DeSantis<\/p>\n<div id=\"attachment_102162\" style=\"width: 649px\" class=\"wp-caption alignnone\"><a href=\"https:\/\/www.freiburg-schwarzwald.de\/blog\/wp-content\/uploads\/2022\/07\/trachten-g7gipfel-elmau220625pan.jpg\"><img loading=\"lazy\" decoding=\"async\" aria-describedby=\"caption-attachment-102162\" class=\"size-full wp-image-102162\" src=\"https:\/\/www.freiburg-schwarzwald.de\/blog\/wp-content\/uploads\/2022\/07\/trachten-g7gipfel-elmau220625pan.jpg\" alt=\"\" width=\"639\" height=\"322\" srcset=\"https:\/\/www.freiburg-schwarzwald.de\/blog\/wp-content\/uploads\/2022\/07\/trachten-g7gipfel-elmau220625pan.jpg 639w, https:\/\/www.freiburg-schwarzwald.de\/blog\/wp-content\/uploads\/2022\/07\/trachten-g7gipfel-elmau220625pan-180x91.jpg 180w\" sizes=\"auto, (max-width: 639px) 100vw, 639px\" \/><\/a><p id=\"caption-attachment-102162\" class=\"wp-caption-text\">G7-Treffen in Elmau am 25.6.2022: Trachten als billiges Vorzeige-Accessoir<\/p><\/div>\n<ul>\n<li>Ron DeSantis: Der Rivale von Donald Trump (18.11.2022)<\/li>\n<\/ul>\n<ul>\n<li><a href=\"https:\/\/www.freiburg-schwarzwald.de\/blog\/global\/usa\/biden\/\">Biden<\/a><\/li>\n<li><a title=\"Freihandelsabkommen\" href=\"https:\/\/www.freiburg-schwarzwald.de\/blog\/global\/eu\/freihandelsabkommen\/\">Freihandelsabkommen TTIP<\/a><\/li>\n<li><a title=\"IWF\" href=\"https:\/\/www.freiburg-schwarzwald.de\/blog\/global\/finanzsystem\/iwf\/\">IWF<\/a><\/li>\n<li><a href=\"https:\/\/www.freiburg-schwarzwald.de\/blog\/global\/kanada\/\">Kanada<\/a><\/li>\n<li><a href=\"https:\/\/www.freiburg-schwarzwald.de\/blog\/engagement\/buergerinitiativen\/demo\/trucker\/\">Trucker<\/a><\/li>\n<li><a title=\"Trump\" href=\"https:\/\/www.freiburg-schwarzwald.de\/blog\/global\/usa\/trump\/\">Trump<\/a><\/li>\n<li><a href=\"https:\/\/www.freiburg-schwarzwald.de\/blog\/global\/usa\/us-geopolitik\/\">US-Geopolitik<\/a><\/li>\n<\/ul>\n<p>&nbsp;<\/p>\n<p><strong>Ron DeSantis: Der Rivale von Donald Trump<\/strong><br \/>\nSticht der Sieger der US-Zwischenwahlen aus Florida Donald Trump als F\u00fchrer der Republikaner aus?<br \/>\nEin Erdrutschsieg der Republikaner bei den US-Zwischenwahlen sollte ihm den Weg bereiten: Als Anf\u00fchrer im Lager der Republikaner wollte Donald Trump seinen Anspruch auf eine weitere Kandidatur f\u00fcr die Pr\u00e4sidentschaftswahl 2024 verk\u00fcnden. Doch die \u201erote Welle\u201c blieb aus, und nun steht statt Trump pl\u00f6tzlich ein anderer als Sieger \u2013 und vielleicht neuer Anf\u00fchrer der Republikaner \u2013 da: Ronald Dion \u201eRon\u201c DeSantis, Gouverneur von Florida. Noch 2018 war er beinahe an seinem demokratischen Konkurrenten gescheitert, nun aber lie\u00df er diesen mit zwanzig Prozent Vorsprung hinter sich, womit ihm bei den Wahlen 2022 der gro\u00dfe Sieg im Lager der Republikaner gelungen ist. W\u00e4hrend der Umstand, da\u00df Florida \u00fcber Jahrzehnte mal zur einen, mal zur anderen Seite des politischen Spektrums tendierte, seinen Erfolg noch beeindruckender macht.<br \/>\nDer Mittvierziger italienischer Abstammung aus Jacksonville hat eine beeindruckende Karriere hinter sich. Nach einer soliden Schulbildung an einer katholischen High School besuchte der begeisterte Basketballsportler eine der renommiertesten Universit\u00e4ten des Landes. In Yale studierte er Geschichte und nach einigen Monaten als Lehrer au\u00dferdem in Harvard Jura. Ein Erfolg, zu dem ohne Zweifel auch das System der milit\u00e4rischen Studienf\u00f6rderung beitrug, denn DeSantis verpflichtete sich w\u00e4hrend seiner Studienzeit zum mehrj\u00e4hrigen Dienst in den Streitkr\u00e4ften und arbeitete im rechtswissenschaftlichen Dienst der Marine, bis er 2010 seinen Abschied nahm. Bis heute aber ist er Teil der Milit\u00e4r-Reserve, worauf er besonders stolz ist.<br \/>\nIn einem Land, das K\u00e4mpfer sch\u00e4tzt, stehen DeSantis viele T\u00fcren offen \u2013 vielleicht sogar die ins Wei\u00dfe Haus.<br \/>\nWenige Jahre sp\u00e4ter, 2012, gelang De\u00adSantis der Einzug ins US-Repr\u00e4sentantenhaus und 2018 der Sprung ins Amt des Gouverneurs von Florida \u2013 als einer der j\u00fcngsten Amtsinhaber der US-Geschichte. Doch auch wenn f\u00fcr ihn die Zeichen auf Sieg stehen, hat er auch mit Nachteilen zu k\u00e4mpfen. Denn w\u00e4hrend seinem Rivalen Trump oft ein instinktives Verst\u00e4ndnis des amerikanischen Durchschnittsw\u00e4hlers aus der Arbeiterklasse bescheinigt wird, empfinden viele DeSantis als \u201ekalt\u201c oder \u201eberechnend\u201c. Die langen Jahre an Eliteuniversit\u00e4ten h\u00e4tten ihn zu einem \u201eseelenlosen Apparatschik\u201c gemacht, wie intime Kenner der republikanischen Partei im vertraulichen Gespr\u00e4ch in Washington gegen\u00fcber der JF erz\u00e4hlen.<br \/>\nAber auch seine Kritiker m\u00fcssen DeSantis zugestehen, da\u00df er vieles richtig macht. So hat er in Florida eine Reihe Gesetze durchgesetzt, die sich gegen die woke Ideologie richten, darunter eines gegen die Fr\u00fchsexualisierung von Kindern, ein anderes gegen die \u201eCritical Race Theory\u201c an Schulen. Denn junge Amerikaner, so DeSantis, sollten nicht zum \u201eSelbstha\u00df\u201c erzogen werden. F\u00fcr Aufmerksamkeit sorgte auch seine Aktion, kurz vor der Wahl unangek\u00fcndigt Dutzende Einwanderer nach Martha\u2019s Vineyard, einer von prominenten Demokraten gern besuchten Urlaubsinsel, fliegen zu lassen, um diese mit den Folgen ihrer Einwanderungspolitik zu konfrontieren.<\/p>\n<p>Da\u00df der Mann mit dem \u201eEisblick\u201c, den ihm ein ehemaliger Berater Trumps bescheinigt, den Kulturkampf nicht scheut, macht ihm viele Trump-Anh\u00e4nger zu Freunden. In einem Land, das immer schon ein Herz f\u00fcr K\u00e4mpfernaturen hatte, stehen DeSantis damit viele T\u00fcren offen. Vielleicht sogar die ins Wei\u00dfe Haus.<br \/>\n&#8230; Alles vom 18.11.2022 von J\u00f6rg Sobolewski bitte lesen in der JF 47\/22, Seite 3<\/p>\n","protected":false},"excerpt":{"rendered":"<p>Home &gt;Global &gt;USA &gt;Biden &gt;DeSantis Ron DeSantis: Der Rivale von Donald Trump (18.11.2022) Biden Freihandelsabkommen TTIP IWF Kanada Trucker Trump US-Geopolitik &nbsp; Ron DeSantis: Der Rivale von Donald Trump Sticht der Sieger der US-Zwischenwahlen aus Florida Donald Trump als F\u00fchrer &hellip; <a href=\"https:\/\/www.freiburg-schwarzwald.de\/blog\/global\/usa\/desantis\/\">Weiterlesen <span class=\"meta-nav\">&rarr;<\/span><\/a><\/p>\n","protected":false},"author":2,"featured_media":0,"parent":14947,"menu_order":0,"comment_status":"closed","ping_status":"closed","template":"","meta":{"footnotes":""},"class_list":["post-106519","page","type-page","status-publish","hentry"],"_links":{"self":[{"href":"https:\/\/www.freiburg-schwarzwald.de\/blog\/wp-json\/wp\/v2\/pages\/106519","targetHints":{"allow":["GET"]}}],"collection":[{"href":"https:\/\/www.freiburg-schwarzwald.de\/blog\/wp-json\/wp\/v2\/pages"}],"about":[{"href":"https:\/\/www.freiburg-schwarzwald.de\/blog\/wp-json\/wp\/v2\/types\/page"}],"author":[{"embeddable":true,"href":"https:\/\/www.freiburg-schwarzwald.de\/blog\/wp-json\/wp\/v2\/users\/2"}],"replies":[{"embeddable":true,"href":"https:\/\/www.freiburg-schwarzwald.de\/blog\/wp-json\/wp\/v2\/comments?post=106519"}],"version-history":[{"count":5,"href":"https:\/\/www.freiburg-schwarzwald.de\/blog\/wp-json\/wp\/v2\/pages\/106519\/revisions"}],"predecessor-version":[{"id":106526,"href":"https:\/\/www.freiburg-schwarzwald.de\/blog\/wp-json\/wp\/v2\/pages\/106519\/revisions\/106526"}],"up":[{"embeddable":true,"href":"https:\/\/www.freiburg-schwarzwald.de\/blog\/wp-json\/wp\/v2\/pages\/14947"}],"wp:attachment":[{"href":"https:\/\/www.freiburg-schwarzwald.de\/blog\/wp-json\/wp\/v2\/media?parent=106519"}],"curies":[{"name":"wp","href":"https:\/\/api.w.org\/{rel}","templated":true}]}}

<p>Home &gt;<a title="´Global" href="https://www.freiburg-schwarzwald.de/blog/global/">Global</a> &gt;<a title="USA" href="https://www.freiburg-schwarzwald.de/blog/global/usa/">USA</a> &gt;<a href="https://www.freiburg-schwarzwald.de/blog/global/usa/biden/">Biden</a> &gt;DeSantis</p>
<div id="attachment_102162" style="width: 649px" class="wp-caption alignnone"><a href="https://www.freiburg-schwarzwald.de/blog/wp-content/uploads/2022/07/trachten-g7gipfel-elmau220625pan.jpg"><img loading="lazy" decoding="async" aria-describedby="caption-attachment-102162" class="size-full wp-image-102162" src="https://www.freiburg-schwarzwald.de/blog/wp-content/uploads/2022/07/trachten-g7gipfel-elmau220625pan.jpg" alt="" width="639" height="322" srcset="https://www.freiburg-schwarzwald.de/blog/wp-content/uploads/2022/07/trachten-g7gipfel-elmau220625pan.jpg 639w, https://www.freiburg-schwarzwald.de/blog/wp-content/uploads/2022/07/trachten-g7gipfel-elmau220625pan-180x91.jpg 180w" sizes="auto, (max-width: 639px) 100vw, 639px" /></a><p id="caption-attachment-102162" class="wp-caption-text">G7-Treffen in Elmau am 25.6.2022: Trachten als billiges Vorzeige-Accessoir</p></div>
<ul>
<li>Ron DeSantis: Der Rivale von Donald Trump (18.11.2022)</li>
</ul>
<ul>
<li><a href="https://www.freiburg-schwarzwald.de/blog/global/usa/biden/">Biden</a></li>
<li><a title="Freihandelsabkommen" href="https://www.freiburg-schwarzwald.de/blog/global/eu/freihandelsabkommen/">Freihandelsabkommen TTIP</a></li>
<li><a title="IWF" href="https://www.freiburg-schwarzwald.de/blog/global/finanzsystem/iwf/">IWF</a></li>
<li><a href="https://www.freiburg-schwarzwald.de/blog/global/kanada/">Kanada</a></li>
<li><a href="https://www.freiburg-schwarzwald.de/blog/engagement/buergerinitiativen/demo/trucker/">Trucker</a></li>
<li><a title="Trump" href="https://www.freiburg-schwarzwald.de/blog/global/usa/trump/">Trump</a></li>
<li><a href="https://www.freiburg-schwarzwald.de/blog/global/usa/us-geopolitik/">US-Geopolitik</a></li>
</ul>
<p>&nbsp;</p>
<p><strong>Ron DeSantis: Der Rivale von Donald Trump</strong><br />
Sticht der Sieger der US-Zwischenwahlen aus Florida Donald Trump als Führer der Republikaner aus?<br />
Ein Erdrutschsieg der Republikaner bei den US-Zwischenwahlen sollte ihm den Weg bereiten: Als Anführer im Lager der Republikaner wollte Donald Trump seinen Anspruch auf eine weitere Kandidatur für die Präsidentschaftswahl 2024 verkünden. Doch die „rote Welle“ blieb aus, und nun steht statt Trump plötzlich ein anderer als Sieger – und vielleicht neuer Anführer der Republikaner – da: Ronald Dion „Ron“ DeSantis, Gouverneur von Florida. Noch 2018 war er beinahe an seinem demokratischen Konkurrenten gescheitert, nun aber ließ er diesen mit zwanzig Prozent Vorsprung hinter sich, womit ihm bei den Wahlen 2022 der große Sieg im Lager der Republikaner gelungen ist. Während der Umstand, daß Florida über Jahrzehnte mal zur einen, mal zur anderen Seite des politischen Spektrums tendierte, seinen Erfolg noch beeindruckender macht.<br />
Der Mittvierziger italienischer Abstammung aus Jacksonville hat eine beeindruckende Karriere hinter sich. Nach einer soliden Schulbildung an einer katholischen High School besuchte der begeisterte Basketballsportler eine der renommiertesten Universitäten des Landes. In Yale studierte er Geschichte und nach einigen Monaten als Lehrer außerdem in Harvard Jura. Ein Erfolg, zu dem ohne Zweifel auch das System der militärischen Studienförderung beitrug, denn DeSantis verpflichtete sich während seiner Studienzeit zum mehrjährigen Dienst in den Streitkräften und arbeitete im rechtswissenschaftlichen Dienst der Marine, bis er 2010 seinen Abschied nahm. Bis heute aber ist er Teil der Militär-Reserve, worauf er besonders stolz ist.<br />
In einem Land, das Kämpfer schätzt, stehen DeSantis viele Türen offen – vielleicht sogar die ins Weiße Haus.<br />
Wenige Jahre später, 2012, gelang De­Santis der Einzug ins US-Repräsentantenhaus und 2018 der Sprung ins Amt des Gouverneurs von Florida – als einer der jüngsten Amtsinhaber der US-Geschichte. Doch auch wenn für ihn die Zeichen auf Sieg stehen, hat er auch mit Nachteilen zu kämpfen. Denn während seinem Rivalen Trump oft ein instinktives Verständnis des amerikanischen Durchschnittswählers aus der Arbeiterklasse bescheinigt wird, empfinden viele DeSantis als „kalt“ oder „berechnend“. Die langen Jahre an Eliteuniversitäten hätten ihn zu einem „seelenlosen Apparatschik“ gemacht, wie intime Kenner der republikanischen Partei im vertraulichen Gespräch in Washington gegenüber der JF erzählen.<br />
Aber auch seine Kritiker müssen DeSantis zugestehen, daß er vieles richtig macht. So hat er in Florida eine Reihe Gesetze durchgesetzt, die sich gegen die woke Ideologie richten, darunter eines gegen die Frühsexualisierung von Kindern, ein anderes gegen die „Critical Race Theory“ an Schulen. Denn junge Amerikaner, so DeSantis, sollten nicht zum „Selbsthaß“ erzogen werden. Für Aufmerksamkeit sorgte auch seine Aktion, kurz vor der Wahl unangekündigt Dutzende Einwanderer nach Martha’s Vineyard, einer von prominenten Demokraten gern besuchten Urlaubsinsel, fliegen zu lassen, um diese mit den Folgen ihrer Einwanderungspolitik zu konfrontieren.</p>
<p>Daß der Mann mit dem „Eisblick“, den ihm ein ehemaliger Berater Trumps bescheinigt, den Kulturkampf nicht scheut, macht ihm viele Trump-Anhänger zu Freunden. In einem Land, das immer schon ein Herz für Kämpfernaturen hatte, stehen DeSantis damit viele Türen offen. Vielleicht sogar die ins Weiße Haus.<br />
&#8230; Alles vom 18.11.2022 von Jörg Sobolewski bitte lesen in der JF 47/22, Seite 3</p>

<p>Home &gt;Global &gt;USA &gt;Biden &gt;DeSantis Ron DeSantis: Der Rivale von Donald Trump (18.11.2022) Biden Freihandelsabkommen TTIP IWF Kanada Trucker Trump US-Geopolitik &nbsp; Ron DeSantis: Der Rivale von Donald Trump Sticht der Sieger der US-Zwischenwahlen aus Florida Donald Trump als Führer &hellip; <a href="https://www.freiburg-schwarzwald.de/blog/global/usa/desantis/">Weiterlesen <span class="meta-nav">&rarr;</span></a></p>
