{"id":106353,"date":"2022-11-19T10:33:17","date_gmt":"2022-11-19T09:33:17","guid":{"rendered":"https:\/\/www.freiburg-schwarzwald.de\/blog\/?page_id=106353"},"modified":"2025-10-31T16:31:48","modified_gmt":"2025-10-31T15:31:48","slug":"student","status":"publish","type":"page","link":"https:\/\/www.freiburg-schwarzwald.de\/blog\/bildung\/hochschulen\/universitaet\/student\/","title":{"rendered":"Student"},"content":{"rendered":"<p><a href=\"https:\/\/www.freiburg-schwarzwald.de\/blog\">Home<\/a>\u00a0&gt;<a title=\"Bildung\" href=\"https:\/\/www.freiburg-schwarzwald.de\/blog\/bildung\/\">Bildung<\/a>\u00a0&gt;<a title=\"Hochschulen\" href=\"https:\/\/www.freiburg-schwarzwald.de\/blog\/bildung\/hochschulen\/\">Hochschulen<\/a>\u00a0&gt;<a title=\"Universitaet\" href=\"https:\/\/www.freiburg-schwarzwald.de\/blog\/bildung\/hochschulen\/universitaet\/\">Universitaet<\/a> &gt;Student<\/p>\n<div id=\"attachment_97434\" style=\"width: 594px\" class=\"wp-caption alignnone\"><a href=\"https:\/\/www.freiburg-schwarzwald.de\/blog\/wp-content\/uploads\/2022\/01\/Schweigen-SophieScholl20220111pan.jpg\"><img loading=\"lazy\" decoding=\"async\" aria-describedby=\"caption-attachment-97434\" class=\"size-full wp-image-97434\" src=\"https:\/\/www.freiburg-schwarzwald.de\/blog\/wp-content\/uploads\/2022\/01\/Schweigen-SophieScholl20220111pan.jpg\" alt=\"\" width=\"584\" height=\"298\" srcset=\"https:\/\/www.freiburg-schwarzwald.de\/blog\/wp-content\/uploads\/2022\/01\/Schweigen-SophieScholl20220111pan.jpg 584w, https:\/\/www.freiburg-schwarzwald.de\/blog\/wp-content\/uploads\/2022\/01\/Schweigen-SophieScholl20220111pan-180x92.jpg 180w\" sizes=\"auto, (max-width: 584px) 100vw, 584px\" \/><\/a><p id=\"caption-attachment-97434\" class=\"wp-caption-text\">Schweigende Mehrheit &#8211; Sophie Scholl am 11.1.2022<\/p><\/div>\n<ul>\n<li><em>Listenauswahl eines Beitrags (Artikel\/Datum, Seite\/Inhalt):<span style=\"text-decoration: underline;\"> Klicken<\/span> oder scrollen<\/em><\/li>\n<li>Studentenwohnheime in Freiburg (31.10.2025)<\/li>\n<li><a href=\"https:\/\/www.freiburg-schwarzwald.de\/blog\/business\/dienste\/immobilien\/miete\/\">Neues Studentenwohnheim in Freiburg er\u00f6ffnet \u2013 mit sozialvertr\u00e4glichen Mieten<\/a>\u00a0(30.10.2025)<\/li>\n<li>Studierende: Drei Gruppen (14.5.2025)<\/li>\n<li><a href=\"https:\/\/www.freiburg-schwarzwald.de\/blog\/business\/dienste\/immobilien\/miete\/\">WG-Zimmer f\u00fcr Studierende in Freiburg kosten jetzt mehr als 500 Euro<\/a> (8.10.2024)<\/li>\n<li><a href=\"https:\/\/www.freiburg-schwarzwald.de\/blog\/jsud-und-rcds-gegen-extremismus\/\">JSUD und RCDS gegen Extremismus<\/a>\u00a0(10.2.2024)<\/li>\n<li>Schmarotzerstudenten (17.11.2023)<\/li>\n<li>Energiepauschale 200 Euro f\u00fcr Studenten &#8211; BundID erforderlich (20.2.2023)<\/li>\n<li><a href=\"https:\/\/www.freiburg-schwarzwald.de\/blog\/business\/dienste\/immobilien\/miete\/\">Freiburger Studierende zahlen ab Januar 25 Euro mehr Miete<\/a> (29.11.2022)<\/li>\n<li><a href=\"https:\/\/www.freiburg-schwarzwald.de\/blog\/global\/deutschland\/gesellschaft\/buergerrechte\/\">Warum die Menschen wieder B\u00fcrger sein sollten<\/a>\u00a0(18.11.2022)<\/li>\n<li><a href=\"https:\/\/www.freiburg-schwarzwald.de\/blog\/bildung\/hochschulen\/\">Diskussionsunf\u00e4higkeit an Unis durch Bologna?<\/a> (18.2.2022)<\/li>\n<li>Drohungen gegen ungeimpfte Studenten &#8211; Punkt.PRERADOVIC mit Paul Romey (10.12.2021)<\/li>\n<li>Studenten stehen auf &#8211; STAUF (1.2.2022)<\/li>\n<li><\/li>\n<li><a href=\"https:\/\/www.freiburg-schwarzwald.de\/blog\/business\/gesund\/corona-virus\/corona-grundrechte\/\">Corona-Grundrechte<\/a><\/li>\n<li><a href=\"https:\/\/www.freiburg-schwarzwald.de\/blog\/engagement\/buergerinitiativen\/demos-in-freiburg\/freiseinfreiburg\/\">FreiseinFreiburg<\/a><\/li>\n<li><a href=\"https:\/\/www.freiburg-schwarzwald.de\/blog\/engagement\/buergerinitiativen\/grundrechte-demo\/\">Grundrechte-Demo<\/a><\/li>\n<li><a href=\"https:\/\/www.freiburg-schwarzwald.de\/blog\/kultur\/medien\/kritik\/\">Kritik<\/a><\/li>\n<li><a href=\"https:\/\/www.freiburg-schwarzwald.de\/blog\/business\/dienste\/immobilien\/miete\/\">Miete<\/a><\/li>\n<\/ul>\n<p><strong>Studentenwohnheime in Freiburg<\/strong><br \/>\n<a href=\"https:\/\/www.swfr.de\/wohnen\/wohnheime\/in-freiburg\">https:\/\/www.swfr.de\/wohnen\/wohnheime\/in-freiburg<\/a>,<br \/>\nwohnen@swfr.de<br \/>\nWidierendenwohnheime anderer Tr\u00e4ger in Freiburg<br \/>\n<a href=\"https:\/\/www.st-albanhaus.org\/\">https:\/\/www.st-albanhaus.org\/<\/a><br \/>\n<a href=\"http:\/\/www.collegiumsapientiae.de\/cms\/\">http:\/\/www.collegiumsapientiae.de\/cms\/<\/a><\/p>\n<p>Edith-Stein-Haus<br \/>\n<a href=\"http:\/\/www.collegiumsapientiae.de\/home_06\/esh\/esh.html\">http:\/\/www.collegiumsapientiae.de\/home_06\/esh\/esh.html<\/a><br \/>\n<a href=\"https:\/\/www.thomasmorusburse.de\/\">https:\/\/www.thomasmorusburse.de\/<\/a><br \/>\nStudentenwohnheim AWO Freiburg<br \/>\n<a href=\"https:\/\/www.awo-baden.de\/angebote\">https:\/\/www.awo-baden.de\/angebote<\/a><br \/>\nMargarete Ruckmich Haus<br \/>\n<a href=\"https:\/\/www.kh-freiburg.de\/wohnheim\">https:\/\/www.kh-freiburg.de\/wohnheim<\/a><br \/>\n<a href=\"https:\/\/albertusburse-freiburg.de\/\">https:\/\/albertusburse-freiburg.de\/<\/a><\/p>\n<p>&nbsp;<\/p>\n<p>&nbsp;<\/p>\n<p><strong>Studierende: Drei Gruppen<\/strong><br \/>\n\u201e\u2018Deutschlands Studierende sind faul, lethargisch, handys\u00fcchtig, arrogant, \u00fcbersch\u00e4tzen sich und haben keine Ahnung davon, was der Arbeitsmarkt von ihnen will\u2019. (&#8230;) Ich teile die Studenten in drei Gruppen ein.<br \/>\nDie erste ist hervorragend an der Hochschule angekommen und geh\u00f6rt auch dahin.<br \/>\nBei der zweiten gibt es noch eine Chance, da\u00df sie etwas erreichen.<br \/>\nAuf das letzte Drittel treffen die oben zitierten Worte zu. Diese Studenten geh\u00f6ren einfach nicht an die Hochschule. Und das ist keine Frage der Herkunft oder des finanziellen Backgrounds.<br \/>\nEs gibt hervorragende Studenten aus dem Arbeitermilieu und genauso hervorragende mit reichen Eltern \u2013 und umgekehrt.\u201c<br \/>\nZ\u00fcmr\u00fct G\u00fclbay-Peischard, Juraprofessorin und Autorin des Buches \u201eAkad\u00e4mlich. Warum die angebliche Bildungselite unsere Zukunft verspielt\u201c, in der \u201eWelt\u201c vom 14. Mai 2025<\/p>\n<p>&nbsp;<\/p>\n<p><strong>Schmarotzerstudenten<\/strong><br \/>\nDie BZ meint, dass etwa 7% der Studenten an der Berliner Humboldt-Universit\u00e4t gar nicht studieren, sondern nur f\u00fcr die Vorteile eingeschrieben sind.<br \/>\n<a href=\"https:\/\/www.bz-berlin.de\/berlin\/phantom-studenten-eingeschrieben\">https:\/\/www.bz-berlin.de\/berlin\/phantom-studenten-eingeschrieben<\/a><br \/>\nUnd dann wundert man sich, wo eigentlich die ganzen \u201eStudienabbrecher\u201c in den Parteien herkommen, die xx Semester lang irgendwas studiert haben wollen, \u201eohne Abschluss\u201c. Die machen dann in den Parteien gerade weiter, wenn sie an der Uni rausfliegen, und sitzen dann im Bundestag.<br \/>\n&#8230; alles vom 17.11.2023 bitte lesen auf<br \/>\n<a href=\"https:\/\/www.danisch.de\/blog\/2023\/11\/17\/schmarotzerstudenten\/\">https:\/\/www.danisch.de\/blog\/2023\/11\/17\/schmarotzerstudenten\/<\/a><\/p>\n<p>&nbsp;<\/p>\n<p><strong>Energiepauschale 200 Euro f\u00fcr Studenten &#8211; BundID erforderlich<\/strong><br \/>\n<strong>Regierung zwingt Studenten f\u00fcr ein Energie-Almosen die digitale Identit\u00e4t auf<\/strong><br \/>\nUm irgendwann \u2013 weit versp\u00e4tet \u2013 in den Genuss der 200 Euro Energiekostenhilfe (zur <a href=\"https:\/\/www.freiburg-schwarzwald.de\/blog\/business\/dienste\/immobilien\/miete\/\">Miete<\/a>) f\u00fcr Studenten zu kommen (<a href=\"https:\/\/www.einmalzahlung200.de\">https:\/\/www.einmalzahlung200.de<\/a> ) , m\u00fcssen die Beg\u00fcnstigten erst durch so ziemlich jeden Reifen der Digitalisierung und digitalen Identifizierung springen (BundID). Das Verfahren ist grotesk \u00fcberkompliziert f\u00fcr den kleinen Betrag. Der Weg ist das Ziel f\u00fcr die Regierung; der erzwungene Weg der B\u00fcrger in die digitale Identit\u00e4t.<br \/>\n&#8230; Alles vom 20.2.2023 bitte lesen auf<br \/>\n<a href=\"https:\/\/norberthaering.de\/macht-kontrolle\/bundid\/\">https:\/\/norberthaering.de\/macht-kontrolle\/bundid\/<\/a><\/p>\n<p>&nbsp;<\/p>\n<p><strong>Drohungen gegen ungeimpfte Studenten &#8211; Punkt.PRERADOVIC mit Paul Romey<\/strong><br \/>\nStudenten stehen am Anfang ihres selbstbestimmten Lebens. Aber wer nicht 100 Prozent mitmacht beim Game of Vaxx, steht wom\u00f6glich schon vor dem Ende seiner Laufbahn. Harsche Rektoren-Briefe gegen Ungeimpfte bis zu Rauswurf-Drohungen, wer nicht der Mehrheit folgt, wird ausgegrenzt. Das sagt der T\u00fcbinger Student Paul Romey von der Bewegung \u201eStudenten stehen auf\u201c. Ein Gespr\u00e4ch \u00fcber Mitl\u00e4ufertum, den Wandel der Universit\u00e4t vom Ort des Denkens und der Diskussion zur Schule f\u00fcr den Arbeitsmarkt und \u00fcber tiefgreifende Probleme im gesamten Bildungswesen.<br \/>\nIch w\u00fcrde mich freuen, wenn ihr meine unabh\u00e4ngige journalistische Arbeit unterst\u00fctzt, damit ich auch in Zukunft weitermachen kann. Vielen Dank! Ich m\u00f6chte mich auch ganz herzlich bei allen bedanken, die mich bereits unterst\u00fctzen.<br \/>\n<a href=\"https:\/\/youtu.be\/eAs2JJeaV3s,\">https:\/\/youtu.be\/eAs2JJeaV3s,<\/a><br \/>\n&#8230; Alles vom 10.12.2021 von Milena Preradovic bitte lesen auf<br \/>\n<a href=\"https:\/\/punkt-preradovic.com\/drohungen-gegen-ungeimpfte-studenten-mit-paul-romey\/\">https:\/\/punkt-preradovic.com\/drohungen-gegen-ungeimpfte-studenten-mit-paul-romey\/<\/a><\/p>\n<p><strong>Studenten stehen auf &#8211; STAUF<\/strong><br \/>\n<a href=\"https:\/\/www.stauf.org\">https:\/\/www.stauf.org<\/a><br \/>\n<a href=\"https:\/\/studentenstehenauf.eu\/\">https:\/\/studentenstehenauf.eu\/<\/a><br \/>\n<a href=\"https:\/\/t.me\/Studenten_Stehen_Auf\">https:\/\/t.me\/Studenten_Stehen_Auf<\/a><\/p>\n<p><a href=\"https:\/\/www.stauf.org\/tuebingen\">https:\/\/www.stauf.org\/tuebingen<\/a><br \/>\nstudentenstehenauf@gmx.de<\/p>\n<p><a href=\"https:\/\/t.me\/studentenstehenauf_freiburg\">https:\/\/t.me\/studentenstehenauf_freiburg<\/a><br \/>\n.<br \/>\nWer h\u00e4tte gedacht, &#8230;Stauf Freiburg 2\/2022<br \/>\n<a href=\"https:\/\/www.youtube.com\/watch?v=eAs2JJeaV3s\">https:\/\/www.youtube.com\/watch?v=eAs2JJeaV3s<\/a><\/p>\n<p>&nbsp;<\/p>\n","protected":false},"excerpt":{"rendered":"<p>Home\u00a0&gt;Bildung\u00a0&gt;Hochschulen\u00a0&gt;Universitaet &gt;Student Listenauswahl eines Beitrags (Artikel\/Datum, Seite\/Inhalt): Klicken oder scrollen Studentenwohnheime in Freiburg (31.10.2025) Neues Studentenwohnheim in Freiburg er\u00f6ffnet \u2013 mit sozialvertr\u00e4glichen Mieten\u00a0(30.10.2025) Studierende: Drei Gruppen (14.5.2025) WG-Zimmer f\u00fcr Studierende in Freiburg kosten jetzt mehr als 500 Euro (8.10.2024) JSUD &hellip; <a href=\"https:\/\/www.freiburg-schwarzwald.de\/blog\/bildung\/hochschulen\/universitaet\/student\/\">Weiterlesen <span class=\"meta-nav\">&rarr;<\/span><\/a><\/p>\n","protected":false},"author":2,"featured_media":0,"parent":4809,"menu_order":0,"comment_status":"closed","ping_status":"closed","template":"","meta":{"footnotes":""},"class_list":["post-106353","page","type-page","status-publish","hentry"],"_links":{"self":[{"href":"https:\/\/www.freiburg-schwarzwald.de\/blog\/wp-json\/wp\/v2\/pages\/106353","targetHints":{"allow":["GET"]}}],"collection":[{"href":"https:\/\/www.freiburg-schwarzwald.de\/blog\/wp-json\/wp\/v2\/pages"}],"about":[{"href":"https:\/\/www.freiburg-schwarzwald.de\/blog\/wp-json\/wp\/v2\/types\/page"}],"author":[{"embeddable":true,"href":"https:\/\/www.freiburg-schwarzwald.de\/blog\/wp-json\/wp\/v2\/users\/2"}],"replies":[{"embeddable":true,"href":"https:\/\/www.freiburg-schwarzwald.de\/blog\/wp-json\/wp\/v2\/comments?post=106353"}],"version-history":[{"count":5,"href":"https:\/\/www.freiburg-schwarzwald.de\/blog\/wp-json\/wp\/v2\/pages\/106353\/revisions"}],"predecessor-version":[{"id":140914,"href":"https:\/\/www.freiburg-schwarzwald.de\/blog\/wp-json\/wp\/v2\/pages\/106353\/revisions\/140914"}],"up":[{"embeddable":true,"href":"https:\/\/www.freiburg-schwarzwald.de\/blog\/wp-json\/wp\/v2\/pages\/4809"}],"wp:attachment":[{"href":"https:\/\/www.freiburg-schwarzwald.de\/blog\/wp-json\/wp\/v2\/media?parent=106353"}],"curies":[{"name":"wp","href":"https:\/\/api.w.org\/{rel}","templated":true}]}}

<p><a href="https://www.freiburg-schwarzwald.de/blog">Home</a> &gt;<a title="Bildung" href="https://www.freiburg-schwarzwald.de/blog/bildung/">Bildung</a> &gt;<a title="Hochschulen" href="https://www.freiburg-schwarzwald.de/blog/bildung/hochschulen/">Hochschulen</a> &gt;<a title="Universitaet" href="https://www.freiburg-schwarzwald.de/blog/bildung/hochschulen/universitaet/">Universitaet</a> &gt;Student</p>
<div id="attachment_97434" style="width: 594px" class="wp-caption alignnone"><a href="https://www.freiburg-schwarzwald.de/blog/wp-content/uploads/2022/01/Schweigen-SophieScholl20220111pan.jpg"><img loading="lazy" decoding="async" aria-describedby="caption-attachment-97434" class="size-full wp-image-97434" src="https://www.freiburg-schwarzwald.de/blog/wp-content/uploads/2022/01/Schweigen-SophieScholl20220111pan.jpg" alt="" width="584" height="298" srcset="https://www.freiburg-schwarzwald.de/blog/wp-content/uploads/2022/01/Schweigen-SophieScholl20220111pan.jpg 584w, https://www.freiburg-schwarzwald.de/blog/wp-content/uploads/2022/01/Schweigen-SophieScholl20220111pan-180x92.jpg 180w" sizes="auto, (max-width: 584px) 100vw, 584px" /></a><p id="caption-attachment-97434" class="wp-caption-text">Schweigende Mehrheit &#8211; Sophie Scholl am 11.1.2022</p></div>
<ul>
<li><em>Listenauswahl eines Beitrags (Artikel/Datum, Seite/Inhalt):<span style="text-decoration: underline;"> Klicken</span> oder scrollen</em></li>
<li>Studentenwohnheime in Freiburg (31.10.2025)</li>
<li><a href="https://www.freiburg-schwarzwald.de/blog/business/dienste/immobilien/miete/">Neues Studentenwohnheim in Freiburg eröffnet – mit sozialverträglichen Mieten</a> (30.10.2025)</li>
<li>Studierende: Drei Gruppen (14.5.2025)</li>
<li><a href="https://www.freiburg-schwarzwald.de/blog/business/dienste/immobilien/miete/">WG-Zimmer für Studierende in Freiburg kosten jetzt mehr als 500 Euro</a> (8.10.2024)</li>
<li><a href="https://www.freiburg-schwarzwald.de/blog/jsud-und-rcds-gegen-extremismus/">JSUD und RCDS gegen Extremismus</a> (10.2.2024)</li>
<li>Schmarotzerstudenten (17.11.2023)</li>
<li>Energiepauschale 200 Euro für Studenten &#8211; BundID erforderlich (20.2.2023)</li>
<li><a href="https://www.freiburg-schwarzwald.de/blog/business/dienste/immobilien/miete/">Freiburger Studierende zahlen ab Januar 25 Euro mehr Miete</a> (29.11.2022)</li>
<li><a href="https://www.freiburg-schwarzwald.de/blog/global/deutschland/gesellschaft/buergerrechte/">Warum die Menschen wieder Bürger sein sollten</a> (18.11.2022)</li>
<li><a href="https://www.freiburg-schwarzwald.de/blog/bildung/hochschulen/">Diskussionsunfähigkeit an Unis durch Bologna?</a> (18.2.2022)</li>
<li>Drohungen gegen ungeimpfte Studenten &#8211; Punkt.PRERADOVIC mit Paul Romey (10.12.2021)</li>
<li>Studenten stehen auf &#8211; STAUF (1.2.2022)</li>
<li></li>
<li><a href="https://www.freiburg-schwarzwald.de/blog/business/gesund/corona-virus/corona-grundrechte/">Corona-Grundrechte</a></li>
<li><a href="https://www.freiburg-schwarzwald.de/blog/engagement/buergerinitiativen/demos-in-freiburg/freiseinfreiburg/">FreiseinFreiburg</a></li>
<li><a href="https://www.freiburg-schwarzwald.de/blog/engagement/buergerinitiativen/grundrechte-demo/">Grundrechte-Demo</a></li>
<li><a href="https://www.freiburg-schwarzwald.de/blog/kultur/medien/kritik/">Kritik</a></li>
<li><a href="https://www.freiburg-schwarzwald.de/blog/business/dienste/immobilien/miete/">Miete</a></li>
</ul>
<p><strong>Studentenwohnheime in Freiburg</strong><br />
<a href="https://www.swfr.de/wohnen/wohnheime/in-freiburg">https://www.swfr.de/wohnen/wohnheime/in-freiburg</a>,<br />
wohnen@swfr.de<br />
Widierendenwohnheime anderer Träger in Freiburg<br />
<a href="https://www.st-albanhaus.org/">https://www.st-albanhaus.org/</a><br />
<a href="http://www.collegiumsapientiae.de/cms/">http://www.collegiumsapientiae.de/cms/</a></p>
<p>Edith-Stein-Haus<br />
<a href="http://www.collegiumsapientiae.de/home_06/esh/esh.html">http://www.collegiumsapientiae.de/home_06/esh/esh.html</a><br />
<a href="https://www.thomasmorusburse.de/">https://www.thomasmorusburse.de/</a><br />
Studentenwohnheim AWO Freiburg<br />
<a href="https://www.awo-baden.de/angebote">https://www.awo-baden.de/angebote</a><br />
Margarete Ruckmich Haus<br />
<a href="https://www.kh-freiburg.de/wohnheim">https://www.kh-freiburg.de/wohnheim</a><br />
<a href="https://albertusburse-freiburg.de/">https://albertusburse-freiburg.de/</a></p>
<p>&nbsp;</p>
<p>&nbsp;</p>
<p><strong>Studierende: Drei Gruppen</strong><br />
„‘Deutschlands Studierende sind faul, lethargisch, handysüchtig, arrogant, überschätzen sich und haben keine Ahnung davon, was der Arbeitsmarkt von ihnen will’. (&#8230;) Ich teile die Studenten in drei Gruppen ein.<br />
Die erste ist hervorragend an der Hochschule angekommen und gehört auch dahin.<br />
Bei der zweiten gibt es noch eine Chance, daß sie etwas erreichen.<br />
Auf das letzte Drittel treffen die oben zitierten Worte zu. Diese Studenten gehören einfach nicht an die Hochschule. Und das ist keine Frage der Herkunft oder des finanziellen Backgrounds.<br />
Es gibt hervorragende Studenten aus dem Arbeitermilieu und genauso hervorragende mit reichen Eltern – und umgekehrt.“<br />
Zümrüt Gülbay-Peischard, Juraprofessorin und Autorin des Buches „Akadämlich. Warum die angebliche Bildungselite unsere Zukunft verspielt“, in der „Welt“ vom 14. Mai 2025</p>
<p>&nbsp;</p>
<p><strong>Schmarotzerstudenten</strong><br />
Die BZ meint, dass etwa 7% der Studenten an der Berliner Humboldt-Universität gar nicht studieren, sondern nur für die Vorteile eingeschrieben sind.<br />
<a href="https://www.bz-berlin.de/berlin/phantom-studenten-eingeschrieben">https://www.bz-berlin.de/berlin/phantom-studenten-eingeschrieben</a><br />
Und dann wundert man sich, wo eigentlich die ganzen „Studienabbrecher“ in den Parteien herkommen, die xx Semester lang irgendwas studiert haben wollen, „ohne Abschluss“. Die machen dann in den Parteien gerade weiter, wenn sie an der Uni rausfliegen, und sitzen dann im Bundestag.<br />
&#8230; alles vom 17.11.2023 bitte lesen auf<br />
<a href="https://www.danisch.de/blog/2023/11/17/schmarotzerstudenten/">https://www.danisch.de/blog/2023/11/17/schmarotzerstudenten/</a></p>
<p>&nbsp;</p>
<p><strong>Energiepauschale 200 Euro für Studenten &#8211; BundID erforderlich</strong><br />
<strong>Regierung zwingt Studenten für ein Energie-Almosen die digitale Identität auf</strong><br />
Um irgendwann – weit verspätet – in den Genuss der 200 Euro Energiekostenhilfe (zur <a href="https://www.freiburg-schwarzwald.de/blog/business/dienste/immobilien/miete/">Miete</a>) für Studenten zu kommen (<a href="https://www.einmalzahlung200.de">https://www.einmalzahlung200.de</a> ) , müssen die Begünstigten erst durch so ziemlich jeden Reifen der Digitalisierung und digitalen Identifizierung springen (BundID). Das Verfahren ist grotesk überkompliziert für den kleinen Betrag. Der Weg ist das Ziel für die Regierung; der erzwungene Weg der Bürger in die digitale Identität.<br />
&#8230; Alles vom 20.2.2023 bitte lesen auf<br />
<a href="https://norberthaering.de/macht-kontrolle/bundid/">https://norberthaering.de/macht-kontrolle/bundid/</a></p>
<p>&nbsp;</p>
<p><strong>Drohungen gegen ungeimpfte Studenten &#8211; Punkt.PRERADOVIC mit Paul Romey</strong><br />
Studenten stehen am Anfang ihres selbstbestimmten Lebens. Aber wer nicht 100 Prozent mitmacht beim Game of Vaxx, steht womöglich schon vor dem Ende seiner Laufbahn. Harsche Rektoren-Briefe gegen Ungeimpfte bis zu Rauswurf-Drohungen, wer nicht der Mehrheit folgt, wird ausgegrenzt. Das sagt der Tübinger Student Paul Romey von der Bewegung „Studenten stehen auf“. Ein Gespräch über Mitläufertum, den Wandel der Universität vom Ort des Denkens und der Diskussion zur Schule für den Arbeitsmarkt und über tiefgreifende Probleme im gesamten Bildungswesen.<br />
Ich würde mich freuen, wenn ihr meine unabhängige journalistische Arbeit unterstützt, damit ich auch in Zukunft weitermachen kann. Vielen Dank! Ich möchte mich auch ganz herzlich bei allen bedanken, die mich bereits unterstützen.<br />
<a href="https://youtu.be/eAs2JJeaV3s,">https://youtu.be/eAs2JJeaV3s,</a><br />
&#8230; Alles vom 10.12.2021 von Milena Preradovic bitte lesen auf<br />
<a href="https://punkt-preradovic.com/drohungen-gegen-ungeimpfte-studenten-mit-paul-romey/">https://punkt-preradovic.com/drohungen-gegen-ungeimpfte-studenten-mit-paul-romey/</a></p>
<p><strong>Studenten stehen auf &#8211; STAUF</strong><br />
<a href="https://www.stauf.org">https://www.stauf.org</a><br />
<a href="https://studentenstehenauf.eu/">https://studentenstehenauf.eu/</a><br />
<a href="https://t.me/Studenten_Stehen_Auf">https://t.me/Studenten_Stehen_Auf</a></p>
<p><a href="https://www.stauf.org/tuebingen">https://www.stauf.org/tuebingen</a><br />
studentenstehenauf@gmx.de</p>
<p><a href="https://t.me/studentenstehenauf_freiburg">https://t.me/studentenstehenauf_freiburg</a><br />
.<br />
Wer hätte gedacht, &#8230;Stauf Freiburg 2/2022<br />
<a href="https://www.youtube.com/watch?v=eAs2JJeaV3s">https://www.youtube.com/watch?v=eAs2JJeaV3s</a></p>
<p>&nbsp;</p>

<p>Home &gt;Bildung &gt;Hochschulen &gt;Universitaet &gt;Student Listenauswahl eines Beitrags (Artikel/Datum, Seite/Inhalt): Klicken oder scrollen Studentenwohnheime in Freiburg (31.10.2025) Neues Studentenwohnheim in Freiburg eröffnet – mit sozialverträglichen Mieten (30.10.2025) Studierende: Drei Gruppen (14.5.2025) WG-Zimmer für Studierende in Freiburg kosten jetzt mehr als 500 Euro (8.10.2024) JSUD &hellip; <a href="https://www.freiburg-schwarzwald.de/blog/bildung/hochschulen/universitaet/student/">Weiterlesen <span class="meta-nav">&rarr;</span></a></p>
