{"id":104758,"date":"2022-09-25T16:22:33","date_gmt":"2022-09-25T14:22:33","guid":{"rendered":"https:\/\/www.freiburg-schwarzwald.de\/blog\/?page_id=104758"},"modified":"2025-08-19T08:39:00","modified_gmt":"2025-08-19T06:39:00","slug":"verbote","status":"publish","type":"page","link":"https:\/\/www.freiburg-schwarzwald.de\/blog\/kultur\/kulturverlust\/verbote\/","title":{"rendered":"Verbote"},"content":{"rendered":"<p>d<\/p>\n<div id=\"attachment_104741\" style=\"width: 648px\" class=\"wp-caption alignnone\"><a href=\"https:\/\/www.freiburg-schwarzwald.de\/blog\/wp-content\/uploads\/2022\/09\/reifes-obst-und-bluete-pan220923.jpg\"><img loading=\"lazy\" decoding=\"async\" aria-describedby=\"caption-attachment-104741\" class=\"size-full wp-image-104741\" src=\"https:\/\/www.freiburg-schwarzwald.de\/blog\/wp-content\/uploads\/2022\/09\/reifes-obst-und-bluete-pan220923.jpg\" alt=\"\" width=\"638\" height=\"372\" srcset=\"https:\/\/www.freiburg-schwarzwald.de\/blog\/wp-content\/uploads\/2022\/09\/reifes-obst-und-bluete-pan220923.jpg 638w, https:\/\/www.freiburg-schwarzwald.de\/blog\/wp-content\/uploads\/2022\/09\/reifes-obst-und-bluete-pan220923-180x105.jpg 180w\" sizes=\"auto, (max-width: 638px) 100vw, 638px\" \/><\/a><p id=\"caption-attachment-104741\" class=\"wp-caption-text\">Reife \u00c4pfel und Bl\u00fcten zur gleichen zur gleichen\u00b4Zeit am 23.9.2022<\/p><\/div>\n<ul>\n<li><em>Listenauswahl eines Beitrags (Artikel\/Datum, Seite\/Inhalt):\u00a0<span style=\"text-decoration: underline;\">Klicken<\/span>\u00a0oder scrollen<\/em><\/li>\n<li><a href=\"https:\/\/www.freiburg-schwarzwald.de\/blog\/d-mittelstand-pleite-ar-milei\/\">D: Mittelstand pleite \u2013 AR: Milei<\/a>\u00a0(18.8.2025)<\/li>\n<li><a href=\"https:\/\/www.freiburg-schwarzwald.de\/blog\/trennung-von-klima-und-staat\/\">Trennung von Klima und Staat<\/a>\u00a0(30.7.2025)<\/li>\n<li><a href=\"https:\/\/www.freiburg-schwarzwald.de\/blog\/engagement\/zukunft\/demokratie\/verfassung\/verfassungsschutz\/geheimdienst\/\">Jurist Boehme-Ne\u00dfler \u00fcber Einstufung der AfD: \u201eWas der Verfassungsschutz gerade macht, ist rechtswidrig\u201c<\/a> (12.5.2025)<\/li>\n<li><a href=\"https:\/\/www.freiburg-schwarzwald.de\/blog\/global\/migration\/migration2020\/\">Verbotene Fragen \u2026 zur Migration<\/a>\u00a0(24.9.2024)<\/li>\n<li><a href=\"https:\/\/www.freiburg-schwarzwald.de\/blog\/pressefreiheit-compact-verbot\/\">Pressefreiheit \u2013 Compact-Verbot<\/a>\u00a0(16.7.2024)<\/li>\n<li><a href=\"https:\/\/www.freiburg-schwarzwald.de\/blog\/engagement\/zukunft\/demokratie\/staat\/ueberwachungsstaat\/\">Auf dem Weg in den \u00dcberwachungsstaat<\/a>\u00a0(12.2.2024)<\/li>\n<li><a href=\"https:\/\/www.freiburg-schwarzwald.de\/blog\/afd-bremsen-handeln-statt-verbot\/\">AfD bremsen: Handeln statt Verbot<\/a>\u00a0(5.2.2024)<\/li>\n<li>Eine liberale Demokratie darf eine solche Partei nicht einfach verbieten (27.1.2024)<\/li>\n<li><a href=\"https:\/\/www.freiburg-schwarzwald.de\/blog\/engagement\/zukunft\/demokratie\/opposition\/opposition-verbot\/\">Konzertierter Angriff auf die Opposition: Die etablierten Parteien heizen den kalten B\u00fcrgerkrieg an<\/a>\u00a0(26.1.2024)<\/li>\n<li><a href=\"https:\/\/www.freiburg-schwarzwald.de\/blog\/engagement\/zukunft\/demokratie\/notlage\/\">Notstand\/Notlage \u2013 die Regierung verursacht, ruft aus und rettet<\/a>\u00a0(26.11.2023)<\/li>\n<li><a href=\"https:\/\/www.freiburg-schwarzwald.de\/blog\/engagement\/zukunft\/demokratie\/staatsversagen\/staat-kapituliert\/\">Antisemitismus in DITIB-Moscheen endlich verbieten<\/a>\u00a0(2.11.2023)<\/li>\n<li><a href=\"https:\/\/www.freiburg-schwarzwald.de\/blog\/demo-verbot-wegen-sicherheit\/\">Demo-Verbot wegen Sicherheit?<\/a>\u00a0(22.10.2023)<\/li>\n<li><a href=\"https:\/\/www.freiburg-schwarzwald.de\/blog\/engagement\/zukunft\/demokratie\/buerokratie\/\">Der Staat regiert sich selbst \u2013 per B\u00fcrokratie<\/a>\u00a0(2.7.2023)<\/li>\n<li><a href=\"https:\/\/www.freiburg-schwarzwald.de\/blog\/natur\/ernaehrung\/\">Raffinierte \u201eFood Governance\u201c statt plumper Verbote<\/a>\u00a0(14.4.2023)<\/li>\n<li><a href=\"https:\/\/www.freiburg-schwarzwald.de\/blog\/engagement\/zukunft\/demokratie\/bevormundung\/\">Von oben bevormundet: Gr\u00fcne Vorschriften durch EU und Ampel<\/a> (30.3.2023)<\/li>\n<li><a href=\"https:\/\/www.freiburg-schwarzwald.de\/blog\/energie\/solar\/photovoltaik\/\">Warum in Emmendingen ein Solarzaun an 20 Jahre altem Bebauungsplan scheitert<\/a>\u00a0(18.3.2023)<\/li>\n<li><a href=\"https:\/\/www.freiburg-schwarzwald.de\/blog\/engagement\/vorschriften\/\">Vorschriften verhindern pers\u00f6nliches Engagement<\/a>\u00a0(22.2.2023)<\/li>\n<li>Gr\u00fcnlinks-Verbote: Im Kinderkarussel sind Autos und Tiere jetzt tabu (14.2.2023)<\/li>\n<li><a href=\"https:\/\/www.freiburg-schwarzwald.de\/blog\/engagement\/zukunft\/demokratie\/freiheit\/freiheit-fuer-geld\/\">Die Deutschen tauschten Freiheit f\u00fcr Geld<\/a> (23.12.20022)<\/li>\n<li><a href=\"https:\/\/www.freiburg-schwarzwald.de\/blog\/faeser-contra-meinungsfreiheit\/\">Faeser contra Meinungsfreiheit<\/a>\u00a0(14.11.2022)<\/li>\n<li>Linker Staat: Verbote und Verzichte (23.9.2022)<\/li>\n<li><\/li>\n<li><a href=\"https:\/\/www.freiburg-schwarzwald.de\/blog\/engagement\/zukunft\/demokratie\/freiheit\/freiheit-fuer-geld\/\">Freiheit-fuer-Geld<\/a><\/li>\n<li><a href=\"https:\/\/www.freiburg-schwarzwald.de\/blog\/engagement\/zukunft\/demokratie\/verfassung\/verfassungsschutz\/geheimdienst\/\">Geheimdienst<\/a><\/li>\n<li><a href=\"https:\/\/www.freiburg-schwarzwald.de\/blog\/engagement\/zukunft\/demokratie\/gruen-links\/\">Gruen-Links<\/a><\/li>\n<li><a href=\"https:\/\/www.freiburg-schwarzwald.de\/blog\/engagement\/zukunft\/demokratie\/notlage\/\">Notlage<\/a><\/li>\n<li><a href=\"https:\/\/www.freiburg-schwarzwald.de\/blog\/engagement\/zukunft\/demokratie\/opposition\/opposition-verbot\/\">Opposition-Verbot<\/a><\/li>\n<li><a href=\"https:\/\/www.freiburg-schwarzwald.de\/blog\/engagement\/zukunft\/demokratie\/staatsapparat\/\">Staatsapparat<\/a><\/li>\n<li><a href=\"https:\/\/www.freiburg-schwarzwald.de\/blog\/engagement\/zukunft\/demokratie\/staatsversagen\/staat-kapituliert\/\">Staat-kapituliert<\/a><\/li>\n<li><a href=\"https:\/\/www.freiburg-schwarzwald.de\/blog\/engagement\/zukunft\/demokratie\/staat\/ueberwachungsstaat\/\">\u00dcberwachungsstaat<\/a><\/li>\n<li><a href=\"https:\/\/www.freiburg-schwarzwald.de\/blog\/engagement\/vorschriften\/\">Vorschriften<\/a><\/li>\n<\/ul>\n<p><strong>Politik versucht, Fehler durch Verbote sowie Geld zu &#8222;beheben&#8220;<\/strong><br \/>\n==========================================================<\/p>\n<p>&nbsp;<\/p>\n<p><strong>Eine liberale Demokratie darf eine solche Partei nicht einfach verbieten<\/strong><br \/>\nDie AfD kommt bundesweit in Umfragen auf \u00fcber 20 Prozent. Eine liberale Demokratie darf eine solche Partei nicht einfach verbieten. Ja, die AfD hat an vielen Hebeln braune &#8222;Schmuddelkinder&#8220;. Aber unter anderem lebt sie von Protestw\u00e4hlern, die nicht wirklich braun sind. Es sind Deutsche, die zum Beispiel in SPD oder CDU keine politische Heimat mehr finden. Wo sollen die bei einem AfD-Verbot hin? Die Demokratie hat nichts gewonnen, wenn sie zu Nichtw\u00e4hlern werden.<br \/>\n<em><strong>Die AfD muss argumentativ entwaffnet oder auch durch \u00dcbertragung von Verantwortung entzaubert werden.<\/strong><\/em><br \/>\nEine liberale Demokratie muss sich doch fragen, warum so viele Protestw\u00e4hler? Liegt die Ursache im Regierungshandeln der letzten 15 Jahre? Verantwortliche Politiker l\u00f6sten nicht Probleme der Mehrheitsbev\u00f6lkerung (Eurostabilit\u00e4t, Energieversorgung, illegale Migration, unverh\u00e4ltnism\u00e4\u00dfige Klimaschutzma\u00dfnahmen, Gendern, et cetera). Wenn zum Beispiel gro\u00dfe Teile der Bev\u00f6lkerung die illegale Migration gestoppt sehen m\u00f6chten, wenn das Gendern in Wort und Schrift von gro\u00dfen Teilen abgelehnt wird, dann m\u00fcssen liberale, sozialdemokratische oder christliche Parteien Antworten finden, die die Mehrheit guthei\u00dft. Tun sie es nicht, dann k\u00fcmmern sich eben andere.<br \/>\n27-1-2024, Hermann Greve, Riehen (CH)<\/p>\n<p>&nbsp;<\/p>\n<p><strong>Gr\u00fcnlinks-Verbote: Im Kinderkarussel sind Autos und Tiere jetzt tabu<\/strong><br \/>\nVolker Bajus, Fraktionschef der Gr\u00fcnen (in Osnabr\u00fcck), und sein SPD-Pendant Frank Henning bekr\u00e4ftigen das Verbot: &#8222;Wenn Erziehende ihre Kinder auf ein klimasch\u00e4dliches Rennauto setzen oder auf den R\u00fccken eines wilden Tigers , erleben die Aufwachsenden das Autofahren oder die Ausbeutung von Wildtieren als etwas Positives&#8220;<br \/>\n14.2.2023<br \/>\n.<\/p>\n<p><strong>Linker Staat: Verbote und Verzichte<\/strong><br \/>\n<strong>Die Zumutungen der Gro\u00dfen Transformation<\/strong><br \/>\n<strong>Abschied von 68er-Freiheiten<\/strong><br \/>\nHerbert Marcuse, der Guru der <a href=\"https:\/\/www.freiburg-schwarzwald.de\/blog\/engagement\/zukunft\/demokratie\/68er\/\">68er-Bewegung<\/a>, stellte sich die Systemver\u00e4nderung, die er propagierte, nur schemenhaft vor. Als vages Ziel sei die \u201e<a href=\"https:\/\/www.freiburg-schwarzwald.de\/blog\/natur\/klima\/transformation\/\">Transformation<\/a> der kapitalistischen Gesellschaft\u201c in ein statisches, \u201ebefriedetes Dasein\u201c anzusteuern, so da\u00df selbstbestimmte Individuen ihre falschen, auf Konsum gerichteten, durch \u201ewahre Bed\u00fcrfnisse\u201c ersetzen. Angekommen ist die Botschaft aber in einer hedonistischen Generation, die statt politischer Freiheit Konsumfreiheit nebst sexueller Freiheit f\u00fcr ihr wahres Bed\u00fcrfnis hielt.<br \/>\nWenn deren Kinder, wie der 1971 geborene, an der FU Berlin Politologie mit Schwerpunkt Nachhaltigkeit lehrende Philipp Lepenies, nun wegen des Klimawandels zum Konsumverzicht aufrufen und \u201eVerantwortungsgef\u00fchl statt Egoismus\u201c predigten, kommt das einem radikalen Bruch mit dem alten <a href=\"https:\/\/www.freiburg-schwarzwald.de\/blog\/engagement\/zukunft\/demokratie\/links\/\">linken Menschenbild<\/a> gleich. Wobei der weich gebettete Professorensohn sich sicher sein darf, da\u00df ihn die avisierten \u201eZumutungen\u201c nicht treffen. Ein <a href=\"https:\/\/www.freiburg-schwarzwald.de\/blog\/engagement\/zukunft\/demokratie\/freiheit\/freiheitsrechte\/\">Freiheitsbegriff<\/a>, der sich lediglich auf konsumtive Freiheit beziehe, sei mit Blick auf die Negativeffekte \u201eunseres Konsums\u201c in fernen Weltgegenden ohnehin obsolet (Neue Gesellschaft\/Frankfurter Hefte, 9\/2022). Daher m\u00fcsse es m\u00f6glich sein, da\u00df auch ein demokratischer Staat aufgrund der \u201eNotwendigkeiten der Transformation\u201c Verbote ausspricht und \u201eVerzichtspl\u00e4ne auflegt\u201c.<br \/>\n<a href=\"https:\/\/www.frankfurter-hefte.de\">https:\/\/www.frankfurter-hefte.de<\/a><br \/>\n&#8230; Alles vom 23.9.2022 bitte lesen in der JF 39\/22, Seite 18<\/p>\n","protected":false},"excerpt":{"rendered":"<p>d Listenauswahl eines Beitrags (Artikel\/Datum, Seite\/Inhalt):\u00a0Klicken\u00a0oder scrollen D: Mittelstand pleite \u2013 AR: Milei\u00a0(18.8.2025) Trennung von Klima und Staat\u00a0(30.7.2025) Jurist Boehme-Ne\u00dfler \u00fcber Einstufung der AfD: \u201eWas der Verfassungsschutz gerade macht, ist rechtswidrig\u201c (12.5.2025) Verbotene Fragen \u2026 zur Migration\u00a0(24.9.2024) Pressefreiheit \u2013 Compact-Verbot\u00a0(16.7.2024) &hellip; <a href=\"https:\/\/www.freiburg-schwarzwald.de\/blog\/kultur\/kulturverlust\/verbote\/\">Weiterlesen <span class=\"meta-nav\">&rarr;<\/span><\/a><\/p>\n","protected":false},"author":2,"featured_media":0,"parent":81438,"menu_order":0,"comment_status":"closed","ping_status":"closed","template":"","meta":{"footnotes":""},"class_list":["post-104758","page","type-page","status-publish","hentry"],"_links":{"self":[{"href":"https:\/\/www.freiburg-schwarzwald.de\/blog\/wp-json\/wp\/v2\/pages\/104758","targetHints":{"allow":["GET"]}}],"collection":[{"href":"https:\/\/www.freiburg-schwarzwald.de\/blog\/wp-json\/wp\/v2\/pages"}],"about":[{"href":"https:\/\/www.freiburg-schwarzwald.de\/blog\/wp-json\/wp\/v2\/types\/page"}],"author":[{"embeddable":true,"href":"https:\/\/www.freiburg-schwarzwald.de\/blog\/wp-json\/wp\/v2\/users\/2"}],"replies":[{"embeddable":true,"href":"https:\/\/www.freiburg-schwarzwald.de\/blog\/wp-json\/wp\/v2\/comments?post=104758"}],"version-history":[{"count":6,"href":"https:\/\/www.freiburg-schwarzwald.de\/blog\/wp-json\/wp\/v2\/pages\/104758\/revisions"}],"predecessor-version":[{"id":138020,"href":"https:\/\/www.freiburg-schwarzwald.de\/blog\/wp-json\/wp\/v2\/pages\/104758\/revisions\/138020"}],"up":[{"embeddable":true,"href":"https:\/\/www.freiburg-schwarzwald.de\/blog\/wp-json\/wp\/v2\/pages\/81438"}],"wp:attachment":[{"href":"https:\/\/www.freiburg-schwarzwald.de\/blog\/wp-json\/wp\/v2\/media?parent=104758"}],"curies":[{"name":"wp","href":"https:\/\/api.w.org\/{rel}","templated":true}]}}

<p>d</p>
<div id="attachment_104741" style="width: 648px" class="wp-caption alignnone"><a href="https://www.freiburg-schwarzwald.de/blog/wp-content/uploads/2022/09/reifes-obst-und-bluete-pan220923.jpg"><img loading="lazy" decoding="async" aria-describedby="caption-attachment-104741" class="size-full wp-image-104741" src="https://www.freiburg-schwarzwald.de/blog/wp-content/uploads/2022/09/reifes-obst-und-bluete-pan220923.jpg" alt="" width="638" height="372" srcset="https://www.freiburg-schwarzwald.de/blog/wp-content/uploads/2022/09/reifes-obst-und-bluete-pan220923.jpg 638w, https://www.freiburg-schwarzwald.de/blog/wp-content/uploads/2022/09/reifes-obst-und-bluete-pan220923-180x105.jpg 180w" sizes="auto, (max-width: 638px) 100vw, 638px" /></a><p id="caption-attachment-104741" class="wp-caption-text">Reife Äpfel und Blüten zur gleichen zur gleichen´Zeit am 23.9.2022</p></div>
<ul>
<li><em>Listenauswahl eines Beitrags (Artikel/Datum, Seite/Inhalt): <span style="text-decoration: underline;">Klicken</span> oder scrollen</em></li>
<li><a href="https://www.freiburg-schwarzwald.de/blog/d-mittelstand-pleite-ar-milei/">D: Mittelstand pleite – AR: Milei</a> (18.8.2025)</li>
<li><a href="https://www.freiburg-schwarzwald.de/blog/trennung-von-klima-und-staat/">Trennung von Klima und Staat</a> (30.7.2025)</li>
<li><a href="https://www.freiburg-schwarzwald.de/blog/engagement/zukunft/demokratie/verfassung/verfassungsschutz/geheimdienst/">Jurist Boehme-Neßler über Einstufung der AfD: „Was der Verfassungsschutz gerade macht, ist rechtswidrig“</a> (12.5.2025)</li>
<li><a href="https://www.freiburg-schwarzwald.de/blog/global/migration/migration2020/">Verbotene Fragen … zur Migration</a> (24.9.2024)</li>
<li><a href="https://www.freiburg-schwarzwald.de/blog/pressefreiheit-compact-verbot/">Pressefreiheit – Compact-Verbot</a> (16.7.2024)</li>
<li><a href="https://www.freiburg-schwarzwald.de/blog/engagement/zukunft/demokratie/staat/ueberwachungsstaat/">Auf dem Weg in den Überwachungsstaat</a> (12.2.2024)</li>
<li><a href="https://www.freiburg-schwarzwald.de/blog/afd-bremsen-handeln-statt-verbot/">AfD bremsen: Handeln statt Verbot</a> (5.2.2024)</li>
<li>Eine liberale Demokratie darf eine solche Partei nicht einfach verbieten (27.1.2024)</li>
<li><a href="https://www.freiburg-schwarzwald.de/blog/engagement/zukunft/demokratie/opposition/opposition-verbot/">Konzertierter Angriff auf die Opposition: Die etablierten Parteien heizen den kalten Bürgerkrieg an</a> (26.1.2024)</li>
<li><a href="https://www.freiburg-schwarzwald.de/blog/engagement/zukunft/demokratie/notlage/">Notstand/Notlage – die Regierung verursacht, ruft aus und rettet</a> (26.11.2023)</li>
<li><a href="https://www.freiburg-schwarzwald.de/blog/engagement/zukunft/demokratie/staatsversagen/staat-kapituliert/">Antisemitismus in DITIB-Moscheen endlich verbieten</a> (2.11.2023)</li>
<li><a href="https://www.freiburg-schwarzwald.de/blog/demo-verbot-wegen-sicherheit/">Demo-Verbot wegen Sicherheit?</a> (22.10.2023)</li>
<li><a href="https://www.freiburg-schwarzwald.de/blog/engagement/zukunft/demokratie/buerokratie/">Der Staat regiert sich selbst – per Bürokratie</a> (2.7.2023)</li>
<li><a href="https://www.freiburg-schwarzwald.de/blog/natur/ernaehrung/">Raffinierte „Food Governance“ statt plumper Verbote</a> (14.4.2023)</li>
<li><a href="https://www.freiburg-schwarzwald.de/blog/engagement/zukunft/demokratie/bevormundung/">Von oben bevormundet: Grüne Vorschriften durch EU und Ampel</a> (30.3.2023)</li>
<li><a href="https://www.freiburg-schwarzwald.de/blog/energie/solar/photovoltaik/">Warum in Emmendingen ein Solarzaun an 20 Jahre altem Bebauungsplan scheitert</a> (18.3.2023)</li>
<li><a href="https://www.freiburg-schwarzwald.de/blog/engagement/vorschriften/">Vorschriften verhindern persönliches Engagement</a> (22.2.2023)</li>
<li>Grünlinks-Verbote: Im Kinderkarussel sind Autos und Tiere jetzt tabu (14.2.2023)</li>
<li><a href="https://www.freiburg-schwarzwald.de/blog/engagement/zukunft/demokratie/freiheit/freiheit-fuer-geld/">Die Deutschen tauschten Freiheit für Geld</a> (23.12.20022)</li>
<li><a href="https://www.freiburg-schwarzwald.de/blog/faeser-contra-meinungsfreiheit/">Faeser contra Meinungsfreiheit</a> (14.11.2022)</li>
<li>Linker Staat: Verbote und Verzichte (23.9.2022)</li>
<li></li>
<li><a href="https://www.freiburg-schwarzwald.de/blog/engagement/zukunft/demokratie/freiheit/freiheit-fuer-geld/">Freiheit-fuer-Geld</a></li>
<li><a href="https://www.freiburg-schwarzwald.de/blog/engagement/zukunft/demokratie/verfassung/verfassungsschutz/geheimdienst/">Geheimdienst</a></li>
<li><a href="https://www.freiburg-schwarzwald.de/blog/engagement/zukunft/demokratie/gruen-links/">Gruen-Links</a></li>
<li><a href="https://www.freiburg-schwarzwald.de/blog/engagement/zukunft/demokratie/notlage/">Notlage</a></li>
<li><a href="https://www.freiburg-schwarzwald.de/blog/engagement/zukunft/demokratie/opposition/opposition-verbot/">Opposition-Verbot</a></li>
<li><a href="https://www.freiburg-schwarzwald.de/blog/engagement/zukunft/demokratie/staatsapparat/">Staatsapparat</a></li>
<li><a href="https://www.freiburg-schwarzwald.de/blog/engagement/zukunft/demokratie/staatsversagen/staat-kapituliert/">Staat-kapituliert</a></li>
<li><a href="https://www.freiburg-schwarzwald.de/blog/engagement/zukunft/demokratie/staat/ueberwachungsstaat/">Überwachungsstaat</a></li>
<li><a href="https://www.freiburg-schwarzwald.de/blog/engagement/vorschriften/">Vorschriften</a></li>
</ul>
<p><strong>Politik versucht, Fehler durch Verbote sowie Geld zu &#8222;beheben&#8220;</strong><br />
==========================================================</p>
<p>&nbsp;</p>
<p><strong>Eine liberale Demokratie darf eine solche Partei nicht einfach verbieten</strong><br />
Die AfD kommt bundesweit in Umfragen auf über 20 Prozent. Eine liberale Demokratie darf eine solche Partei nicht einfach verbieten. Ja, die AfD hat an vielen Hebeln braune &#8222;Schmuddelkinder&#8220;. Aber unter anderem lebt sie von Protestwählern, die nicht wirklich braun sind. Es sind Deutsche, die zum Beispiel in SPD oder CDU keine politische Heimat mehr finden. Wo sollen die bei einem AfD-Verbot hin? Die Demokratie hat nichts gewonnen, wenn sie zu Nichtwählern werden.<br />
<em><strong>Die AfD muss argumentativ entwaffnet oder auch durch Übertragung von Verantwortung entzaubert werden.</strong></em><br />
Eine liberale Demokratie muss sich doch fragen, warum so viele Protestwähler? Liegt die Ursache im Regierungshandeln der letzten 15 Jahre? Verantwortliche Politiker lösten nicht Probleme der Mehrheitsbevölkerung (Eurostabilität, Energieversorgung, illegale Migration, unverhältnismäßige Klimaschutzmaßnahmen, Gendern, et cetera). Wenn zum Beispiel große Teile der Bevölkerung die illegale Migration gestoppt sehen möchten, wenn das Gendern in Wort und Schrift von großen Teilen abgelehnt wird, dann müssen liberale, sozialdemokratische oder christliche Parteien Antworten finden, die die Mehrheit gutheißt. Tun sie es nicht, dann kümmern sich eben andere.<br />
27-1-2024, Hermann Greve, Riehen (CH)</p>
<p>&nbsp;</p>
<p><strong>Grünlinks-Verbote: Im Kinderkarussel sind Autos und Tiere jetzt tabu</strong><br />
Volker Bajus, Fraktionschef der Grünen (in Osnabrück), und sein SPD-Pendant Frank Henning bekräftigen das Verbot: &#8222;Wenn Erziehende ihre Kinder auf ein klimaschädliches Rennauto setzen oder auf den Rücken eines wilden Tigers , erleben die Aufwachsenden das Autofahren oder die Ausbeutung von Wildtieren als etwas Positives&#8220;<br />
14.2.2023<br />
.</p>
<p><strong>Linker Staat: Verbote und Verzichte</strong><br />
<strong>Die Zumutungen der Großen Transformation</strong><br />
<strong>Abschied von 68er-Freiheiten</strong><br />
Herbert Marcuse, der Guru der <a href="https://www.freiburg-schwarzwald.de/blog/engagement/zukunft/demokratie/68er/">68er-Bewegung</a>, stellte sich die Systemveränderung, die er propagierte, nur schemenhaft vor. Als vages Ziel sei die „<a href="https://www.freiburg-schwarzwald.de/blog/natur/klima/transformation/">Transformation</a> der kapitalistischen Gesellschaft“ in ein statisches, „befriedetes Dasein“ anzusteuern, so daß selbstbestimmte Individuen ihre falschen, auf Konsum gerichteten, durch „wahre Bedürfnisse“ ersetzen. Angekommen ist die Botschaft aber in einer hedonistischen Generation, die statt politischer Freiheit Konsumfreiheit nebst sexueller Freiheit für ihr wahres Bedürfnis hielt.<br />
Wenn deren Kinder, wie der 1971 geborene, an der FU Berlin Politologie mit Schwerpunkt Nachhaltigkeit lehrende Philipp Lepenies, nun wegen des Klimawandels zum Konsumverzicht aufrufen und „Verantwortungsgefühl statt Egoismus“ predigten, kommt das einem radikalen Bruch mit dem alten <a href="https://www.freiburg-schwarzwald.de/blog/engagement/zukunft/demokratie/links/">linken Menschenbild</a> gleich. Wobei der weich gebettete Professorensohn sich sicher sein darf, daß ihn die avisierten „Zumutungen“ nicht treffen. Ein <a href="https://www.freiburg-schwarzwald.de/blog/engagement/zukunft/demokratie/freiheit/freiheitsrechte/">Freiheitsbegriff</a>, der sich lediglich auf konsumtive Freiheit beziehe, sei mit Blick auf die Negativeffekte „unseres Konsums“ in fernen Weltgegenden ohnehin obsolet (Neue Gesellschaft/Frankfurter Hefte, 9/2022). Daher müsse es möglich sein, daß auch ein demokratischer Staat aufgrund der „Notwendigkeiten der Transformation“ Verbote ausspricht und „Verzichtspläne auflegt“.<br />
<a href="https://www.frankfurter-hefte.de">https://www.frankfurter-hefte.de</a><br />
&#8230; Alles vom 23.9.2022 bitte lesen in der JF 39/22, Seite 18</p>

<p>d Listenauswahl eines Beitrags (Artikel/Datum, Seite/Inhalt): Klicken oder scrollen D: Mittelstand pleite – AR: Milei (18.8.2025) Trennung von Klima und Staat (30.7.2025) Jurist Boehme-Neßler über Einstufung der AfD: „Was der Verfassungsschutz gerade macht, ist rechtswidrig“ (12.5.2025) Verbotene Fragen … zur Migration (24.9.2024) Pressefreiheit – Compact-Verbot (16.7.2024) &hellip; <a href="https://www.freiburg-schwarzwald.de/blog/kultur/kulturverlust/verbote/">Weiterlesen <span class="meta-nav">&rarr;</span></a></p>
