{"id":104491,"date":"2022-09-19T10:17:50","date_gmt":"2022-09-19T08:17:50","guid":{"rendered":"https:\/\/www.freiburg-schwarzwald.de\/blog\/?page_id=104491"},"modified":"2025-07-14T10:38:16","modified_gmt":"2025-07-14T08:38:16","slug":"versiegelung","status":"publish","type":"page","link":"https:\/\/www.freiburg-schwarzwald.de\/blog\/natur\/garten\/versiegelung\/","title":{"rendered":"Versiegelung"},"content":{"rendered":"<p>Home &gt;<a title=\"Natur\" href=\"https:\/\/www.freiburg-schwarzwald.de\/blog\/natur\/\">Natur<\/a>\u00a0&gt;<a title=\"Garten\" href=\"https:\/\/www.freiburg-schwarzwald.de\/blog\/natur\/garten\/\">Garten<\/a> &gt;<a href=\"https:\/\/www.freiburg-schwarzwald.de\/blog\/natur\/garten\/gartenmauer\/\">Gartenmauer<\/a> &gt;Versiegelung<\/p>\n<div id=\"attachment_63388\" style=\"width: 650px\" class=\"wp-caption alignnone\"><a href=\"https:\/\/www.freiburg-schwarzwald.de\/blog\/wp-content\/uploads\/2016\/11\/gartenmauer-pan161016.jpg\"><img loading=\"lazy\" decoding=\"async\" aria-describedby=\"caption-attachment-63388\" class=\"size-full wp-image-63388\" src=\"https:\/\/www.freiburg-schwarzwald.de\/blog\/wp-content\/uploads\/2016\/11\/gartenmauer-pan161016.jpg\" alt=\"\" width=\"640\" height=\"294\" srcset=\"https:\/\/www.freiburg-schwarzwald.de\/blog\/wp-content\/uploads\/2016\/11\/gartenmauer-pan161016.jpg 640w, https:\/\/www.freiburg-schwarzwald.de\/blog\/wp-content\/uploads\/2016\/11\/gartenmauer-pan161016-180x82.jpg 180w\" sizes=\"auto, (max-width: 640px) 100vw, 640px\" \/><\/a><p id=\"caption-attachment-63388\" class=\"wp-caption-text\">Schmaler Gartenstreifen mit wildem Wein, Efeu und Feige am 16.10.2016<\/p><\/div>\n<ul>\n<li><em>Listenauswahl eines Beitrags: Bitte <span style=\"text-decoration: underline;\">anklicken<\/span> oder runterscrollen<\/em><\/li>\n<li><a href=\"https:\/\/www.freiburg-schwarzwald.de\/blog\/gruenes-zimmer-versiegelung\/\">Gr\u00fcnes Zimmer \u2013 Versiegelung<\/a>\u00a0(4.7.2025)<\/li>\n<li><a href=\"https:\/\/www.freiburg-schwarzwald.de\/blog\/natur\/wasser\/trockenheit\/\">Viele Fl\u00fcsse in der Region Freiburg sind zum Patienten geworde<\/a>n (25.9.2022)<\/li>\n<li>Lieber Steinvorg\u00e4rten mit Kirschlorbeer statt Blumenvorgarten? (19.9.2022)<\/li>\n<\/ul>\n<p>&nbsp;<\/p>\n<p><strong>Keine Bodenversiegelung von Pl\u00e4tzen, G\u00e4rten und Vorg\u00e4rten<\/strong><\/p>\n<p>&nbsp;<\/p>\n<p><strong>Lieber Steinvorg\u00e4rten mit Kirschlorbeer statt Blumenvorgarten?<br \/>\n<\/strong>Leserbrief zu: <a href=\"https:\/\/www.badische-zeitung.de\/mehrheit-im-freiburger-gemeinderat-ist-offen-fuer-neue-wassertarife--216794195.html\">https:\/\/www.badische-zeitung.de\/mehrheit-im-freiburger-gemeinderat-ist-offen-fuer-neue-wassertarife&#8211;216794195.html<\/a><br \/>\nWir pflegen einen sch\u00f6nen Vorgarten mit vielen unterschiedlichen Blumen, Str\u00e4uchern, B\u00e4umen. Viele B\u00fcrger stehen bewundernd davor und machen gar einen Umweg durch unsere Stra\u00dfe, um dies zu bewundern. Auch Kinder stehen oft davor, um die unterschiedlichen Blumen zu benennen. F\u00fcr viele Insekten und V\u00f6gel ist dies ein Paradies. Das l\u00e4sst sich nicht ohne Wasser aufrechterhalten, vor allem im Sommer.<br \/>\n.<br \/>\n<a href=\"https:\/\/www.freiburg-schwarzwald.de\/blog\/wp-content\/uploads\/2022\/09\/vorgarten-blumen202208.jpg\"><img loading=\"lazy\" decoding=\"async\" class=\"alignnone size-thumbnail wp-image-104494\" src=\"https:\/\/www.freiburg-schwarzwald.de\/blog\/wp-content\/uploads\/2022\/09\/vorgarten-blumen202208-180x118.jpg\" alt=\"\" width=\"180\" height=\"118\" srcset=\"https:\/\/www.freiburg-schwarzwald.de\/blog\/wp-content\/uploads\/2022\/09\/vorgarten-blumen202208-180x118.jpg 180w, https:\/\/www.freiburg-schwarzwald.de\/blog\/wp-content\/uploads\/2022\/09\/vorgarten-blumen202208-640x419.jpg 640w, https:\/\/www.freiburg-schwarzwald.de\/blog\/wp-content\/uploads\/2022\/09\/vorgarten-blumen202208-768x502.jpg 768w, https:\/\/www.freiburg-schwarzwald.de\/blog\/wp-content\/uploads\/2022\/09\/vorgarten-blumen202208.jpg 801w\" sizes=\"auto, (max-width: 180px) 100vw, 180px\" \/> <\/a>Der Vorgarten von Albert Mergelsberg, der viel Wasser braucht<br \/>\n.<br \/>\nAuch &#8222;unser Stra\u00dfenbaum&#8220; profitiert davon. Das soll jetzt mit einem h\u00f6heren Wasserpreis bestraft werden. Dann also Steinvorg\u00e4rten mit &#8222;gr\u00fcnem Beton&#8220; (Kirschlorbeer)?<br \/>\n19.9.2022 Albert Mergelsberg, Freiburg<br \/>\n<a href=\"https:\/\/www.badische-zeitung.de\/lieber-steinvorgaerten-mit-kirschlorbeer\">https:\/\/www.badische-zeitung.de\/lieber-steinvorgaerten-mit-kirschlorbeer<\/a><br \/>\n.<br \/>\nKommentar:<br \/>\nAuch wir freuen uns beim abendlichen Spaziergang an diesem Blumenvorgarten in Littenweiler. Nat\u00fcrlich mu\u00df hier gegossen werden. Aber das Gie\u00dfen wird doch dem Grundwasser zugef\u00fchrt und nicht der Kanalisation. Freiburgs Problem ist die zunehmende Versiegelung, durch die jedes Fleckchen Erde (i gitt) mit Betonsteinen zugepflastert wird. Zu besichtigten in einem Neubauvorgarten ganz in der N\u00e4he. Oder im Rieselfeld, am <a href=\"https:\/\/www.freiburg-schwarzwald.de\/blog\/regio\/freiburg\/platz-der-alten-synagoge\/\">Platz der Alten Synagoge<\/a> bzw. im neuen Stadtteil <a href=\"https:\/\/www.freiburg-schwarzwald.de\/blog\/regio\/freiburg\/dietenbach-stadtteil\/\">Dietenbach<\/a> (siehe Planskizzen). Die Stadt Heidelberg gew\u00e4hrt den Eigent\u00fcmern von nicht-versiegelten Gartenfl\u00e4chen einen Preis-Bonus &#8211; warum dient dies nicht als Vorbild f\u00fcr die angebliche Greencity Freiburg?<br \/>\n19.9.022<\/p>\n<p>&nbsp;<\/p>\n","protected":false},"excerpt":{"rendered":"<p>Home &gt;Natur\u00a0&gt;Garten &gt;Gartenmauer &gt;Versiegelung Listenauswahl eines Beitrags: Bitte anklicken oder runterscrollen Gr\u00fcnes Zimmer \u2013 Versiegelung\u00a0(4.7.2025) Viele Fl\u00fcsse in der Region Freiburg sind zum Patienten geworden (25.9.2022) Lieber Steinvorg\u00e4rten mit Kirschlorbeer statt Blumenvorgarten? (19.9.2022) &nbsp; Keine Bodenversiegelung von Pl\u00e4tzen, G\u00e4rten und &hellip; <a href=\"https:\/\/www.freiburg-schwarzwald.de\/blog\/natur\/garten\/versiegelung\/\">Weiterlesen <span class=\"meta-nav\">&rarr;<\/span><\/a><\/p>\n","protected":false},"author":2,"featured_media":0,"parent":1660,"menu_order":0,"comment_status":"closed","ping_status":"closed","template":"","meta":{"footnotes":""},"class_list":["post-104491","page","type-page","status-publish","hentry"],"_links":{"self":[{"href":"https:\/\/www.freiburg-schwarzwald.de\/blog\/wp-json\/wp\/v2\/pages\/104491","targetHints":{"allow":["GET"]}}],"collection":[{"href":"https:\/\/www.freiburg-schwarzwald.de\/blog\/wp-json\/wp\/v2\/pages"}],"about":[{"href":"https:\/\/www.freiburg-schwarzwald.de\/blog\/wp-json\/wp\/v2\/types\/page"}],"author":[{"embeddable":true,"href":"https:\/\/www.freiburg-schwarzwald.de\/blog\/wp-json\/wp\/v2\/users\/2"}],"replies":[{"embeddable":true,"href":"https:\/\/www.freiburg-schwarzwald.de\/blog\/wp-json\/wp\/v2\/comments?post=104491"}],"version-history":[{"count":5,"href":"https:\/\/www.freiburg-schwarzwald.de\/blog\/wp-json\/wp\/v2\/pages\/104491\/revisions"}],"predecessor-version":[{"id":136376,"href":"https:\/\/www.freiburg-schwarzwald.de\/blog\/wp-json\/wp\/v2\/pages\/104491\/revisions\/136376"}],"up":[{"embeddable":true,"href":"https:\/\/www.freiburg-schwarzwald.de\/blog\/wp-json\/wp\/v2\/pages\/1660"}],"wp:attachment":[{"href":"https:\/\/www.freiburg-schwarzwald.de\/blog\/wp-json\/wp\/v2\/media?parent=104491"}],"curies":[{"name":"wp","href":"https:\/\/api.w.org\/{rel}","templated":true}]}}