{"id":104349,"date":"2022-09-16T19:16:58","date_gmt":"2022-09-16T17:16:58","guid":{"rendered":"https:\/\/www.freiburg-schwarzwald.de\/blog\/?page_id=104349"},"modified":"2026-01-18T22:10:13","modified_gmt":"2026-01-18T21:10:13","slug":"eu-planwirtschaft","status":"publish","type":"page","link":"https:\/\/www.freiburg-schwarzwald.de\/blog\/global\/eu\/eu-planwirtschaft\/","title":{"rendered":"EU-Planwirtschaft"},"content":{"rendered":"<p><a href=\"https:\/\/www.freiburg-schwarzwald.de\/blog\">Home<\/a>\u00a0&gt;<a title=\"Global\" href=\"https:\/\/www.freiburg-schwarzwald.de\/blog\/global\/\">Global<\/a>\u00a0&gt;<a title=\"EU\" href=\"https:\/\/www.freiburg-schwarzwald.de\/blog\/global\/eu\/\">EU<\/a>\u00a0&gt;<a title=\"Finanzsystem\" href=\"https:\/\/www.freiburg-schwarzwald.de\/blog\/global\/finanzsystem\/\">Finanzsystem<\/a>\u00a0&gt;<a href=\"https:\/\/www.freiburg-schwarzwald.de\/blog\/global\/eu\/eu-transferunion\/\">EU-Transferunion<\/a> &gt;EU-Planwirtschaft<\/p>\n<div id=\"attachment_89517\" style=\"width: 649px\" class=\"wp-caption alignnone\"><a href=\"https:\/\/www.freiburg-schwarzwald.de\/blog\/wp-content\/uploads\/2021\/04\/erdogan-leyen20210406pan.jpg\"><img loading=\"lazy\" decoding=\"async\" aria-describedby=\"caption-attachment-89517\" class=\"size-full wp-image-89517\" src=\"https:\/\/www.freiburg-schwarzwald.de\/blog\/wp-content\/uploads\/2021\/04\/erdogan-leyen20210406pan.jpg\" alt=\"\" width=\"639\" height=\"319\" srcset=\"https:\/\/www.freiburg-schwarzwald.de\/blog\/wp-content\/uploads\/2021\/04\/erdogan-leyen20210406pan.jpg 639w, https:\/\/www.freiburg-schwarzwald.de\/blog\/wp-content\/uploads\/2021\/04\/erdogan-leyen20210406pan-180x90.jpg 180w\" sizes=\"auto, (max-width: 639px) 100vw, 639px\" \/><\/a><p id=\"caption-attachment-89517\" class=\"wp-caption-text\">EU-Aussenpolitik &#8211; vom Islam lernen: M\u00e4nner oben und Frauen (mit Maske) unten<\/p><\/div>\n<ul>\n<li><em>Listenauswahl eines Beitrags (Artikel\/Datum, Seite\/Inhalt): <span style=\"text-decoration: underline;\">Klicken<\/span> oder scrollen<\/em><\/li>\n<li><a href=\"https:\/\/www.freiburg-schwarzwald.de\/blog\/global\/eu\/eu-reform\/\">Milosz Matuschek: Zehn Gr\u00fcnde warum die EU scheitern wird<\/a> (18.1.2026)<\/li>\n<li><a href=\"https:\/\/www.freiburg-schwarzwald.de\/blog\/business\/wettbewerb\/\">L\u00fcder Gerken: Industriestandort Deutschland ade?<\/a>\u00a0(17.1.2025)<\/li>\n<li><a href=\"https:\/\/www.freiburg-schwarzwald.de\/blog\/ifo-bdi-zur-deindustrialisierung\/\">Ifo, BDI zur Deindustrialisierung<\/a>\u00a0(19.11.2025)<\/li>\n<li><a href=\"https:\/\/www.freiburg-schwarzwald.de\/blog\/global\/mittelmeer\/\">EU-\u201eMittelmeerpakt\u201c zugunsten Nordafrikas und des Nahen Ostens: 42 Milliarden?<\/a> (21.10.2025)<\/li>\n<li><a href=\"https:\/\/www.freiburg-schwarzwald.de\/blog\/vdl-verkauft-die-eu-an-die-usa\/\">vdL verkauft die EU an die USA<\/a>\u00a0(29.7.2025)<\/li>\n<li><a href=\"https:\/\/www.freiburg-schwarzwald.de\/blog\/business\/industrie\/deindustrialisierung\/\">Ulrike Herrmann: Predigerin eines wirtschaftlichen R\u00fcckbaus Deutschlands<\/a>\u00a0(10.5.2024)<\/li>\n<li><a href=\"https:\/\/www.freiburg-schwarzwald.de\/blog\/natur\/landwirt\/landwirtschaft\/\">Wie Machtk\u00e4mpfe in der EU die Landwirtschaft vernichten<\/a> (12.2.2024)<\/li>\n<li>EU: L\u00fcge und Vertuschung (20.4.2023)<\/li>\n<li>EU: Von der Investitionsunion zur Umverteilungsagentur (14.4.2023)<\/li>\n<li><a href=\"https:\/\/www.freiburg-schwarzwald.de\/blog\/global\/eu\/eu-zentralverwaltungswirtschaft\/\">Die scheindemokratische EU wird immer \u00fcbergriffiger<\/a>\u00a0(30.3.2023)<\/li>\n<li><a href=\"https:\/\/www.freiburg-schwarzwald.de\/blog\/global\/eu\/eu-schuldenunion\/\">Die Zerschlagung des Stabilit\u00e4ts- und Wachstumspakts (SWP)<\/a>\u00a0(18.3.2023)<\/li>\n<li><a href=\"https:\/\/www.freiburg-schwarzwald.de\/blog\/eu-regiert-per-notverordnungen\/\">EU regiert mit Notverordnungen<\/a> (4.10.2022)<\/li>\n<li><a href=\"https:\/\/www.freiburg-schwarzwald.de\/blog\/konservative-siegen-in-italien\/\">Konservative siegen in Italien<\/a>\u00a0(26.9.2022)<\/li>\n<li><a href=\"https:\/\/www.freiburg-schwarzwald.de\/blog\/global\/eu\/notverordnungen\/\">EU-Gesetz Binnenmarkt: Single Market Emergency Instrument<\/a> (SMEI) (24.9.2022)<\/li>\n<li><a href=\"https:\/\/www.freiburg-schwarzwald.de\/blog\/eu-plan-statt-marktwirtschaft\/\">EU: Plan- statt Marktwirtschaft<\/a>\u00a0(17.9.2022)<\/li>\n<li><a href=\"https:\/\/www.freiburg-schwarzwald.de\/blog\/global\/eu\/eu-umweltschutz\/\">\u00d6ko-Design: Allmachtphantasien der EU-Kommission<\/a> (17.9.2022)<\/li>\n<li>Haltungs-\u00d6konomie statt freie Marktwirtschaft (16.9.2022)<\/li>\n<li><\/li>\n<li><a href=\"https:\/\/www.freiburg-schwarzwald.de\/blog\/global\/eu\/eu-umweltschutz\/\">EU-Umweltschutz<\/a><\/li>\n<li><a href=\"https:\/\/www.freiburg-schwarzwald.de\/blog\/global\/eu\/eu-zentralverwaltungswirtschaft\/\">EU-Zentralverwaltungswirtschaft<\/a><\/li>\n<\/ul>\n<p>&nbsp;<\/p>\n<p>&nbsp;<\/p>\n<ul>\n<li><a href=\"https:\/\/www.freiburg-schwarzwald.de\/blog\/religion\/christen\/abendland\/\">Abendland<\/a><\/li>\n<li><a title=\"Babyboom\" href=\"https:\/\/www.freiburg-schwarzwald.de\/blog\/selbsthilfe\/kinder\/babyboom\/\">Babyboom<\/a><\/li>\n<li><a href=\"https:\/\/www.freiburg-schwarzwald.de\/blog\/engagement\/zukunft\/demokratie\/dezentral\/\">dezentral \u2013 Staat<\/a><\/li>\n<li><a href=\"https:\/\/www.freiburg-schwarzwald.de\/blog\/global\/eu\/eu-aussenpolitik\/\">EU-Aussenpolitik<\/a><\/li>\n<li><a title=\"EU-Reform\" href=\"https:\/\/www.freiburg-schwarzwald.de\/blog\/global\/eu\/eu-reform\/\">EU-Reform \u2013 EU der Vaterl\u00e4nder<\/a><\/li>\n<li><a href=\"https:\/\/www.freiburg-schwarzwald.de\/eu#EU%20-%20Eine%20Macht,%20die%20keiner%20steuern%20kann\">EU \u2013 Eine Macht, die keiner steuern kann<\/a>\u00a0(5.12.2006)<\/li>\n<li><a title=\"EU-Migration\" href=\"https:\/\/www.freiburg-schwarzwald.de\/blog\/global\/eu\/eu-migration\/\">EU-Migration<\/a><\/li>\n<li><a title=\"EU-Transferunion\" href=\"https:\/\/www.freiburg-schwarzwald.de\/blog\/global\/eu\/eu-transferunion\/\">EU-Transferunion<\/a><\/li>\n<li><a href=\"https:\/\/www.freiburg-schwarzwald.de\/blog\/global\/eu\/eu-ungarn\/\">EU-Ungarn<\/a><\/li>\n<li><a title=\"Euro\" href=\"https:\/\/www.freiburg-schwarzwald.de\/blog\/global\/eu\/euro\/\">Euro<\/a><\/li>\n<li><a title=\"Europa-der-Vaterl\u00e4nder\" href=\"https:\/\/www.freiburg-schwarzwald.de\/blog\/global\/eu\/europa-der-vaterlaender\/\">Europa der Vaterl\u00e4nder<\/a><\/li>\n<li><a title=\"Europa-Nationen\" href=\"https:\/\/www.freiburg-schwarzwald.de\/blog\/global\/eu\/europa-nationen\/\">Europa-Nationen<\/a><\/li>\n<li><a title=\"EZB\" href=\"https:\/\/www.freiburg-schwarzwald.de\/blog\/global\/eu\/ezb\/\">EZB<\/a><\/li>\n<li><a title=\"Gelbwesten\" href=\"https:\/\/www.freiburg-schwarzwald.de\/blog\/global\/eu\/gelbwesten\/\">Gelbwesten<\/a><\/li>\n<li><a title=\"Islamisierung\" href=\"https:\/\/www.freiburg-schwarzwald.de\/blog\/religion\/islam\/islamisierung\/\">Islamisierung<\/a><\/li>\n<li><a title=\"Merkel-muss-weg\" href=\"https:\/\/www.freiburg-schwarzwald.de\/blog\/engagement\/zukunft\/demokratie\/merkel-muss-weg\/\">Merkel muss weg<\/a><\/li>\n<li><a title=\"Migration\" href=\"https:\/\/www.freiburg-schwarzwald.de\/blog\/global\/migration\/\">Migration<\/a><\/li>\n<li><a title=\"Nationalismus\" href=\"https:\/\/www.freiburg-schwarzwald.de\/blog\/engagement\/zukunft\/demokratie\/nationalismus\/\">Nationalismus<\/a><\/li>\n<li><a href=\"https:\/\/www.freiburg-schwarzwald.de\/blog\/global\/eu\/notverordnungen\/\">Notverordnungen<\/a><\/li>\n<li><a title=\"Oesterreich\" href=\"https:\/\/www.freiburg-schwarzwald.de\/blog\/global\/oesterreich\/\">Oesterreich<\/a><\/li>\n<li><a title=\"One-World\" href=\"https:\/\/www.freiburg-schwarzwald.de\/blog\/global\/globalisierung\/one-world\/\">One World<\/a><\/li>\n<li><a href=\"https:\/\/www.freiburg-schwarzwald.de\/blog\/global\/osteuropa\/\">Osteuropa<\/a><\/li>\n<li><a title=\"Patriotismus\" href=\"https:\/\/www.freiburg-schwarzwald.de\/blog\/engagement\/zukunft\/demokratie\/patriotismus\/\">Patriotismus<\/a><\/li>\n<li><a href=\"https:\/\/www.freiburg-schwarzwald.de\/blog\/global\/polen\/polen-nation\/\">Polen-Nation<\/a><\/li>\n<li><a title=\"Target\" href=\"https:\/\/www.freiburg-schwarzwald.de\/blog\/global\/eu\/target\/\">Target \u2013 EU-Zahlungsverkehrssystem<\/a><\/li>\n<li><a title=\"EU-Transferunion\" href=\"https:\/\/www.freiburg-schwarzwald.de\/blog\/global\/eu\/eu-transferunion\/\">Transferunion<\/a><\/li>\n<li><a title=\"Untergang\" href=\"https:\/\/www.freiburg-schwarzwald.de\/blog\/religion\/islam\/untergang\/\">Untergang Europas<\/a><\/li>\n<li><a title=\"Visegrad\" href=\"https:\/\/www.freiburg-schwarzwald.de\/blog\/global\/eu\/visegrad\/\">Visegrad<\/a><\/li>\n<li><a title=\"Westen\" href=\"https:\/\/www.freiburg-schwarzwald.de\/blog\/engagement\/zukunft\/demokratie\/westen\/\">Westen \u2013 \u201eFreie Welt\u201c<\/a><\/li>\n<\/ul>\n<p>&nbsp;<\/p>\n<p><strong>EU: L\u00fcge und Vertuschung<\/strong><br \/>\nIch empfehle jedem, der eine Stunde Zeit aufbringen kann, das Video von Stefan Magnet auf Auf1. Er ist dort im Gespr\u00e4ch mit der AfD EU Abgeordneten Dr. Sylvia Limmer. Und was Dr. Limmer da ausplaudert ist an Brisanz nicht zu \u00fcberbieten. Wie wichtig die alternativen Medien sind, wie unersetzlich, wird hier besonders deutlich. Erstklassige Arbeit von Auf1, Stefan Magnet, und nat\u00fcrlich einer selten mutigen EU Abgeordneten, die furchtlos die \u00d6ffentlichkeit informiert. \u00d6ffentlichkeit beschr\u00e4nkt sich nat\u00fcrlich auf unseren privilegierten kleinen Kreis, der sich in der Breite informiert. Denn in den MSM werden Sie davon nichts erfahren.<br \/>\n<a href=\"https:\/\/auf1.tv\/stefan-magnet-auf1\/eu-abgeordnete-dr-limmer-luege-und-vertuschung-anstatt-aufarbeitung\/\">https:\/\/auf1.tv\/stefan-magnet-auf1\/eu-abgeordnete-dr-limmer-luege-und-vertuschung-anstatt-aufarbeitung\/<\/a><br \/>\n20.4.2023<\/p>\n<p>&nbsp;<\/p>\n<p><strong>EU: Von der Investitionsunion zur Umverteilungsagentur<\/strong><br \/>\n<strong>EU-Politik: Das Institut der deutschen Wirtschaft fordert \u201eDelors-Plan 2.0\u201c \/ Eine Antwort auf die globalen Herausforderungen China und USA?<\/strong><br \/>\nvon Joachim Starbatty<br \/>\nDas K\u00f6lner Institut der deutschen Wirtschaft (IW) hat eine Antwort der EU auf den Systemwettbewerb mit den USA und auf den Systemkonflikt mit China skizziert. Der IW-Direktor Michael H\u00fcther pl\u00e4diert dabei mit seinen Referenten Simon Gerards Iglesias und Melinda Fremerey sowie Sandra Parthie, Leiterin des Br\u00fcsseler IW-B\u00fcros, f\u00fcr eine Vertiefung der europ\u00e4ischen Integration. Bei der Verteidigungs-, Finanzierungs- und Investitionsarchitektur m\u00fc\u00dften nun neue Wege beschritten werden. Er konzentriert sich vor allem auf die Schaffung einer Investitionsunion, denn die EU m\u00fcsse \u201eeine gemeinsame Antwort zur Erhaltung und St\u00e4rkung ihrer Wettbewerbsf\u00e4higkeit finden und diese in ihren Politiken sowie Instrumenten verankern\u201c.<\/p>\n<p>Zwar ist der medial aktive \u00d6konomieprofessor H\u00fcther nicht das Sprachrohr der gesamten deutschen Wirtschaft, doch das privat organisierte IW ist ein eingetragener Verein. Und dessen Mitglieder sind rund hundert Wirtschafts- und Arbeitgeberverb\u00e4nde Deutschlands sowie Einzelunternehmen, die durch Beitr\u00e4ge in H\u00f6he von j\u00e4hrlich zw\u00f6lf Millionen Euro die wissenschaftliche und publizistische IW-Arbeit finanzieren. Daher wird H\u00fcther einerseits deren Interessen in seinen \u00dcberlegungen ber\u00fccksichtigen und sie andererseits von seinem Konzept \u00fcberzeugen wollen. Das tr\u00e4gt den historisch-programmatischen Titel \u201eEuropa mu\u00df den n\u00e4chsten Schritt wagen: Delors-Plan 2.0\u201c (IW-Policy Paper 4\/23).<\/p>\n<p>Der Europ\u00e4ische Rat hatte im Juni 1988 den Kommissionspr\u00e4sidenten Jacques Delors \u2013 einen franz\u00f6sischen Sozialisten und fr\u00fcheren Wirtschaftsminister von Fran\u00e7ois Mitterrand \u2013 beauftragt, zusammen mit dem Niederl\u00e4nder Wim Duisenberg, dem damaligen Chef der Bank f\u00fcr Internationalen Zahlungsausgleich (BIZ) in Basel, den seinerzeit zw\u00f6lf Zentralbanken der Europ\u00e4ischen Gemeinschaft (EG) sowie weiteren Sachverst\u00e4ndigen einen Stufenplan f\u00fcr eine Europ\u00e4ische Wirtschafts- und W\u00e4hrungsunion auszuarbeiten.<\/p>\n<p>Die EG sollte so auf eine h\u00f6here Integrationsstufe gehoben werden, wobei die Mitgliedstaaten auf ihre geld- und w\u00e4hrungspolitische Souver\u00e4nit\u00e4t zugunsten einer Europ\u00e4ischen Zentralbank verzichteten. Dieser \u201eDelors-Plan\u201c wurde im April 1989 vorgelegt und m\u00fcndete schlie\u00dflich 1992 in den Vertrag von Maastricht und 1998 in den Beschlu\u00df zur Einf\u00fchrung der Gemeinschaftsw\u00e4hrung Euro. Doch das hat nicht Wachstum und Stabilit\u00e4t gef\u00f6rdert, sondern die Euro-Zone gespalten, weil die s\u00fcdlichen Mitgliedstaaten verlorengegangene Wettbewerbsf\u00e4higkeit nicht mehr durch Abwertungen ihrer nationalen W\u00e4hrung kompensieren konnten. Weil ungleiche Partner zusammengebunden wurden, war das Abrutschen der Euro-Zone in eine Haftungsunion die politische Konsequenz. Entsprechend mu\u00df bei H\u00fcthers \u201eDelors-Plan 2.0\u201c gepr\u00fcft werden, was gewollt ist und was sich nach bisherigen Erfahrungen ergeben k\u00f6nnte.<\/p>\n<p>B\u00fcndelung und Fokussierung internationaler Gro\u00dfinvestitionen?<br \/>\nIm Zentrum des \u201eDelors-Plans 2.0\u201c steht eine neue Investitionsarchitektur, damit die EU als Investitionsstandort wieder attraktiver werde; doch will H\u00fcther nicht einfach Kompetenzen in Br\u00fcssel b\u00fcndeln. Der von Mitgliedern des EU-Parlaments regelm\u00e4\u00dfig erhobenen Forderung nach \u201emehr Europa\u201c kann er nichts abgewinnen, da der daraus resultierende punktuelle Interventionismus meist die Wirtschaft bel\u00e4stige; komplizierte Vorschriften w\u00fcrden \u00fcberdies deren Produktivit\u00e4tsentwicklung behindern. Auch H\u00fcthers Vorstellung, da\u00df das Subsidiarit\u00e4tsprinzip aus politischen Gr\u00fcnden beiseite geschoben w\u00fcrde, ist zutreffend. Die EU-Parlamentarier wollen m\u00f6glichst viele Sachverhalte vergemeinschaften, weil so auch dem EU-Parlament neue Kompetenzen zuteil w\u00fcrden.<br \/>\nIn der von H\u00fcther gewollten Investitionsunion geht es um die B\u00fcndelung und Fokussierung grenz\u00fcberschreitender Gro\u00dfinvestitionen, damit die EU in strategischen Bereichen zukunftsorientiert handeln k\u00f6nne und so zum weltweit f\u00fchrenden Ort f\u00fcr Produktion und Innovation werde. Diese Konzeption entspricht nicht der ordnungspolitischen Ausrichtung, \u00fcber Wettbewerb und passende Rahmenbedingungen f\u00fcr Innovationskraft und internationale Konkurrenzf\u00e4higkeit zu sorgen, sondern der franz\u00f6sischen Version europ\u00e4ischer Industriepolitik. Sie will in einer zukunftsorientierten Zusammenarbeit von Staat und Wirtschaft die europ\u00e4ische Wettbewerbsf\u00e4higkeit steigern. Da werden auch staatliche Finanzmittel eingesetzt. Das j\u00fcngst gemeinsam von Emmanuel Macron und Olaf Scholz pr\u00e4sentierte Konzept zur Zukunft der EU atmet diesen Geist. Damit ist der Kanzler auf die franz\u00f6sische Linie eingeschwenkt.<\/p>\n<p>H\u00fcthers Investitionsunion kann auf EU-Geld nicht verzichten. Die gro\u00dfen Aufgaben, vor denen die EU stehe, k\u00f6nnten gemeistert werden, wenn Br\u00fcsseler Finanzmittel auf die strategische Resilienz fokussiert w\u00fcrden. Diese Mittel k\u00f6nnten durch die volle Aussch\u00f6pfung des 750-Milliarden-Fonds \u201eNextGeneration EU\u201c (NGEU) generiert werden. Die Vollendung einer Banken- und Kapitalmarkt\u00adunion und die Fortentwicklung makro\u00f6konomischer Stabilisierungsinstrumente gegen Arbeitslosigkeit, was auf eine EU-Arbeitslosenversicherung hinausl\u00e4uft, sollen die EU-Investitionsunion absichern: ein weiterer Schritt in die Haftungsunion.<\/p>\n<p>Zus\u00e4tzlich ben\u00f6tigte Gelder k\u00f6nnten auch \u00fcber eine NGEU-Wiederauflage aufgebracht werden \u2013 also \u00fcber eine Aufstockung der gemeinsamen Haftung. \u201eEuropa mu\u00df finanziert werden, wo es uns etwas wert ist\u201c, argumentiert H\u00fcther, \u201eAngst und Zauderei sind fehl am Platze\u201c. Er r\u00e4umt freilich ein: Bek\u00e4me der NGEU einen Nachfolger, m\u00fc\u00dfte er klar von einer Transfer- und Haftungsunion abgegrenzt werden. Wer mit der Br\u00fcsseler Praxis vertraut ist, sieht schon Kommission, Parlament und Mitgliedstaaten am Werk, um aus der Investitionsunion eine Umverteilungsagentur zu machen.<br \/>\n.<br \/>\nStudie \u201eEuropa mu\u00df den n\u00e4chsten Schritt wagen: Delors-Plan 2.0\u201c (IW-Policy Paper 4\/23): <a href=\"https:\/\/www.iwkoeln.de\/studien.html\">https:\/\/www.iwkoeln.de\/studien.html<\/a><br \/>\n&#8230; Alles vom 14.4.2023 bitte lesen in der JF 16-34, Seite 11<br \/>\n.<br \/>\nProf. Dr. Joachim Starbatty ist \u00d6konom. Er war Vorsitzender der Aktionsgemeinschaft Soziale Marktwirtschaft und EU-Abgeordneter.<\/p>\n<p>&nbsp;<\/p>\n<p><strong>Haltungs-\u00d6konomie statt freie Marktwirtschaft<\/strong><br \/>\n<strong>EU-Planbeamte ersetzen Unternehmer-Entscheidungen<\/strong><br \/>\nvon Fabian Nicolay<\/p>\n<p>Liebe Leserin, lieber Leser!<br \/>\n<em>\u201eWenn ich durch die Stra\u00dfen gehe,<\/em><br \/>\n<em>und etwas Neues, Sch\u00f6nes sehe,<\/em><br \/>\n<em>weis&#8216; ich stolz darauf:<\/em><br \/>\n<em>Das hat mein Freund getan!<\/em><br \/>\n<em>Mein Freund, der Plan!\u201c<\/em><br \/>\nUrsula von der Leyen spricht nicht in Reimen, wenn sie in Br\u00fcssel oder Stra\u00dfburg Reden h\u00e4lt. Was sie seit geraumer Zeit von sich gibt, reimt sich wirtschaftspolitisch dennoch auf den kleinb\u00fcrgerlich-niederschwelligen F\u00fcnfzeiler Walter Ulbrichts, dem l\u00e4ngst verblichenen DDR-Staatsratsvorsitzenden, der 1961 die Mauer erbauen lie\u00df, die angeblich niemand zu errichten beabsichtigte. Auch EU-Kommissionspr\u00e4sidentin von der Leyen hat (ganz sicher) <a href=\"https:\/\/www.freiburg-schwarzwald.de\/blog\/niemand-hat-die-absicht\/\">\u201enicht die Absicht\u201c<\/a>, eine Planwirtschaft zu errichten. In ihrer Rede zur Lage der EU vom 14. September k\u00fcndigte sie jedoch an, gestiegene Preise und \u00fcberbordende Gewinne der Stromerzeuger zum Wohle der B\u00fcrger regulieren zu wollen. 140 Milliarden Euro sollten so aus \u201e\u00dcbergewinnen\u201c bei den Konzernen abgesch\u00f6pft und umverteilt werden.<\/p>\n<p>Da dies nach den Regeln der Marktwirtschaft nicht so einfach geht, bleibt uns Ursula von der Leyen die Erkl\u00e4rung schuldig, warum ausgerechnet das nachweislich d\u00fcmmste Instrument sozialistischer Misswirtschaft, \u201eder Plan\u201c, in ihrer \u00f6kologisch-sozialen Postmoderne funktionieren sollte. Da sie uns auch vorenth\u00e4lt, wie genau das technisch vonstatten gehen soll mit der Absch\u00f6pfung \u00fcberplanm\u00e4\u00dfiger Gewinne der Stromproduzenten (Kapitalismus), kann man nur mutma\u00dfen, dass sie ein \u00f6konomisches Exempel nach Art einer Enteignung statuieren m\u00f6chte (Sozialismus).<\/p>\n<p><em><strong>Die soziale Sinnhaftigkeit von Unternehmen<\/strong><\/em><br \/>\nWeil Planwirtschaft verd\u00e4chtig muffig klingt, wurde mit dem Euphemismus \u201esoziale Taxonomie\u201c schon vor Monaten ein Begriff eingef\u00fchrt, der eine solche Operation am offenen Herzen der freien Marktwirtschaft wie die Vorf\u00fchrung der stabilen Seitenlage auf einem Erste-Hilfe-Kurs erscheinen l\u00e4sst. Als Anfang des Jahres die \u201eTaxonomie\u201c-Debatte in Br\u00fcssel ausgeweitet wurde, ging es pl\u00f6tzlich nicht mehr nur um das urspr\u00fcngliche Thema \u201eNachhaltigkeit\u201c, sondern auch um die soziale Sinnhaftigkeit von Unternehmen und Branchen. Da war man ideentechnisch bereits beim waschechten Sozialismus angelangt.<\/p>\n<p>Es geht ab sofort um soziale Ordnungspolitik, um gelenkte Gerechtigkeit, um gesteuerten Ausgleich, um auferlegte Verantwortung \u2013 also die politische Steuerung in die \u201ekorrekte\u201c Richtung. Zum Plan geh\u00f6rt das Ansinnen, alle Eingriffe wie mildt\u00e4tige Interventionen des Staatsapparats vor einer Drohkulisse aus Mangel, Krise und unternehmerischem Missverhalten erscheinen zu lassen. Die Utopie ist: Es nutzt dem Kollektiv. Dass genau diese Eingriffe aber die Ursachen f\u00fcr eklatante volkswirtschaftliche Missst\u00e4nde und Sch\u00e4den sind, m\u00fcsste anhand der historischen Beispiele eigentlich klar sein. In Br\u00fcssel ist aber derzeit gar nichts klar, au\u00dfer \u201eutopisch Gewolltes\u201c (Ernst Bloch).<\/p>\n<p>Der Traum der Kommissionspr\u00e4sidentin sieht ungef\u00e4hr so aus: \u201eWohlgesinnte\u201c Politiker und hochbezahlte Beamten, die nach striktem Ermessen der Br\u00fcsseler Nomenklatura entscheiden, ob und inwieweit ein Unternehmen als sozial und nachhaltig eingestuft werden kann \u2013 und zwar unabh\u00e4ngig von dessen wirtschaftlichem Erfolg \u2013 setzen die Klima- und Politikziele der EU um, in der festen \u00dcberzeugung, dass Einmischung legitim ist, sobald sie \u201eh\u00f6heren\u201c Zielen dient \u2013 und zwar ebenfalls unabh\u00e4ngig davon, ob es daf\u00fcr ein demokratisches Mandat gibt oder nicht. Noch vor wenigen Jahren war der \u00f6konomische Erfolg das erste Merkmal marktwirtschaftlicher Daseinsberechtigung von Unternehmen.<br \/>\nBald reicht das nicht mehr aus. Der soziale Wert f\u00fcr die Gemeinschaft wird als Selbstverpflichtung von Unternehmen zur Voraussetzung der Teilnahme an einer nicht mehr marktorientierten, sondern einer ideologisch verfassten Wirtschaftsform. Das ist definitiv keine freie Marktwirtschaft mehr, sondern Haltungs-\u00d6komomie.<\/p>\n<p><em><strong>Mission, Moral, Moneten<\/strong><\/em><br \/>\nOb ein Unternehmen, zum Beispiel bei der Energiegewinnung, sozial und \u00f6kologisch n\u00fctzlich ist, das soll bald Sache von Apparatschiks sein und keine Frage der Wirtschaftlichkeit, der Nachfrage und des Bedarfs. Hier wird die freie Marktwirtschaft ad absurdum gef\u00fchrt, weil die EU-Kommissionspr\u00e4sidentin bestimmen will, welches Unternehmen ihrer Meinung nach unsozial ist.<br \/>\nDas ist das stereotype Muster politischer Systeme, die staatliche Planwirtschaft betreiben: Da bestimmen nicht mehr Unternehmer, wohin Gelder flie\u00dfen, was produziert werden soll, wieviel und ob \u00fcberhaupt. Nicht der Konsument, sondern der Beamte bestimmt, welches Unternehmen oder Produkt Sinn macht und was es kosten darf. Diese Art der Anma\u00dfung brachte alle bisherigen Experimente sozialistischer Planwirtschaft zum Scheitern. Der regulationsw\u00fctige Beamte ist der Fehler im System, nicht die Idee der Wohlstandserzeugung, die sich selbst tragen und organisieren kann.<\/p>\n<p>Wenn Energieversorgungs-Unternehmen als unsozial gelten, weil sie entweder einen hohen Ressourcenverbrauch haben oder, wie gerade zu sehen, in Zeiten kriegsbedingter \u00dcberteuerung satte Gewinne einfahren oder wenn die Luxusg\u00fcterindustrie Bed\u00fcrfnisse befriedigt, die f\u00fcrs Fu\u00dfvolk nicht notwendig erscheinen d\u00fcrfen, ist das schlecht f\u00fcrs Ranking und den Fortbestand des Unternehmens. So etwas kann \u201esozial\u201c hoch angesehenen Pharmakonzernen nicht zum Problem erwachsen. Denn hier stimmt zurzeit alles: Mission, Moral, Moneten.<\/p>\n<p><em><strong>Der Kapitalismus, wie wir ihn kennen, ist tot<\/strong><\/em><br \/>\nEin neuer Lobbyismus wird entstehen, bei dem Unternehmen und Branchen in erster Linie um ihren sozialen Status in Br\u00fcssel buhlen. Sustainability (Nachhaltigkeit), Compliance (Wohlverhalten), Commitment (Verpflichtung) &#8230; die Beratungs- und Zertifizierungsindustrie jubiliert bestimmt schon.<\/p>\n<p>Wie wir wissen, arbeitet sich linke Wirtschaftskritik von Haus aus gern an den Ausw\u00fcchsen eines \u201eneoliberalen Marktkapitalismus\u201c ab. Seit einiger Zeit werden die ordnungspolitischen Marktregulierungen zugunsten einer gr\u00fcnen Agenda jedoch zunehmend auch als Tendenzen einer tiefgreifenden Krise gewertet, die der Kapitalismus nicht \u00fcberlebt. Demnach sind die (planwirtschaftlichen) Marktregulierungen im Zuge der europ\u00e4ischen Energie- und Klimapolitik Teil einer inneren Abwendung und \u201eTransformation\u201c, mit denen sich der Kapitalismus peu \u00e0 peu selbst abschafft.<\/p>\n<p>Auf dem Weltwirtschaftsforum 2021 in Davos hatten die Veranstalter in ihrem Pr\u00e4sentationsfilm \u201eWhat is the Great Reset?\u201c bereits verk\u00fcndet \u201eCapitalism, as we know it, is dead\u201c (Marc Benioff). Die \u00f6kologischen Assimilierungsstrategien eines zunehmend gr\u00fcnen Marktkapitalismus erf\u00fcllen sich also in einer Art Autoimmun-Reaktion, die sich gegen das eigene System richtet. Wenn das schon linke Intellektuelle behaupten, muss es wirklich ernst sein.<\/p>\n<p>Noch geht es momentan darum: \u201eEs muss demokratisch aussehen, aber wir m\u00fcssen alles in der Hand haben.\u201c Das ist auch so ein Bonmot von Walter Ulbricht, dem Ursula von der Leyen offenbar nacheifert. Unbek\u00fcmmert verkl\u00e4rt sie ihre planwirtschaftlichen Umtriebe zu moral- und ordnungspolitisch notwendigen Ma\u00dfnahmen, wie am vergangenen Mittwoch vor dem EU-Parlament in Stra\u00dfburg. Ernst Bloch, bis 1961 der neomarxistische Haus- und Hofphilosoph der DDR, w\u00fcrde uns dazu schlicht mitteilten: \u201eDie F\u00e4lschung unterscheidet sich vom Original dadurch, dass sie echter aussieht.\u201c<br \/>\nIhnen ein sch\u00f6nes Wochenende!<br \/>\nIhr Fabian Nicolay,<br \/>\nHerausgeber <a href=\"https:\/\/www.achgut.com\">https:\/\/www.achgut.com<\/a><br \/>\nAchgut Wochen-Newsletter 16.9.2022<\/p>\n","protected":false},"excerpt":{"rendered":"<p>Home\u00a0&gt;Global\u00a0&gt;EU\u00a0&gt;Finanzsystem\u00a0&gt;EU-Transferunion &gt;EU-Planwirtschaft Listenauswahl eines Beitrags (Artikel\/Datum, Seite\/Inhalt): Klicken oder scrollen Milosz Matuschek: Zehn Gr\u00fcnde warum die EU scheitern wird (18.1.2026) L\u00fcder Gerken: Industriestandort Deutschland ade?\u00a0(17.1.2025) Ifo, BDI zur Deindustrialisierung\u00a0(19.11.2025) EU-\u201eMittelmeerpakt\u201c zugunsten Nordafrikas und des Nahen Ostens: 42 Milliarden? (21.10.2025) vdL &hellip; <a href=\"https:\/\/www.freiburg-schwarzwald.de\/blog\/global\/eu\/eu-planwirtschaft\/\">Weiterlesen <span class=\"meta-nav\">&rarr;<\/span><\/a><\/p>\n","protected":false},"author":2,"featured_media":0,"parent":2859,"menu_order":0,"comment_status":"closed","ping_status":"closed","template":"","meta":{"footnotes":""},"class_list":["post-104349","page","type-page","status-publish","hentry"],"_links":{"self":[{"href":"https:\/\/www.freiburg-schwarzwald.de\/blog\/wp-json\/wp\/v2\/pages\/104349","targetHints":{"allow":["GET"]}}],"collection":[{"href":"https:\/\/www.freiburg-schwarzwald.de\/blog\/wp-json\/wp\/v2\/pages"}],"about":[{"href":"https:\/\/www.freiburg-schwarzwald.de\/blog\/wp-json\/wp\/v2\/types\/page"}],"author":[{"embeddable":true,"href":"https:\/\/www.freiburg-schwarzwald.de\/blog\/wp-json\/wp\/v2\/users\/2"}],"replies":[{"embeddable":true,"href":"https:\/\/www.freiburg-schwarzwald.de\/blog\/wp-json\/wp\/v2\/comments?post=104349"}],"version-history":[{"count":6,"href":"https:\/\/www.freiburg-schwarzwald.de\/blog\/wp-json\/wp\/v2\/pages\/104349\/revisions"}],"predecessor-version":[{"id":144430,"href":"https:\/\/www.freiburg-schwarzwald.de\/blog\/wp-json\/wp\/v2\/pages\/104349\/revisions\/144430"}],"up":[{"embeddable":true,"href":"https:\/\/www.freiburg-schwarzwald.de\/blog\/wp-json\/wp\/v2\/pages\/2859"}],"wp:attachment":[{"href":"https:\/\/www.freiburg-schwarzwald.de\/blog\/wp-json\/wp\/v2\/media?parent=104349"}],"curies":[{"name":"wp","href":"https:\/\/api.w.org\/{rel}","templated":true}]}}