{"id":104139,"date":"2022-09-04T21:00:07","date_gmt":"2022-09-04T19:00:07","guid":{"rendered":"https:\/\/www.freiburg-schwarzwald.de\/blog\/?page_id=104139"},"modified":"2025-11-13T20:47:23","modified_gmt":"2025-11-13T19:47:23","slug":"politik-illusionen","status":"publish","type":"page","link":"https:\/\/www.freiburg-schwarzwald.de\/blog\/engagement\/zukunft\/demokratie\/politik\/politik-illusionen\/","title":{"rendered":"Politik-Illusionen"},"content":{"rendered":"<p><a href=\"https:\/\/freiburg-schwarzwald.de\/blog\">Home<\/a>\u00a0&gt;<a title=\"Engagement\" href=\"https:\/\/www.freiburg-schwarzwald.de\/blog\/engagement\/\">Engagement<\/a>\u00a0&gt;<a title=\"Zukunft\" href=\"https:\/\/www.freiburg-schwarzwald.de\/blog\/engagement\/zukunft\/\">Zukunft<\/a>\u00a0&gt;<a title=\"Demokratie\" href=\"https:\/\/www.freiburg-schwarzwald.de\/blog\/engagement\/zukunft\/demokratie\/\">Demokratie<\/a> &gt;<a href=\"https:\/\/www.freiburg-schwarzwald.de\/blog\/engagement\/zukunft\/demokratie\/politik\/\">Politik<\/a> &gt;Politik-Illusionen<\/p>\n<div id=\"attachment_103379\" style=\"width: 651px\" class=\"wp-caption alignnone\"><a href=\"https:\/\/www.freiburg-schwarzwald.de\/blog\/wp-content\/uploads\/2022\/08\/spatzen-hitze-pan220812.jpg\"><img loading=\"lazy\" decoding=\"async\" aria-describedby=\"caption-attachment-103379\" class=\"size-full wp-image-103379\" src=\"https:\/\/www.freiburg-schwarzwald.de\/blog\/wp-content\/uploads\/2022\/08\/spatzen-hitze-pan220812.jpg\" alt=\"\" width=\"641\" height=\"310\" srcset=\"https:\/\/www.freiburg-schwarzwald.de\/blog\/wp-content\/uploads\/2022\/08\/spatzen-hitze-pan220812.jpg 641w, https:\/\/www.freiburg-schwarzwald.de\/blog\/wp-content\/uploads\/2022\/08\/spatzen-hitze-pan220812-180x87.jpg 180w\" sizes=\"auto, (max-width: 641px) 100vw, 641px\" \/><\/a><p id=\"caption-attachment-103379\" class=\"wp-caption-text\">Durstige Spatzen bei gro\u00dfer Hitze im August 2022<\/p><\/div>\n<p>&nbsp;<\/p>\n<ul>\n<li><em>Listenauswahl eines Beitrags: Bitte anklicken oder runterscrollen<\/em><\/li>\n<li><a href=\"https:\/\/www.freiburg-schwarzwald.de\/blog\/engagement\/zukunft\/demokratie\/politik\/moralpolitik\/\">Volker Boehme-Ne\u00dfler: Angstpolitik<\/a>\u00a0(13.11.2025)<\/li>\n<li><a href=\"https:\/\/www.freiburg-schwarzwald.de\/blog\/engagement\/zukunft\/demokratie\/politik\/moralpolitik\/\">Thorsten Hinz: Der Preis der Moralpolitik<\/a>\u00a0(7.11.2025)<\/li>\n<li><a href=\"https:\/\/www.freiburg-schwarzwald.de\/blog\/vereine\/partei\/afd\/weidel\/\">Alice Weidel in Z\u00fcrich: Gespr\u00e4ch mit der Weltwoche<\/a>\u00a0(4.9.2025)<\/li>\n<li><a href=\"https:\/\/www.freiburg-schwarzwald.de\/blog\/musk-und-die-meinungsfreiheit\/\">Musk und die Meinungsfreiheit<\/a>\u00a0(30.12.2024)<\/li>\n<li><a href=\"https:\/\/www.freiburg-schwarzwald.de\/blog\/sport\/sportlern\/fussball\/fussball-em2024\/\">Fussball-EM zeigt Niedergang<\/a>\u00a0(14.7.2024)<\/li>\n<li><a href=\"https:\/\/www.freiburg-schwarzwald.de\/blog\/die-ampel-ist-erloschen-dubai\/\">Die Ampel ist erloschen \u2013 Dubai<\/a>\u00a0(29.11.2023)<\/li>\n<li><a href=\"https:\/\/www.freiburg-schwarzwald.de\/blog\/engagement\/zukunft\/demokratie\/politik\/politik-infantil\/\">Habeck im Regenwald: \u201eIch bin so etwas wie euer H\u00e4uptling\u201c<\/a>\u00a0(18.3.2023)<\/li>\n<li><a href=\"https:\/\/www.freiburg-schwarzwald.de\/blog\/gebauer-nach-dem-great-reset\/\">Gebauer: Nach dem Great Reset<\/a>\u00a0(31.1.2023)<\/li>\n<li><a href=\"https:\/\/www.freiburg-schwarzwald.de\/blog\/engagement\/zukunft\/demokratie\/freiheit\/freiheit-fuer-geld\/\">Die Deutschen tauschten Freiheit f\u00fcr Geld<\/a>\u00a0(23.12.20022)<\/li>\n<li><a href=\"https:\/\/www.freiburg-schwarzwald.de\/blog\/bildung\/wissenschaft\/experten\/\">Experte als das wahre Unwort des Jahres 2022?<\/a>\u00a0(23.12.2022)<\/li>\n<li><a href=\"https:\/\/www.freiburg-schwarzwald.de\/blog\/engagement\/zukunft\/demokratie\/gruen-links\/politik-bullerbue\/\">Gr\u00fcne Zukunft: In Bullerb\u00fc gehen die Lichter aus<\/a>\u00a0(20.12.2022)<\/li>\n<li><a href=\"https:\/\/www.freiburg-schwarzwald.de\/blog\/ukraine-9-punkte-zum-frieden\/\">Ukraine: 9 Punkte zum Frieden<\/a>\u00a0(13.11.2022)<\/li>\n<li>Thorsten Hinz: Hyperrealit\u00e4t &#8211; Wenn das Reale verschwindet (28.10.2022)<\/li>\n<li><a href=\"https:\/\/www.freiburg-schwarzwald.de\/blog\/religion\/christen\/bibel\/\">Peter Hahne: Wer Winnetou abschafft, schafft die Bibel ab<\/a> (1.10.2022)<\/li>\n<li>Die 17 Dogmen politischer Illusionen (3.9.2022)<\/li>\n<li><\/li>\n<li><a href=\"https:\/\/www.freiburg-schwarzwald.de\/blog\/engagement\/zukunft\/demokratie\/politik\/moralpolitik\/\">Moralpolitik<\/a><\/li>\n<li><a href=\"https:\/\/www.freiburg-schwarzwald.de\/blog\/engagement\/zukunft\/demokratie\/gruen-links\/politik-bullerbue\/\">Politik-Bullerb\u00fc<\/a><\/li>\n<li><a href=\"https:\/\/www.freiburg-schwarzwald.de\/blog\/engagement\/zukunft\/demokratie\/politik\/politik-infantil\/\">Politik-infantil<\/a><\/li>\n<\/ul>\n<p>&nbsp;<\/p>\n<p>&nbsp;<\/p>\n<p><strong>Thorsten Hinz: Hyperrealit\u00e4t &#8211; Wenn das Reale verschwindet<\/strong><br \/>\n<em>Permanente Panik-Kampagnen haben die Menschen dahin gebracht, da\u00df sie nicht mehr wissen, was die Wirklichkeit ist und was sie glauben k\u00f6nnen<br \/>\n<\/em><br \/>\nK\u00fcrzlich verf\u00fcgte die Berliner Senatsinnenverwaltung, da\u00df die Polizei die Erfassung des Migrationshintergrunds jugendlicher Straft\u00e4ter einzustellen hat. W\u00e4re das blo\u00df ein neuer Akt der Wirklichkeitsverweigerung, so w\u00e4re das schlimm genug. Doch wenigstens k\u00f6nnte man erwarten, da\u00df die Realit\u00e4t die verantwortlichen Politiker irgendwann einholt, widerlegt und der L\u00e4cherlichkeit preisgibt. \u00dcber dieses Stadium sind wir jedoch l\u00e4ngst hinaus. Die politischen Gesinnungst\u00e4ter verf\u00fcgen \u00fcber eine geballte administrative, institutionelle und mediale Macht, die sie in die Lage versetzt, die reale Wirklichkeit durch ihre artifizielle Wunschwelt auszutauschen.<br \/>\nIn dieser sch\u00f6nen neuen Welt wird die unzweideutige Benennung krimineller Delikte, ihrer Urheber und Hintergr\u00fcnde schwerer gewichtet als die Kriminalit\u00e4t selbst und stellt schlie\u00dflich den Straftatbestand der \u201eVolksverhetzung\u201c dar. Die spezielle Art der Kriminalit\u00e4t verschwindet deshalb nicht aus der Welt, aber sie wird aus ihrem Kontext herausgel\u00f6st, handlich zerlegt, neu zusammengesetzt und in einen Rahmen \u2013 in ein \u201eNarrativ\u201c \u2013 gestellt, in dem ihre Eigenart und Urs\u00e4chlichkeit nicht mehr identifizierbar sind.<br \/>\nDie Begriffe \u201eAusl\u00e4nderkriminalit\u00e4t\u201c, \u201eAusl\u00e4nder\u201c, \u201eAsylant\u201c sind aus der \u00f6ffentlichen Kommunikation ganz oder so gut wie verschwunden. Sogar der \u201eFl\u00fcchtling\u201c befindet sich auf dem R\u00fcckzug. Denn die Bezeichnungen markieren eine rechtliche Unterscheidung zum Staatsb\u00fcrger. Das Wort \u201eMigrant\u201c hingegen klingt technisch n\u00fcchtern, neutral. Es assoziiert eine fluide Welt, in der Kapital, Warenstr\u00f6me und auch Personen ganz selbstverst\u00e4ndlich grenzenlos flottieren. Unterschlagen wird der entscheidende Unterschied: die fehlende Reziprozit\u00e4t. Warenlieferungen werden vom Importeur bezahlt; investiertes Kapital sorgt f\u00fcr Wertsch\u00f6pfung, die dem Investor einen Gewinn sichert. Im Fall der Massenmigration liegt der Nutzen radikal einseitig bei den Migranten; in den Ziell\u00e4ndern sorgt sie f\u00fcr finanzielle und soziale Kosten.<\/p>\n<p>Da die Einseitigkeit rational nicht vermittelbar ist, treten an die Stelle der nachpr\u00fcfbaren Kosten-Nutzen-Aufstellung emotionale Propagandaformeln wie \u201eBereicherung\u201c, \u201ekulturelle Vielfalt\u201c, \u201eWillkommenskultur\u201c oder \u2013 besonders ergreifend \u2013 \u201eSchutzsuchende\u201c. Jene zur\u00fcckzuweisen w\u00e4re nicht nur herzlos, es w\u00e4re auch ein Versto\u00df gegen die \u201eW\u00fcrde des Menschen\u201c, weshalb entsprechende Forderungen in die N\u00e4he der \u201eVolksverhetzung\u201c geraten. Die Manipulation und moralische Erpressung verbindet sich stillschweigend mit polizeilicher und juristischer Einsch\u00fcchterung.<\/p>\n<p>Nun gibt es aber Migranten-Delikte, die sich aus einem archaischen Verh\u00e4ltnis zu physischer Gewalt oder aus der Wahrnehmung der Bundesrepublik als Beutegesellschaft ergeben. \u00dcber diese erkennbare Faktizit\u00e4t wird eine Melange aus Halbwahrheiten, Unterschlagungen, emotionalen Appellen und interessengeleiteten Expertisen gelegt. Im Ergebnis erscheinen die Konflikte und Delikte als Folge von Diskriminierung oder als Ausdruck kultur\u00fcbergreifender \u201etoxischer M\u00e4nnlichkeit\u201c, zu deren Erfassung und Bek\u00e4mpfung neue Forschungs- und Beratungsstellen, noch mehr Willkommenskultur und Umverteilung n\u00f6tig sind.<\/p>\n<p>T\u00e4glich ergie\u00dft sich eine Propaganda-Lawine aus Wort, Schrift und T\u00f6nen \u00fcber die Menschen, die instinktiv die manipulative Absicht sp\u00fcren, aber weder \u00fcber die Zeit noch die Mittel verf\u00fcgen, um den Kn\u00e4uel zu entwirren. Sie kapitulieren stillschweigend und werden zu Gefangenen einer \u2013 wie der franz\u00f6sische Medienwissenschaftler Jean Baudrillard (1929\u20132007) das nannte \u2013 simulierten \u201eHyperrealit\u00e4t\u201c, die nicht widerlegbar ist, da sie nur um sich selber zirkuliert und sich ihre eigene Logik und Gesetze gibt. In dieser simulierten Wirklichkeit werden die Fakten \u201evon vornherein in die rituelle Dechiffrierung und Orchestrierung der Massenmedien ein(geschrieben) und (&#8230;) in ihrer Inszenierung und ihren m\u00f6glichen Folgen vorweggenommen\u201c.<br \/>\nWenn ein Asylbewerber zum Beispiel mit dem Ruf \u201eAllahu akbar\u201c Passanten niedersticht, hat das in der Hyperrealit\u00e4t auf keinen Fall mit dem Islam, sondern mit einer psychischen St\u00f6rung zu tun, die auf traumatische Erfahrungen im ungastlichen Deutschland zur\u00fcckgeht. Wenn umgekehrt \u2013 wie 2020 in Hanau \u2013 ein Deutscher eine Anzahl Menschen ausl\u00e4ndischer Herkunft erschie\u00dft, seine Mutter und schlu\u00dfendlich sich selbst t\u00f6tet und ein Manifest hinterl\u00e4\u00dft, in dem Fachleute ein \u201epsychiatrisches Syndrom\u201c, einen \u201eschweren paranoiden Wahn mit zus\u00e4tzlichen (wahnhaften) Gr\u00f6\u00dfenideen\u201c, \u201eHalluzinationen, Denkst\u00f6rungen\u201c und \u201eparanoide Schizophrenie\u201c feststellen, \u00e4ndert das nichts daran, da\u00df der T\u00e4ter die Inspiration aus rechten Ha\u00dfreden empfangen hat. In Chemnitz wurde eine \u201erechte Hetzjagd\u201c simuliert und als unumst\u00f6\u00dfliches Faktum festgeschrieben, aus dem politische Konsequenzen zu ziehen sind.<br \/>\nIn dieser artifiziellen Wirklichkeit ist nicht nur verzeihlich, sondern verst\u00e4ndlich, die Deutschen als \u201eKartoffeln\u201c zu bezeichnen und ihnen die Urheberin solcher deutschenfeindlichen Bekundungen als Antidiskriminierungsbeauftragte vor die Nase zu setzen. Der Beschlu\u00df des Berliner Senats hat also einen langen Vorlauf und ist nur ein Detail im gro\u00dfen, hyperrealen Panorama.<br \/>\nDie \u00dcberformung der realen durch eine betonierte Hyperwirklichkeit war der Traum des klassischen Totalitarismus, den er durch eine Kombination aus Ideologie, Propaganda und Terror zu verwirklichen suchte. Die Folgen f\u00fcr die Betroffenen teilten sich Au\u00dfenstehenden als Massenwahnerscheinung mit. Der franz\u00f6sische Schriftsteller Andr\u00e9 Gide, der 1936 als Staatsgast die Sowjetunion besuchte und sogar auf der Ehrentrib\u00fcne auf dem Roten Platz in Moskau Platz nahm, unterschied sich von anderen hofierten Besuchern, weil er die d\u00fcstere Lebenswirklichkeit von der Propaganda-Fassade zu unterscheiden vermochte. Allerdings hatte er keine Erkl\u00e4rung daf\u00fcr, weshalb die Menschen trotz Armut und Unterdr\u00fcckung der Sowjetf\u00fchrung zujubelten. Dieses merkw\u00fcrdige Verhalten wird der Einfachheit halber dem beschr\u00e4nkten, halbgebildeten, indoktrinierten, provinziellen \u201eHomo sovieticus\u201c zugeschrieben. Den gab es zweifellos, doch die Wahrheit war komplizierter.<\/p>\n<p>Der russische Philosoph Michail Ryklin hat in dem Buch \u201eR\u00e4ume des Jubels. Totalitarismus und Differenz\u201c die \u00f6ffentliche Begeisterung der Sowjetb\u00fcrger f\u00fcr Stalin \u201edie schwerste Form der \u00c4u\u00dferung des Traumas\u201c genannt. \u201eJubeln ist keine Fr\u00f6hlichkeit. Unter dem Terror kann man nichts anderes machen. Wer nicht jubelt, der kann nicht \u00fcberleben. Wenn wir nicht lachen, nicht jubeln, wenn wir nicht die \u00e4u\u00dferen Zeichen der Begeisterung zeigen, dann werden wir verd\u00e4chtigt. Gide konnte das nicht verstehen als Ausl\u00e4nder, f\u00fcr ihn blieb es ein Geheimnis, warum die Leute so viel lachen, wenn alles so schlecht geht.\u201c<\/p>\n<p>Viele Betroffene waren sich der l\u00fcgenhaften Inszenierung und ihrer Unfreiheit vollkommen bewu\u00dft. Bereits die Tatsache, da\u00df das Regime das eigene vom Ausland konsequent abschottete, legte den Verdacht nahe, da\u00df es den Vergleich scheute und etwas zu verbergen hatte. Nach 70 Jahren fiel die Inszenierung in sich zusammen.<\/p>\n<p>Was in der Sowjetunion eine Trag\u00f6die gewesen war, geriet in der DDR vollends zur Farce. Zwar blieb die SED-Propaganda bis in den Herbst 1989 hinein intakt, aber die Attraktion des anderen deutschen Staates gen\u00fcgte, um die angestrebte Hyperrealit\u00e4t zu widerlegen. Die Bev\u00f6lkerung respektierte ohnm\u00e4chtig die politisch-ideologische Fassade, ohne sie mehrheitlich zu bejahen und als Teil ihres Selbst zu verinnerlichen.<\/p>\n<p>Den westlichen Gesellschaften liegt keine dem Marxismus-Leninismus vergleichbare Gro\u00dfideologie zugrunde. Statt der einen \u201eGro\u00dfen Erz\u00e4hlung\u201c legen sich viele kleine Erz\u00e4hlungen \u00fcber das \u00f6ffentliche und private Leben. Die Antirechts-, Migrations-, Klima-, Corona-, Rassismus-, Gender-, LGTBQ-Kampagnen, die in immer schnellerer Folge auf die Menschen einprasseln, laufen auf eine umfassende Transformation der Lebenswelt hinaus, deren Zielintention allerdings noch unscharf ist. Seit dem Ukraine-Krieg \u2013 von dem wir auch nur wissen, was die Medien uns wissen lassen \u2013 zeichnet sich ab, da\u00df eine mit dem Askese-Ethos camouflierte Verarmung dazugeh\u00f6rt.<\/p>\n<p>Erstaunlich bleibt, da\u00df eine Mehrheit sich die k\u00fcnstlich herbeigef\u00fchrte Dynamik innerlich zu eigen macht. Obwohl vieles, was eben als \u201eVerschw\u00f6rungstheorie\u201c l\u00e4cherlich gemacht worden ist, sich im n\u00e4chsten Moment als Tatsache erweist, bleibt die Autorit\u00e4t der gro\u00dfen \u201eWahrheitssysteme\u201c (so Sachsens Ministerpr\u00e4sident Michael Kretschmer) unangefochten.<\/p>\n<p>Das Modell der Schweigespirale \u2013 das Verstummen aus Furcht vor sozialer Isolation und beruflichen Nachteilen \u2013 reicht zur Erkl\u00e4rung nicht aus, denn die Indoktrination wirkt zersetzend bis in den privaten und famili\u00e4ren Bereich hinein, der normalerweise einen Schutz- und R\u00fcckzugsraum vor sozialen Sanktionen bietet. Trotzdem f\u00fchren Meinungsverschiedenheiten \u00fcber die Covid-Ma\u00dfnahmen oder den Ukraine-Krieg heute zur Aufk\u00fcndigung von Freundschaften und famili\u00e4ren Loyalit\u00e4ten.<\/p>\n<p>Man kennt dieses Verhalten aus der Hochphase des Stalinismus, als die Angst vor der Verhaftung sogar Familien und Freundeskreise zersetzte bis zur gegenseitigen Denunziation. Das war erkl\u00e4rlich als Unterwerfung unter einen Staatsterror, der die Lebenswirklichkeit fest im Griff hatte.<\/p>\n<p>Heute gibt es keinen auch nur ann\u00e4hernd vergleichbaren Au\u00dfendruck. Ann\u00e4hernd vergleichbar aber ist die Erfahrung des Weltverlusts, des Verlusts des gemeinsamen Bezugssystems und seine Substitution durch eine ideologisch motivierte Hyperrealit\u00e4t. Permanente Panik-Kampagnen haben die Menschen dahin gebracht, da\u00df sie nicht mehr wissen, was die Wirklichkeit ist und was sie glauben k\u00f6nnen. In ihrer Verunsicherung greifen sie nach den Erkl\u00e4rungen und Rettungsversprechen der politisch-medialen Wahrheitssysteme: Rettung vor den \u201eNazis\u201c, vor dem Corona-Sterben, vor dem Hitzetod in der Klimaerw\u00e4rmung, Rettung vor dem Blutdurst Wladimir Putins. Offenkundige Absurdit\u00e4ten wie das sozial konstruierte Geschlecht werden als Beifang mitgenommen.<\/p>\n<p>In klassischen Diktaturen findet die Unterwerfung im Zeichen der Angst vor \u00e4u\u00dferer Gewalt bis hin zu k\u00f6rperlichen Qualen statt. Heute vollzieht sie sich als pervertierte Katharsis, als vermeintliche Reinigung von falschen Zweifeln. Die Aufk\u00fcndigung privater Bindungen ist der billig zu zahlende Preis. Damit scheint sich zu verwirklichen, was Baudrillard die \u201eAgonie des Realen\u201c nannte. Eine zentrale Rolle spielen dabei die Medien, die in einer digitalisierten Lebenswelt das wichtigste, im Lockdown f\u00fcr viele sogar das einzige soziale Band darstellen. So bringen die Simulationen ohne physischen Zwang \u201edas gesamte Reale mit ihrem Simulationsmodell zur Deckung\u201c und die Differenz zwischen Simulation und Realit\u00e4t im Bewu\u00dftsein der Massen zum Verschwinden. Die Realit\u00e4t verkommt zur simulierten, allumfassenden Hyperrealit\u00e4t.<\/p>\n<p>F\u00fcr Herbert Marcuse bestand kein Unterschied zwischen dem Massenbewu\u00dftsein im Kommunismus und in der Demokratie; hier wie dort dachten die Menschen eindimensional. \u201eDas eindimensionale Denken wird von den Technikern der Politik und ihren Lieferanten von Masseninformation systematisch gef\u00f6rdert. Ihr sprachliches Universum ist voller Hypothesen, die sich selbst best\u00e4tigen und die, unaufh\u00f6rlich und monopolistisch wiederholt, zu hypnotischen Definitionen oder Diktaten werden.\u201c<br \/>\nDie westliche Eindimensionalit\u00e4t hat die \u00f6stliche Variante \u00fcberlebt und \u00fcbertrifft sie noch an Kraft und Tiefenwirkung, weil sie sich mit der Illusion der Freiheit verbindet. Die scheinbare Begr\u00fcndung f\u00fcr die Illusion ist der Sieg des Westens \u00fcber den real existierenden Sozialismus. Dieser war zur einen H\u00e4lfte an seinen inneren Widerspr\u00fcchen und L\u00fcgen, zur anderen H\u00e4lfte an der Konfrontation mit der westlichen Alternative zerbrochen, die im direkten Vergleich eine Welt der Faktizit\u00e4t, der Vernunft und Freiheit darstellte. Die heutige Hyperrealit\u00e4t hingegen mu\u00df trotz zunehmender Absurdit\u00e4t kein besseres Au\u00dfen f\u00fcrchten. Ru\u00dfland, China, Iran, Venezuela bieten keine oder die schlimmeren Alternativen.<\/p>\n<p>Das Mantra, \u201eda\u00df es im Innersten (des Menschen) etwas gab, das unangreifbar war und unverletzbar\u201c, mit dem Anna Seghers ihren KZ-Roman \u201eDas siebte Kreuz\u201c abschlo\u00df, ist ein frommer Irrglaube. Denn der vielzitierte Satz, da\u00df eine L\u00fcge, um geglaubt zu werden, nur oft genug wiederholt werden mu\u00df, wird durch die Hirnforschung best\u00e4tigt. Die permanente Aktivierung neuronaler Schaltkreise durch immer raffinierter ausgel\u00f6ste Reize f\u00fchrt zu ihrer Verfestigung, so da\u00df aus den gr\u00f6\u00dften Verr\u00fccktheiten geglaubte Wahrheiten und sogar physische Tatsachen werden. Das Wort von der \u201eMauer in den K\u00f6pfen\u201c erh\u00e4lt damit eine ganz neue Bedeutung. Da\u00df ausgerechnet ein Berliner Senat sie nun weiter perfektioniert, f\u00e4llt in die Kategorie der geschichtlichen Paradoxien.<br \/>\n&#8230; Alles vom 28.10.2022 von Thorsten Hinz bitte lesen in der JF 44\/22, Seite 13<\/p>\n<p>Jean Baudrillard: Agonie des Realen.<br \/>\nMerve Verlag, Leipzig 1978\/2016, broschiert, 112 Seiten, 10 Euro<\/p>\n<p>.<\/p>\n<p><strong>Die 17 Dogmen politischer Illusionen<\/strong><br \/>\nDer lange Marsch durch die Illusionen<\/p>\n<p>Es gibt viele politische Illusionen, die in Deutschland zur Staatswahrheit neben oder sogar \u00fcber dem Grundgesetz geworden sind. Ihre sakrosankten Dogmen lauten etwa so:<br \/>\n1) \u201eDer Euro ist keine W\u00e4hrung mit Vor- und Nachteilen; er ist ein heiliges Friedensprojekt.\u201c<br \/>\n2) \u201eGeld ist kein Problem; es kann jederzeit in beliebiger Menge gedruckt werden.\u201c<br \/>\n3) \u201eSonne und Wind schicken keine Energierechnung.\u201c<br \/>\n4) \u201eElektroautos gelten als CO2-frei.\u201c<br \/>\n5) \u201eJeder, der an die T\u00fcr von Europa klopft, muss aufgenommen werden; wer das anders sieht, ist b\u00f6se und ausl\u00e4nderfeindlich.\u201c<br \/>\n6) \u201eUnqualifizierte Fl\u00fcchtlinge aus Entwicklungsl\u00e4ndern werden bei uns zu Facharbeitern hochqualifiziert und l\u00f6sen dann die demographischen Probleme unserer Sozialkassen.\u201c<br \/>\n7) \u201eDer Islam ist ohne Probleme in einen s\u00e4kularen liberalen Rechtsstaat integrierbar.\u201c<br \/>\n8) \u201eDer Klimawandel kommt einzig und allein vom menschengemachten CO2.\u201c<br \/>\n9) \u201eDie Impfung bringt der Menschheit die Erl\u00f6sung von einer t\u00f6dlichen Pandemie<br \/>\nund hat wie Lockdowns und Masken keine ernstzunehmenden Nebenwirkungen.\u201c<br \/>\n10) \u201eDas Geschlecht eines Menschen ist lediglich eine gesellschaftliche und biographische Konstruktion und hat nichts mit biologischen Fakten zu tun.\u201c<br \/>\n11) \u201eAlles, was den Nationalstaat Deutschland schw\u00e4cht und aufl\u00f6st ist gut.\u201c<br \/>\n12) \u201eEine globale Weltgemeinschaft wird die Menschheit zum ewigen Frieden f\u00fchren.\u201c<br \/>\n13) \u201e\u00dcber die Ver\u00e4nderung, Manipulation und Neukonstruktion der Sprache erschaffen wir den neuen besseren Menschen.\u201c<br \/>\n14) \u201eEine Politiker-Planwirtschaft ist solidarischer, gerechter und nachhaltiger als eine egoistische Marktwirtschaft.\u201c<br \/>\n15) \u201eWohlstandsverluste im \u00fcberreichen Deutschland sind unbedingt notwendig zur Rettung der Welt.\u201c<br \/>\n16) \u201ePolitiker brauchen keine Qualifikationen; allein ihre richtige Haltung zu den Illusionen ist wichtig.\u201c<br \/>\n17) \u201eJeder, der nicht unsere Illusionen teilt, ist auf der falschen Seite und darf abgewertet werden.\u201c<br \/>\n&#8230; Alles vom 3.9.2022 von Achijah Zorn bitte lesen auf<br \/>\n<a href=\"https:\/\/www.tichyseinblick.de\/kolumnen\/vorwort-zum-sonntag\/der-lange-marsch-durch-die-illusionen\/\">https:\/\/www.tichyseinblick.de\/kolumnen\/vorwort-zum-sonntag\/der-lange-marsch-durch-die-illusionen\/<\/a><\/p>\n","protected":false},"excerpt":{"rendered":"<p>Home\u00a0&gt;Engagement\u00a0&gt;Zukunft\u00a0&gt;Demokratie &gt;Politik &gt;Politik-Illusionen &nbsp; Listenauswahl eines Beitrags: Bitte anklicken oder runterscrollen Volker Boehme-Ne\u00dfler: Angstpolitik\u00a0(13.11.2025) Thorsten Hinz: Der Preis der Moralpolitik\u00a0(7.11.2025) Alice Weidel in Z\u00fcrich: Gespr\u00e4ch mit der Weltwoche\u00a0(4.9.2025) Musk und die Meinungsfreiheit\u00a0(30.12.2024) Fussball-EM zeigt Niedergang\u00a0(14.7.2024) Die Ampel ist erloschen \u2013 &hellip; <a href=\"https:\/\/www.freiburg-schwarzwald.de\/blog\/engagement\/zukunft\/demokratie\/politik\/politik-illusionen\/\">Weiterlesen <span class=\"meta-nav\">&rarr;<\/span><\/a><\/p>\n","protected":false},"author":2,"featured_media":0,"parent":72376,"menu_order":0,"comment_status":"closed","ping_status":"closed","template":"","meta":{"footnotes":""},"class_list":["post-104139","page","type-page","status-publish","hentry"],"_links":{"self":[{"href":"https:\/\/www.freiburg-schwarzwald.de\/blog\/wp-json\/wp\/v2\/pages\/104139","targetHints":{"allow":["GET"]}}],"collection":[{"href":"https:\/\/www.freiburg-schwarzwald.de\/blog\/wp-json\/wp\/v2\/pages"}],"about":[{"href":"https:\/\/www.freiburg-schwarzwald.de\/blog\/wp-json\/wp\/v2\/types\/page"}],"author":[{"embeddable":true,"href":"https:\/\/www.freiburg-schwarzwald.de\/blog\/wp-json\/wp\/v2\/users\/2"}],"replies":[{"embeddable":true,"href":"https:\/\/www.freiburg-schwarzwald.de\/blog\/wp-json\/wp\/v2\/comments?post=104139"}],"version-history":[{"count":6,"href":"https:\/\/www.freiburg-schwarzwald.de\/blog\/wp-json\/wp\/v2\/pages\/104139\/revisions"}],"predecessor-version":[{"id":141479,"href":"https:\/\/www.freiburg-schwarzwald.de\/blog\/wp-json\/wp\/v2\/pages\/104139\/revisions\/141479"}],"up":[{"embeddable":true,"href":"https:\/\/www.freiburg-schwarzwald.de\/blog\/wp-json\/wp\/v2\/pages\/72376"}],"wp:attachment":[{"href":"https:\/\/www.freiburg-schwarzwald.de\/blog\/wp-json\/wp\/v2\/media?parent=104139"}],"curies":[{"name":"wp","href":"https:\/\/api.w.org\/{rel}","templated":true}]}}