{"id":102019,"date":"2022-06-25T08:53:13","date_gmt":"2022-06-25T06:53:13","guid":{"rendered":"https:\/\/www.freiburg-schwarzwald.de\/blog\/?page_id=102019"},"modified":"2022-06-25T12:27:25","modified_gmt":"2022-06-25T10:27:25","slug":"hoellental","status":"publish","type":"page","link":"https:\/\/www.freiburg-schwarzwald.de\/blog\/regio\/tal\/hoellental\/","title":{"rendered":"Hoellental"},"content":{"rendered":"<p>Home &gt;<a title=\"Regio\" href=\"https:\/\/www.freiburg-schwarzwald.de\/blog\/regio\/\">Regio<\/a> &gt;<a href=\"https:\/\/www.freiburg-schwarzwald.de\/blog\/regio\/tal\/\">Tal<\/a> &gt;<a href=\"https:\/\/www.freiburg-schwarzwald.de\/blog\/regio\/hochschwarzwald\/\">Hochschwarzwald<\/a> &gt;Hoellental<\/p>\n<div id=\"attachment_102021\" style=\"width: 650px\" class=\"wp-caption alignnone\"><img loading=\"lazy\" decoding=\"async\" aria-describedby=\"caption-attachment-102021\" class=\"size-full wp-image-102021\" src=\"https:\/\/www.freiburg-schwarzwald.de\/blog\/wp-content\/uploads\/2022\/06\/hoellental-b31-ravenna-pan2022.jpg\" alt=\"\" width=\"640\" height=\"444\" srcset=\"https:\/\/www.freiburg-schwarzwald.de\/blog\/wp-content\/uploads\/2022\/06\/hoellental-b31-ravenna-pan2022.jpg 640w, https:\/\/www.freiburg-schwarzwald.de\/blog\/wp-content\/uploads\/2022\/06\/hoellental-b31-ravenna-pan2022-180x125.jpg 180w\" sizes=\"auto, (max-width: 640px) 100vw, 640px\" \/><p id=\"caption-attachment-102021\" class=\"wp-caption-text\">H\u00f6llental zwischen Freiburg im Breisgau und Titisee im Hochschwarzwald<\/p><\/div>\n<p>.<br \/>\nBlick nach Westen ins H\u00f6llental &#8211; von links nach rechts: <a href=\"https:\/\/www.freiburg-schwarzwald.de\/blog\/regio\/verkehr\/b31\/\">B31<\/a>, Klopfs\u00e4ge (links vorne unten), Hofgut Sternen, Ravennabr\u00fccke H\u00f6llentalbahn von Freiburg nach <a href=\"https:\/\/www.freiburg-schwarzwald.de\/blog\/regio\/orte\/titisee\/\">Titisee<\/a> und B31-Kurven. Oben links die H\u00f6hen von <a href=\"https:\/\/www.freiburg-schwarzwald.de\/blog\/regio\/orte\/hinterzarten\/\">Hinterzarten<\/a>-Alpersbach und oben rechts von <a href=\"https:\/\/www.freiburg-schwarzwald.de\/blog\/regio\/orte\/breitnau\/\">Breitnau<\/a>-Nessellachen.<\/p>\n<p><img loading=\"lazy\" decoding=\"async\" class=\"alignnone size-thumbnail wp-image-102024\" src=\"https:\/\/www.freiburg-schwarzwald.de\/blog\/wp-content\/uploads\/2022\/06\/hoellental-b31-ravenna2022-180x120.jpg\" alt=\"\" width=\"180\" height=\"120\" srcset=\"https:\/\/www.freiburg-schwarzwald.de\/blog\/wp-content\/uploads\/2022\/06\/hoellental-b31-ravenna2022-180x120.jpg 180w, https:\/\/www.freiburg-schwarzwald.de\/blog\/wp-content\/uploads\/2022\/06\/hoellental-b31-ravenna2022-640x426.jpg 640w, https:\/\/www.freiburg-schwarzwald.de\/blog\/wp-content\/uploads\/2022\/06\/hoellental-b31-ravenna2022-768x512.jpg 768w, https:\/\/www.freiburg-schwarzwald.de\/blog\/wp-content\/uploads\/2022\/06\/hoellental-b31-ravenna2022.jpg 800w\" sizes=\"auto, (max-width: 180px) 100vw, 180px\" \/><\/p>\n<p>&nbsp;<\/p>\n<ul>\n<li><\/li>\n<li><strong><a href=\"https:\/\/www.freiburg-schwarzwald.de\/hoellental.htm\">https:\/\/www.freiburg-schwarzwald.de\/hoellental.htm<\/a> &gt;Archivseite<\/strong><\/li>\n<li><\/li>\n<\/ul>\n<p>&nbsp;<\/p>\n<p>&nbsp;<\/p>\n","protected":false},"excerpt":{"rendered":"<p>Home &gt;Regio &gt;Tal &gt;Hochschwarzwald &gt;Hoellental . Blick nach Westen ins H\u00f6llental &#8211; von links nach rechts: B31, Klopfs\u00e4ge (links vorne unten), Hofgut Sternen, Ravennabr\u00fccke H\u00f6llentalbahn von Freiburg nach Titisee und B31-Kurven. Oben links die H\u00f6hen von Hinterzarten-Alpersbach und oben rechts &hellip; <a href=\"https:\/\/www.freiburg-schwarzwald.de\/blog\/regio\/tal\/hoellental\/\">Weiterlesen <span class=\"meta-nav\">&rarr;<\/span><\/a><\/p>\n","protected":false},"author":2,"featured_media":0,"parent":327,"menu_order":0,"comment_status":"closed","ping_status":"closed","template":"","meta":{"footnotes":""},"class_list":["post-102019","page","type-page","status-publish","hentry"],"_links":{"self":[{"href":"https:\/\/www.freiburg-schwarzwald.de\/blog\/wp-json\/wp\/v2\/pages\/102019","targetHints":{"allow":["GET"]}}],"collection":[{"href":"https:\/\/www.freiburg-schwarzwald.de\/blog\/wp-json\/wp\/v2\/pages"}],"about":[{"href":"https:\/\/www.freiburg-schwarzwald.de\/blog\/wp-json\/wp\/v2\/types\/page"}],"author":[{"embeddable":true,"href":"https:\/\/www.freiburg-schwarzwald.de\/blog\/wp-json\/wp\/v2\/users\/2"}],"replies":[{"embeddable":true,"href":"https:\/\/www.freiburg-schwarzwald.de\/blog\/wp-json\/wp\/v2\/comments?post=102019"}],"version-history":[{"count":5,"href":"https:\/\/www.freiburg-schwarzwald.de\/blog\/wp-json\/wp\/v2\/pages\/102019\/revisions"}],"predecessor-version":[{"id":102027,"href":"https:\/\/www.freiburg-schwarzwald.de\/blog\/wp-json\/wp\/v2\/pages\/102019\/revisions\/102027"}],"up":[{"embeddable":true,"href":"https:\/\/www.freiburg-schwarzwald.de\/blog\/wp-json\/wp\/v2\/pages\/327"}],"wp:attachment":[{"href":"https:\/\/www.freiburg-schwarzwald.de\/blog\/wp-json\/wp\/v2\/media?parent=102019"}],"curies":[{"name":"wp","href":"https:\/\/api.w.org\/{rel}","templated":true}]}}

<p>Home &gt;<a title="Regio" href="https://www.freiburg-schwarzwald.de/blog/regio/">Regio</a> &gt;<a href="https://www.freiburg-schwarzwald.de/blog/regio/tal/">Tal</a> &gt;<a href="https://www.freiburg-schwarzwald.de/blog/regio/hochschwarzwald/">Hochschwarzwald</a> &gt;Hoellental</p>
<div id="attachment_102021" style="width: 650px" class="wp-caption alignnone"><img loading="lazy" decoding="async" aria-describedby="caption-attachment-102021" class="size-full wp-image-102021" src="https://www.freiburg-schwarzwald.de/blog/wp-content/uploads/2022/06/hoellental-b31-ravenna-pan2022.jpg" alt="" width="640" height="444" srcset="https://www.freiburg-schwarzwald.de/blog/wp-content/uploads/2022/06/hoellental-b31-ravenna-pan2022.jpg 640w, https://www.freiburg-schwarzwald.de/blog/wp-content/uploads/2022/06/hoellental-b31-ravenna-pan2022-180x125.jpg 180w" sizes="auto, (max-width: 640px) 100vw, 640px" /><p id="caption-attachment-102021" class="wp-caption-text">Höllental zwischen Freiburg im Breisgau und Titisee im Hochschwarzwald</p></div>
<p>.<br />
Blick nach Westen ins Höllental &#8211; von links nach rechts: <a href="https://www.freiburg-schwarzwald.de/blog/regio/verkehr/b31/">B31</a>, Klopfsäge (links vorne unten), Hofgut Sternen, Ravennabrücke Höllentalbahn von Freiburg nach <a href="https://www.freiburg-schwarzwald.de/blog/regio/orte/titisee/">Titisee</a> und B31-Kurven. Oben links die Höhen von <a href="https://www.freiburg-schwarzwald.de/blog/regio/orte/hinterzarten/">Hinterzarten</a>-Alpersbach und oben rechts von <a href="https://www.freiburg-schwarzwald.de/blog/regio/orte/breitnau/">Breitnau</a>-Nessellachen.</p>
<p><img loading="lazy" decoding="async" class="alignnone size-thumbnail wp-image-102024" src="https://www.freiburg-schwarzwald.de/blog/wp-content/uploads/2022/06/hoellental-b31-ravenna2022-180x120.jpg" alt="" width="180" height="120" srcset="https://www.freiburg-schwarzwald.de/blog/wp-content/uploads/2022/06/hoellental-b31-ravenna2022-180x120.jpg 180w, https://www.freiburg-schwarzwald.de/blog/wp-content/uploads/2022/06/hoellental-b31-ravenna2022-640x426.jpg 640w, https://www.freiburg-schwarzwald.de/blog/wp-content/uploads/2022/06/hoellental-b31-ravenna2022-768x512.jpg 768w, https://www.freiburg-schwarzwald.de/blog/wp-content/uploads/2022/06/hoellental-b31-ravenna2022.jpg 800w" sizes="auto, (max-width: 180px) 100vw, 180px" /></p>
<p>&nbsp;</p>
<ul>
<li></li>
<li><strong><a href="https://www.freiburg-schwarzwald.de/hoellental.htm">https://www.freiburg-schwarzwald.de/hoellental.htm</a> &gt;Archivseite</strong></li>
<li></li>
</ul>
<p>&nbsp;</p>
<p>&nbsp;</p>

<p>Home &gt;Regio &gt;Tal &gt;Hochschwarzwald &gt;Hoellental . Blick nach Westen ins Höllental &#8211; von links nach rechts: B31, Klopfsäge (links vorne unten), Hofgut Sternen, Ravennabrücke Höllentalbahn von Freiburg nach Titisee und B31-Kurven. Oben links die Höhen von Hinterzarten-Alpersbach und oben rechts &hellip; <a href="https://www.freiburg-schwarzwald.de/blog/regio/tal/hoellental/">Weiterlesen <span class="meta-nav">&rarr;</span></a></p>
