{"id":5779,"date":"2012-06-27T09:49:23","date_gmt":"2012-06-27T09:49:23","guid":{"rendered":"https:\/\/www.freiburg-schwarzwald.de\/blog\/wp-content\/uploads\/2012\/06\/reichenau-paprika2012.jpg"},"modified":"2012-06-27T09:49:23","modified_gmt":"2012-06-27T09:49:23","slug":"reichenau-paprika2012","status":"inherit","type":"attachment","link":"https:\/\/www.freiburg-schwarzwald.de\/blog\/natur\/landwirt\/paprika\/reichenau-paprika2012\/","title":{"rendered":"reichenau-paprika2012"},"author":2,"featured_media":0,"comment_status":"open","ping_status":"closed","template":"","meta":[],"class_list":["post-5779","attachment","type-attachment","status-inherit","hentry"],"description":{"rendered":"<p class=\"attachment\"><a href='https:\/\/www.freiburg-schwarzwald.de\/blog\/wp-content\/uploads\/2012\/06\/reichenau-paprika2012.jpg'><img loading=\"lazy\" decoding=\"async\" width=\"640\" height=\"441\" src=\"https:\/\/www.freiburg-schwarzwald.de\/blog\/wp-content\/uploads\/2012\/06\/reichenau-paprika2012-640x441.jpg\" class=\"attachment-medium size-medium\" alt=\"\" srcset=\"https:\/\/www.freiburg-schwarzwald.de\/blog\/wp-content\/uploads\/2012\/06\/reichenau-paprika2012-640x441.jpg 640w, https:\/\/www.freiburg-schwarzwald.de\/blog\/wp-content\/uploads\/2012\/06\/reichenau-paprika2012-180x124.jpg 180w, https:\/\/www.freiburg-schwarzwald.de\/blog\/wp-content\/uploads\/2012\/06\/reichenau-paprika2012.jpg 851w\" sizes=\"auto, (max-width: 640px) 100vw, 640px\" \/><\/a><\/p>\n"},"caption":{"rendered":"<p>Reichenauer Gem\u00fcseg\u00e4rtner (von links) Mathias R\u00fcckert, Heidi Wehrle, Clemens Blum, Tobias J\u00f6rg, David Wehrle und Matthias Keller haben bei Singen-Beuren ein modernes Gew\u00e4chshaus f\u00fcr Paprikapflanzen erstellt <a href=\"https:\/\/www.freiburg-schwarzwald.de\/blog\/natur\/landwirt\/paprika\/reichenau-paprika2012\/\">Weiterlesen <span class=\"meta-nav\">&rarr;<\/span><\/a><\/p>\n"},"alt_text":"","media_type":"image","mime_type":"image\/jpeg","media_details":{"width":"851","height":"587","hwstring_small":"height='88' width='128'","file":"2012\/06\/reichenau-paprika2012.jpg","sizes":{"thumbnail":{"file":"reichenau-paprika2012-180x124.jpg","width":"180","height":"124","source_url":"https:\/\/www.freiburg-schwarzwald.de\/blog\/wp-content\/uploads\/2012\/06\/reichenau-paprika2012-180x124.jpg"},"medium":{"file":"reichenau-paprika2012-640x441.jpg","width":"640","height":"441","source_url":"https:\/\/www.freiburg-schwarzwald.de\/blog\/wp-content\/uploads\/2012\/06\/reichenau-paprika2012-640x441.jpg"},"post-thumbnail":{"file":"reichenau-paprika2012-851x198.jpg","width":"851","height":"198","source_url":"https:\/\/www.freiburg-schwarzwald.de\/blog\/wp-content\/uploads\/2012\/06\/reichenau-paprika2012-851x198.jpg"},"full":{"file":"reichenau-paprika2012.jpg","width":851,"height":587,"mime_type":"image\/jpeg","source_url":"https:\/\/www.freiburg-schwarzwald.de\/blog\/wp-content\/uploads\/2012\/06\/reichenau-paprika2012.jpg"}},"image_meta":{"aperture":"0","credit":"","camera":"","caption":"","created_timestamp":"0","copyright":"","focal_length":"0","iso":"0","shutter_speed":"0","title":""}},"post":5778,"source_url":"https:\/\/www.freiburg-schwarzwald.de\/blog\/wp-content\/uploads\/2012\/06\/reichenau-paprika2012.jpg","filename":"reichenau-paprika2012.jpg","filesize":92914,"_links":{"self":[{"href":"https:\/\/www.freiburg-schwarzwald.de\/blog\/wp-json\/wp\/v2\/media\/5779","targetHints":{"allow":["GET"]}}],"collection":[{"href":"https:\/\/www.freiburg-schwarzwald.de\/blog\/wp-json\/wp\/v2\/media"}],"about":[{"href":"https:\/\/www.freiburg-schwarzwald.de\/blog\/wp-json\/wp\/v2\/types\/attachment"}],"author":[{"embeddable":true,"href":"https:\/\/www.freiburg-schwarzwald.de\/blog\/wp-json\/wp\/v2\/users\/2"}],"replies":[{"embeddable":true,"href":"https:\/\/www.freiburg-schwarzwald.de\/blog\/wp-json\/wp\/v2\/comments?post=5779"}],"wp:attached-to":[{"embeddable":true,"post_type":"page","id":5778,"href":"https:\/\/www.freiburg-schwarzwald.de\/blog\/wp-json\/wp\/v2\/pages\/5778"}],"curies":[{"name":"wp","href":"https:\/\/api.w.org\/{rel}","templated":true}]}}

<p>Reichenauer Gemüsegärtner (von links) Mathias Rückert, Heidi Wehrle, Clemens Blum, Tobias Jörg, David Wehrle und Matthias Keller haben bei Singen-Beuren ein modernes Gewächshaus für Paprikapflanzen erstellt <a href="https://www.freiburg-schwarzwald.de/blog/natur/landwirt/paprika/reichenau-paprika2012/">Weiterlesen <span class="meta-nav">&rarr;</span></a></p>
