{"id":515,"date":"2012-04-06T16:55:30","date_gmt":"2012-04-06T16:55:30","guid":{"rendered":"https:\/\/www.freiburg-schwarzwald.de\/blog\/wp-content\/uploads\/2012\/04\/schauinslandturm0bpan-071228.jpg"},"modified":"2012-04-06T16:55:30","modified_gmt":"2012-04-06T16:55:30","slug":"schauinslandturm0bpan-071228-2","status":"inherit","type":"attachment","link":"https:\/\/www.freiburg-schwarzwald.de\/blog\/natur\/umwelt\/schauinslandturm0bpan-071228-2\/","title":{"rendered":"schauinslandturm0bpan-071228"},"author":2,"featured_media":0,"comment_status":"open","ping_status":"closed","template":"","meta":[],"class_list":["post-515","attachment","type-attachment","status-inherit","hentry"],"description":{"rendered":"<p class=\"attachment\"><a href='https:\/\/www.freiburg-schwarzwald.de\/blog\/wp-content\/uploads\/2012\/04\/schauinslandturm0bpan-071228.jpg'><img loading=\"lazy\" decoding=\"async\" width=\"599\" height=\"185\" src=\"https:\/\/www.freiburg-schwarzwald.de\/blog\/wp-content\/uploads\/2012\/04\/schauinslandturm0bpan-071228.jpg\" class=\"attachment-medium size-medium\" alt=\"\" srcset=\"https:\/\/www.freiburg-schwarzwald.de\/blog\/wp-content\/uploads\/2012\/04\/schauinslandturm0bpan-071228.jpg 599w, https:\/\/www.freiburg-schwarzwald.de\/blog\/wp-content\/uploads\/2012\/04\/schauinslandturm0bpan-071228-180x55.jpg 180w\" sizes=\"auto, (max-width: 599px) 100vw, 599px\" \/><\/a><\/p>\n"},"caption":{"rendered":"<p>Blick vom Schauinsland nach Westen \u00fcber Eduardsh\u00f6he, Hohb\u00fchl, Horben (von links) zu Sch\u00f6nberg und Vogesen am 28.12.08 <a href=\"https:\/\/www.freiburg-schwarzwald.de\/blog\/natur\/umwelt\/schauinslandturm0bpan-071228-2\/\">Weiterlesen <span class=\"meta-nav\">&rarr;<\/span><\/a><\/p>\n"},"alt_text":"","media_type":"image","mime_type":"image\/jpeg","media_details":{"width":"599","height":"185","hwstring_small":"height='39' width='128'","file":"2012\/04\/schauinslandturm0bpan-071228.jpg","sizes":{"thumbnail":{"file":"schauinslandturm0bpan-071228-180x55.jpg","width":"180","height":"55","source_url":"https:\/\/www.freiburg-schwarzwald.de\/blog\/wp-content\/uploads\/2012\/04\/schauinslandturm0bpan-071228-180x55.jpg"},"full":{"file":"schauinslandturm0bpan-071228.jpg","width":599,"height":185,"mime_type":"image\/jpeg","source_url":"https:\/\/www.freiburg-schwarzwald.de\/blog\/wp-content\/uploads\/2012\/04\/schauinslandturm0bpan-071228.jpg"}},"image_meta":{"aperture":"0","credit":"","camera":"","caption":"","created_timestamp":"0","copyright":"","focal_length":"0","iso":"0","shutter_speed":"0","title":""}},"post":512,"source_url":"https:\/\/www.freiburg-schwarzwald.de\/blog\/wp-content\/uploads\/2012\/04\/schauinslandturm0bpan-071228.jpg","_links":{"self":[{"href":"https:\/\/www.freiburg-schwarzwald.de\/blog\/wp-json\/wp\/v2\/media\/515","targetHints":{"allow":["GET"]}}],"collection":[{"href":"https:\/\/www.freiburg-schwarzwald.de\/blog\/wp-json\/wp\/v2\/media"}],"about":[{"href":"https:\/\/www.freiburg-schwarzwald.de\/blog\/wp-json\/wp\/v2\/types\/attachment"}],"author":[{"embeddable":true,"href":"https:\/\/www.freiburg-schwarzwald.de\/blog\/wp-json\/wp\/v2\/users\/2"}],"replies":[{"embeddable":true,"href":"https:\/\/www.freiburg-schwarzwald.de\/blog\/wp-json\/wp\/v2\/comments?post=515"}],"wp:attached-to":[{"embeddable":true,"post_type":"page","id":512,"href":"https:\/\/www.freiburg-schwarzwald.de\/blog\/wp-json\/wp\/v2\/pages\/512"}],"curies":[{"name":"wp","href":"https:\/\/api.w.org\/{rel}","templated":true}]}}

<p>Blick vom Schauinsland nach Westen über Eduardshöhe, Hohbühl, Horben (von links) zu Schönberg und Vogesen am 28.12.08 <a href="https://www.freiburg-schwarzwald.de/blog/natur/umwelt/schauinslandturm0bpan-071228-2/">Weiterlesen <span class="meta-nav">&rarr;</span></a></p>
