{"id":43589,"date":"2014-01-08T11:01:00","date_gmt":"2014-01-08T10:01:00","guid":{"rendered":"https:\/\/www.freiburg-schwarzwald.de\/blog\/wp-content\/uploads\/2014\/01\/heiligenbrunnen-pan060319.jpg"},"modified":"2014-01-08T11:01:00","modified_gmt":"2014-01-08T10:01:00","slug":"heiligenbrunnen-pan060319","status":"inherit","type":"attachment","link":"https:\/\/www.freiburg-schwarzwald.de\/blog\/regio\/orte\/hinterzarten\/heiligenbrunnen\/heiligenbrunnen-pan060319\/","title":{"rendered":"heiligenbrunnen-pan060319"},"author":2,"featured_media":0,"comment_status":"open","ping_status":"closed","template":"","meta":[],"class_list":["post-43589","attachment","type-attachment","status-inherit","hentry"],"description":{"rendered":"<p class=\"attachment\"><a href='https:\/\/www.freiburg-schwarzwald.de\/blog\/wp-content\/uploads\/2014\/01\/heiligenbrunnen-pan060319.jpg'><img loading=\"lazy\" decoding=\"async\" width=\"639\" height=\"224\" src=\"https:\/\/www.freiburg-schwarzwald.de\/blog\/wp-content\/uploads\/2014\/01\/heiligenbrunnen-pan060319.jpg\" class=\"attachment-medium size-medium\" alt=\"\" srcset=\"https:\/\/www.freiburg-schwarzwald.de\/blog\/wp-content\/uploads\/2014\/01\/heiligenbrunnen-pan060319.jpg 639w, https:\/\/www.freiburg-schwarzwald.de\/blog\/wp-content\/uploads\/2014\/01\/heiligenbrunnen-pan060319-180x63.jpg 180w\" sizes=\"auto, (max-width: 639px) 100vw, 639px\" \/><\/a><\/p>\n"},"caption":{"rendered":"<p>Blick nach Norden \u00fcber Heiligenbrunen zu Holzhof und Wei\u00dftannenh\u00f6he am 19.3.2006 gegen Abend <a href=\"https:\/\/www.freiburg-schwarzwald.de\/blog\/regio\/orte\/hinterzarten\/heiligenbrunnen\/heiligenbrunnen-pan060319\/\">Weiterlesen <span class=\"meta-nav\">&rarr;<\/span><\/a><\/p>\n"},"alt_text":"","media_type":"image","mime_type":"image\/jpeg","media_details":{"width":639,"height":224,"file":"2014\/01\/heiligenbrunnen-pan060319.jpg","sizes":{"thumbnail":{"file":"heiligenbrunnen-pan060319-180x63.jpg","width":180,"height":63,"mime_type":"image\/jpeg","source_url":"https:\/\/www.freiburg-schwarzwald.de\/blog\/wp-content\/uploads\/2014\/01\/heiligenbrunnen-pan060319-180x63.jpg"},"post-thumbnail":{"file":"heiligenbrunnen-pan060319-639x198.jpg","width":639,"height":198,"mime_type":"image\/jpeg","source_url":"https:\/\/www.freiburg-schwarzwald.de\/blog\/wp-content\/uploads\/2014\/01\/heiligenbrunnen-pan060319-639x198.jpg"},"full":{"file":"heiligenbrunnen-pan060319.jpg","width":639,"height":224,"mime_type":"image\/jpeg","source_url":"https:\/\/www.freiburg-schwarzwald.de\/blog\/wp-content\/uploads\/2014\/01\/heiligenbrunnen-pan060319.jpg"}},"image_meta":{"aperture":0,"credit":"","camera":"","caption":"","created_timestamp":0,"copyright":"","focal_length":0,"iso":0,"shutter_speed":0,"title":""}},"post":43585,"source_url":"https:\/\/www.freiburg-schwarzwald.de\/blog\/wp-content\/uploads\/2014\/01\/heiligenbrunnen-pan060319.jpg","filename":"heiligenbrunnen-pan060319.jpg","filesize":36123,"_links":{"self":[{"href":"https:\/\/www.freiburg-schwarzwald.de\/blog\/wp-json\/wp\/v2\/media\/43589","targetHints":{"allow":["GET"]}}],"collection":[{"href":"https:\/\/www.freiburg-schwarzwald.de\/blog\/wp-json\/wp\/v2\/media"}],"about":[{"href":"https:\/\/www.freiburg-schwarzwald.de\/blog\/wp-json\/wp\/v2\/types\/attachment"}],"author":[{"embeddable":true,"href":"https:\/\/www.freiburg-schwarzwald.de\/blog\/wp-json\/wp\/v2\/users\/2"}],"replies":[{"embeddable":true,"href":"https:\/\/www.freiburg-schwarzwald.de\/blog\/wp-json\/wp\/v2\/comments?post=43589"}],"wp:attached-to":[{"embeddable":true,"post_type":"page","id":43585,"href":"https:\/\/www.freiburg-schwarzwald.de\/blog\/wp-json\/wp\/v2\/pages\/43585"}],"curies":[{"name":"wp","href":"https:\/\/api.w.org\/{rel}","templated":true}]}}

<p>Blick nach Norden über Heiligenbrunen zu Holzhof und Weißtannenhöhe am 19.3.2006 gegen Abend <a href="https://www.freiburg-schwarzwald.de/blog/regio/orte/hinterzarten/heiligenbrunnen/heiligenbrunnen-pan060319/">Weiterlesen <span class="meta-nav">&rarr;</span></a></p>
