{"id":37249,"date":"2013-09-01T09:34:27","date_gmt":"2013-09-01T07:34:27","guid":{"rendered":"https:\/\/www.freiburg-schwarzwald.de\/blog\/wp-content\/uploads\/2013\/08\/oberlinden-pan130830.jpg"},"modified":"2013-09-01T09:34:27","modified_gmt":"2013-09-01T07:34:27","slug":"oberlinden-pan130830","status":"inherit","type":"attachment","link":"https:\/\/www.freiburg-schwarzwald.de\/blog\/kultur\/kunst\/kunstmarkt-altstadt\/oberlinden-pan130830\/","title":{"rendered":"oberlinden-pan130830"},"author":4,"featured_media":0,"comment_status":"open","ping_status":"closed","template":"","meta":[],"class_list":["post-37249","attachment","type-attachment","status-inherit","hentry"],"description":{"rendered":"<p class=\"attachment\"><a href='https:\/\/www.freiburg-schwarzwald.de\/blog\/wp-content\/uploads\/2013\/08\/oberlinden-pan130830.jpg'><img loading=\"lazy\" decoding=\"async\" width=\"638\" height=\"329\" src=\"https:\/\/www.freiburg-schwarzwald.de\/blog\/wp-content\/uploads\/2013\/08\/oberlinden-pan130830.jpg\" class=\"attachment-medium size-medium\" alt=\"\" srcset=\"https:\/\/www.freiburg-schwarzwald.de\/blog\/wp-content\/uploads\/2013\/08\/oberlinden-pan130830.jpg 638w, https:\/\/www.freiburg-schwarzwald.de\/blog\/wp-content\/uploads\/2013\/08\/oberlinden-pan130830-180x92.jpg 180w\" sizes=\"auto, (max-width: 638px) 100vw, 638px\" \/><\/a><\/p>\n"},"caption":{"rendered":"<p>Blick nach Nordwesten vom Schwabentor zu Oberlinden, Harrenstrasse (rechts) und Salzstrasse (links) bis hoch zum Freiburger M\u00fcnster am 30.8.2013 (F\u00fc\u00dfe baden im B\u00e4chle rechts) <a href=\"https:\/\/www.freiburg-schwarzwald.de\/blog\/kultur\/kunst\/kunstmarkt-altstadt\/oberlinden-pan130830\/\">Weiterlesen <span class=\"meta-nav\">&rarr;<\/span><\/a><\/p>\n"},"alt_text":"","media_type":"image","mime_type":"image\/jpeg","media_details":{"width":"638","height":"329","hwstring_small":"height='66' width='128'","file":"2013\/08\/oberlinden-pan130830.jpg","sizes":{"thumbnail":{"file":"oberlinden-pan130830-180x92.jpg","width":"180","height":"92","source_url":"https:\/\/www.freiburg-schwarzwald.de\/blog\/wp-content\/uploads\/2013\/08\/oberlinden-pan130830-180x92.jpg"},"post-thumbnail":{"file":"oberlinden-pan130830-638x198.jpg","width":"638","height":"198","source_url":"https:\/\/www.freiburg-schwarzwald.de\/blog\/wp-content\/uploads\/2013\/08\/oberlinden-pan130830-638x198.jpg"},"full":{"file":"oberlinden-pan130830.jpg","width":638,"height":329,"mime_type":"image\/jpeg","source_url":"https:\/\/www.freiburg-schwarzwald.de\/blog\/wp-content\/uploads\/2013\/08\/oberlinden-pan130830.jpg"}},"image_meta":{"aperture":"0","credit":"","camera":"","caption":"","created_timestamp":"0","copyright":"","focal_length":"0","iso":"0","shutter_speed":"0","title":""}},"post":37088,"source_url":"https:\/\/www.freiburg-schwarzwald.de\/blog\/wp-content\/uploads\/2013\/08\/oberlinden-pan130830.jpg","filename":"oberlinden-pan130830.jpg","filesize":45349,"_links":{"self":[{"href":"https:\/\/www.freiburg-schwarzwald.de\/blog\/wp-json\/wp\/v2\/media\/37249","targetHints":{"allow":["GET"]}}],"collection":[{"href":"https:\/\/www.freiburg-schwarzwald.de\/blog\/wp-json\/wp\/v2\/media"}],"about":[{"href":"https:\/\/www.freiburg-schwarzwald.de\/blog\/wp-json\/wp\/v2\/types\/attachment"}],"author":[{"embeddable":true,"href":"https:\/\/www.freiburg-schwarzwald.de\/blog\/wp-json\/wp\/v2\/users\/4"}],"replies":[{"embeddable":true,"href":"https:\/\/www.freiburg-schwarzwald.de\/blog\/wp-json\/wp\/v2\/comments?post=37249"}],"wp:attached-to":[{"embeddable":true,"post_type":"page","id":37088,"href":"https:\/\/www.freiburg-schwarzwald.de\/blog\/wp-json\/wp\/v2\/pages\/37088"}],"curies":[{"name":"wp","href":"https:\/\/api.w.org\/{rel}","templated":true}]}}

<p>Blick nach Nordwesten vom Schwabentor zu Oberlinden, Harrenstrasse (rechts) und Salzstrasse (links) bis hoch zum Freiburger Münster am 30.8.2013 (Füße baden im Bächle rechts) <a href="https://www.freiburg-schwarzwald.de/blog/kultur/kunst/kunstmarkt-altstadt/oberlinden-pan130830/">Weiterlesen <span class="meta-nav">&rarr;</span></a></p>
