{"id":29935,"date":"2013-05-13T22:58:35","date_gmt":"2013-05-13T20:58:35","guid":{"rendered":"https:\/\/www.freiburg-schwarzwald.de\/blog\/wp-content\/uploads\/2012\/07\/herdern10muenster-stgeorgen-pan1305101.jpg"},"modified":"2013-05-13T22:58:35","modified_gmt":"2013-05-13T20:58:35","slug":"herdern10muenster-stgeorgen-pan130510-3","status":"inherit","type":"attachment","link":"https:\/\/www.freiburg-schwarzwald.de\/blog\/regio\/freiburg\/vauban\/herdern10muenster-stgeorgen-pan130510-3\/","title":{"rendered":"herdern10muenster-stgeorgen-pan130510"},"author":4,"featured_media":0,"comment_status":"open","ping_status":"closed","template":"","meta":[],"class_list":["post-29935","attachment","type-attachment","status-inherit","hentry"],"description":{"rendered":"<p class=\"attachment\"><a href='https:\/\/www.freiburg-schwarzwald.de\/blog\/wp-content\/uploads\/2012\/07\/herdern10muenster-stgeorgen-pan1305101.jpg'><img loading=\"lazy\" decoding=\"async\" width=\"639\" height=\"248\" src=\"https:\/\/www.freiburg-schwarzwald.de\/blog\/wp-content\/uploads\/2012\/07\/herdern10muenster-stgeorgen-pan1305101.jpg\" class=\"attachment-medium size-medium\" alt=\"\" srcset=\"https:\/\/www.freiburg-schwarzwald.de\/blog\/wp-content\/uploads\/2012\/07\/herdern10muenster-stgeorgen-pan1305101.jpg 639w, https:\/\/www.freiburg-schwarzwald.de\/blog\/wp-content\/uploads\/2012\/07\/herdern10muenster-stgeorgen-pan1305101-180x69.jpg 180w\" sizes=\"auto, (max-width: 639px) 100vw, 639px\" \/><\/a><\/p>\n"},"caption":{"rendered":"<p>Blick von Herdern nach S\u00fcden \u00fcbers Freiburger M\u00fcnster zum Sch\u00f6nberg am 10.5.2013 &#8211; Vauban hinterm M\u00fcnsterturm <a href=\"https:\/\/www.freiburg-schwarzwald.de\/blog\/regio\/freiburg\/vauban\/herdern10muenster-stgeorgen-pan130510-3\/\">Weiterlesen <span class=\"meta-nav\">&rarr;<\/span><\/a><\/p>\n"},"alt_text":"","media_type":"image","mime_type":"image\/jpeg","media_details":{"width":"639","height":"248","hwstring_small":"height='49' width='128'","file":"2012\/07\/herdern10muenster-stgeorgen-pan1305101.jpg","sizes":{"thumbnail":{"file":"herdern10muenster-stgeorgen-pan1305101-180x69.jpg","width":"180","height":"69","source_url":"https:\/\/www.freiburg-schwarzwald.de\/blog\/wp-content\/uploads\/2012\/07\/herdern10muenster-stgeorgen-pan1305101-180x69.jpg"},"post-thumbnail":{"file":"herdern10muenster-stgeorgen-pan1305101-639x198.jpg","width":"639","height":"198","source_url":"https:\/\/www.freiburg-schwarzwald.de\/blog\/wp-content\/uploads\/2012\/07\/herdern10muenster-stgeorgen-pan1305101-639x198.jpg"},"full":{"file":"herdern10muenster-stgeorgen-pan1305101.jpg","width":639,"height":248,"mime_type":"image\/jpeg","source_url":"https:\/\/www.freiburg-schwarzwald.de\/blog\/wp-content\/uploads\/2012\/07\/herdern10muenster-stgeorgen-pan1305101.jpg"}},"image_meta":{"aperture":"0","credit":"","camera":"","caption":"","created_timestamp":"0","copyright":"","focal_length":"0","iso":"0","shutter_speed":"0","title":""}},"post":6388,"source_url":"https:\/\/www.freiburg-schwarzwald.de\/blog\/wp-content\/uploads\/2012\/07\/herdern10muenster-stgeorgen-pan1305101.jpg","filename":"herdern10muenster-stgeorgen-pan1305101.jpg","filesize":46980,"_links":{"self":[{"href":"https:\/\/www.freiburg-schwarzwald.de\/blog\/wp-json\/wp\/v2\/media\/29935","targetHints":{"allow":["GET"]}}],"collection":[{"href":"https:\/\/www.freiburg-schwarzwald.de\/blog\/wp-json\/wp\/v2\/media"}],"about":[{"href":"https:\/\/www.freiburg-schwarzwald.de\/blog\/wp-json\/wp\/v2\/types\/attachment"}],"author":[{"embeddable":true,"href":"https:\/\/www.freiburg-schwarzwald.de\/blog\/wp-json\/wp\/v2\/users\/4"}],"replies":[{"embeddable":true,"href":"https:\/\/www.freiburg-schwarzwald.de\/blog\/wp-json\/wp\/v2\/comments?post=29935"}],"wp:attached-to":[{"embeddable":true,"post_type":"page","id":6388,"href":"https:\/\/www.freiburg-schwarzwald.de\/blog\/wp-json\/wp\/v2\/pages\/6388"}],"curies":[{"name":"wp","href":"https:\/\/api.w.org\/{rel}","templated":true}]}}

<p>Blick von Herdern nach Süden übers Freiburger Münster zum Schönberg am 10.5.2013 &#8211; Vauban hinterm Münsterturm <a href="https://www.freiburg-schwarzwald.de/blog/regio/freiburg/vauban/herdern10muenster-stgeorgen-pan130510-3/">Weiterlesen <span class="meta-nav">&rarr;</span></a></p>
