{"id":29928,"date":"2013-05-13T22:48:03","date_gmt":"2013-05-13T20:48:03","guid":{"rendered":"https:\/\/www.freiburg-schwarzwald.de\/blog\/wp-content\/uploads\/2013\/04\/herdern5schoenberg-pan130510.jpg"},"modified":"2013-05-13T22:48:03","modified_gmt":"2013-05-13T20:48:03","slug":"herdern5schoenberg-pan130510","status":"inherit","type":"attachment","link":"https:\/\/www.freiburg-schwarzwald.de\/blog\/regio\/freiburg\/stgeorgen\/herdern5schoenberg-pan130510\/","title":{"rendered":"herdern5schoenberg-pan130510"},"author":4,"featured_media":0,"comment_status":"open","ping_status":"closed","template":"","meta":[],"class_list":["post-29928","attachment","type-attachment","status-inherit","hentry"],"description":{"rendered":"<p class=\"attachment\"><a href='https:\/\/www.freiburg-schwarzwald.de\/blog\/wp-content\/uploads\/2013\/04\/herdern5schoenberg-pan130510.jpg'><img loading=\"lazy\" decoding=\"async\" width=\"640\" height=\"219\" src=\"https:\/\/www.freiburg-schwarzwald.de\/blog\/wp-content\/uploads\/2013\/04\/herdern5schoenberg-pan130510.jpg\" class=\"attachment-medium size-medium\" alt=\"\" srcset=\"https:\/\/www.freiburg-schwarzwald.de\/blog\/wp-content\/uploads\/2013\/04\/herdern5schoenberg-pan130510.jpg 640w, https:\/\/www.freiburg-schwarzwald.de\/blog\/wp-content\/uploads\/2013\/04\/herdern5schoenberg-pan130510-180x61.jpg 180w\" sizes=\"auto, (max-width: 640px) 100vw, 640px\" \/><\/a><\/p>\n"},"caption":{"rendered":"<p>Blick von Herdern nach S\u00fcden \u00fcber die Freiburger Altstadt zum Sch\u00f6nberg am  10.5.2013 &#8211; rechts St.Georgen <a href=\"https:\/\/www.freiburg-schwarzwald.de\/blog\/regio\/freiburg\/stgeorgen\/herdern5schoenberg-pan130510\/\">Weiterlesen <span class=\"meta-nav\">&rarr;<\/span><\/a><\/p>\n"},"alt_text":"","media_type":"image","mime_type":"image\/jpeg","media_details":{"width":"640","height":"219","hwstring_small":"height='43' width='128'","file":"2013\/04\/herdern5schoenberg-pan130510.jpg","sizes":{"thumbnail":{"file":"herdern5schoenberg-pan130510-180x61.jpg","width":"180","height":"61","source_url":"https:\/\/www.freiburg-schwarzwald.de\/blog\/wp-content\/uploads\/2013\/04\/herdern5schoenberg-pan130510-180x61.jpg"},"post-thumbnail":{"file":"herdern5schoenberg-pan130510-640x198.jpg","width":"640","height":"198","source_url":"https:\/\/www.freiburg-schwarzwald.de\/blog\/wp-content\/uploads\/2013\/04\/herdern5schoenberg-pan130510-640x198.jpg"},"full":{"file":"herdern5schoenberg-pan130510.jpg","width":640,"height":219,"mime_type":"image\/jpeg","source_url":"https:\/\/www.freiburg-schwarzwald.de\/blog\/wp-content\/uploads\/2013\/04\/herdern5schoenberg-pan130510.jpg"}},"image_meta":{"aperture":"0","credit":"","camera":"","caption":"","created_timestamp":"0","copyright":"","focal_length":"0","iso":"0","shutter_speed":"0","title":""}},"post":26686,"source_url":"https:\/\/www.freiburg-schwarzwald.de\/blog\/wp-content\/uploads\/2013\/04\/herdern5schoenberg-pan130510.jpg","_links":{"self":[{"href":"https:\/\/www.freiburg-schwarzwald.de\/blog\/wp-json\/wp\/v2\/media\/29928","targetHints":{"allow":["GET"]}}],"collection":[{"href":"https:\/\/www.freiburg-schwarzwald.de\/blog\/wp-json\/wp\/v2\/media"}],"about":[{"href":"https:\/\/www.freiburg-schwarzwald.de\/blog\/wp-json\/wp\/v2\/types\/attachment"}],"author":[{"embeddable":true,"href":"https:\/\/www.freiburg-schwarzwald.de\/blog\/wp-json\/wp\/v2\/users\/4"}],"replies":[{"embeddable":true,"href":"https:\/\/www.freiburg-schwarzwald.de\/blog\/wp-json\/wp\/v2\/comments?post=29928"}],"wp:attached-to":[{"embeddable":true,"post_type":"page","id":26686,"href":"https:\/\/www.freiburg-schwarzwald.de\/blog\/wp-json\/wp\/v2\/pages\/26686"}],"curies":[{"name":"wp","href":"https:\/\/api.w.org\/{rel}","templated":true}]}}

<p>Blick von Herdern nach Süden über die Freiburger Altstadt zum Schönberg am  10.5.2013 &#8211; rechts St.Georgen <a href="https://www.freiburg-schwarzwald.de/blog/regio/freiburg/stgeorgen/herdern5schoenberg-pan130510/">Weiterlesen <span class="meta-nav">&rarr;</span></a></p>
