{"id":24252,"date":"2013-03-10T12:40:57","date_gmt":"2013-03-10T11:40:57","guid":{"rendered":"https:\/\/www.freiburg-schwarzwald.de\/blog\/wp-content\/uploads\/2013\/03\/wald-pan0408.jpg"},"modified":"2013-03-10T12:40:57","modified_gmt":"2013-03-10T11:40:57","slug":"wald-pan0408","status":"inherit","type":"attachment","link":"https:\/\/www.freiburg-schwarzwald.de\/blog\/regio\/orte\/stmaergen\/zwerisberg\/wald-pan0408\/","title":{"rendered":"wald-pan0408"},"author":4,"featured_media":0,"comment_status":"open","ping_status":"closed","template":"","meta":[],"class_list":["post-24252","attachment","type-attachment","status-inherit","hentry"],"description":{"rendered":"<p class=\"attachment\"><a href='https:\/\/www.freiburg-schwarzwald.de\/blog\/wp-content\/uploads\/2013\/03\/wald-pan0408.jpg'><img loading=\"lazy\" decoding=\"async\" width=\"595\" height=\"197\" src=\"https:\/\/www.freiburg-schwarzwald.de\/blog\/wp-content\/uploads\/2013\/03\/wald-pan0408.jpg\" class=\"attachment-medium size-medium\" alt=\"\" srcset=\"https:\/\/www.freiburg-schwarzwald.de\/blog\/wp-content\/uploads\/2013\/03\/wald-pan0408.jpg 595w, https:\/\/www.freiburg-schwarzwald.de\/blog\/wp-content\/uploads\/2013\/03\/wald-pan0408-180x59.jpg 180w\" sizes=\"auto, (max-width: 595px) 100vw, 595px\" \/><\/a><\/p>\n"},"caption":{"rendered":"<p>Blick nach S\u00fcden zur R\u00f6merstrasse auf dem Zwerisberg bei St.M\u00e4rgen am 22.8.2004 <a href=\"https:\/\/www.freiburg-schwarzwald.de\/blog\/regio\/orte\/stmaergen\/zwerisberg\/wald-pan0408\/\">Weiterlesen <span class=\"meta-nav\">&rarr;<\/span><\/a><\/p>\n"},"alt_text":"","media_type":"image","mime_type":"image\/jpeg","media_details":{"width":"595","height":"197","hwstring_small":"height='42' width='128'","file":"2013\/03\/wald-pan0408.jpg","sizes":{"thumbnail":{"file":"wald-pan0408-180x59.jpg","width":"180","height":"59","source_url":"https:\/\/www.freiburg-schwarzwald.de\/blog\/wp-content\/uploads\/2013\/03\/wald-pan0408-180x59.jpg"},"full":{"file":"wald-pan0408.jpg","width":595,"height":197,"mime_type":"image\/jpeg","source_url":"https:\/\/www.freiburg-schwarzwald.de\/blog\/wp-content\/uploads\/2013\/03\/wald-pan0408.jpg"}},"image_meta":{"aperture":"0","credit":"","camera":"","caption":"","created_timestamp":"0","copyright":"","focal_length":"0","iso":"0","shutter_speed":"0","title":""}},"post":24247,"source_url":"https:\/\/www.freiburg-schwarzwald.de\/blog\/wp-content\/uploads\/2013\/03\/wald-pan0408.jpg","_links":{"self":[{"href":"https:\/\/www.freiburg-schwarzwald.de\/blog\/wp-json\/wp\/v2\/media\/24252","targetHints":{"allow":["GET"]}}],"collection":[{"href":"https:\/\/www.freiburg-schwarzwald.de\/blog\/wp-json\/wp\/v2\/media"}],"about":[{"href":"https:\/\/www.freiburg-schwarzwald.de\/blog\/wp-json\/wp\/v2\/types\/attachment"}],"author":[{"embeddable":true,"href":"https:\/\/www.freiburg-schwarzwald.de\/blog\/wp-json\/wp\/v2\/users\/4"}],"replies":[{"embeddable":true,"href":"https:\/\/www.freiburg-schwarzwald.de\/blog\/wp-json\/wp\/v2\/comments?post=24252"}],"wp:attached-to":[{"embeddable":true,"post_type":"page","id":24247,"href":"https:\/\/www.freiburg-schwarzwald.de\/blog\/wp-json\/wp\/v2\/pages\/24247"}],"curies":[{"name":"wp","href":"https:\/\/api.w.org\/{rel}","templated":true}]}}

<p>Blick nach Süden zur Römerstrasse auf dem Zwerisberg bei St.Märgen am 22.8.2004 <a href="https://www.freiburg-schwarzwald.de/blog/regio/orte/stmaergen/zwerisberg/wald-pan0408/">Weiterlesen <span class="meta-nav">&rarr;</span></a></p>
