{"id":212,"date":"2012-04-02T11:56:47","date_gmt":"2012-04-02T11:56:47","guid":{"rendered":"https:\/\/www.freiburg-schwarzwald.de\/blog\/wp-content\/uploads\/2012\/04\/jockenhaeusle2pan-090111.jpg"},"modified":"2012-04-02T11:56:47","modified_gmt":"2012-04-02T11:56:47","slug":"jockenhaeusle2pan-090111","status":"inherit","type":"attachment","link":"https:\/\/www.freiburg-schwarzwald.de\/blog\/bildung\/schulen\/jockenhaeusle2pan-090111\/","title":{"rendered":"jockenhaeusle2pan-090111"},"author":2,"featured_media":0,"comment_status":"open","ping_status":"closed","template":"","meta":[],"class_list":["post-212","attachment","type-attachment","status-inherit","hentry"],"description":{"rendered":"<p class=\"attachment\"><a href='https:\/\/www.freiburg-schwarzwald.de\/blog\/wp-content\/uploads\/2012\/04\/jockenhaeusle2pan-090111.jpg'><img loading=\"lazy\" decoding=\"async\" width=\"600\" height=\"193\" src=\"https:\/\/www.freiburg-schwarzwald.de\/blog\/wp-content\/uploads\/2012\/04\/jockenhaeusle2pan-090111.jpg\" class=\"attachment-medium size-medium\" alt=\"\" srcset=\"https:\/\/www.freiburg-schwarzwald.de\/blog\/wp-content\/uploads\/2012\/04\/jockenhaeusle2pan-090111.jpg 600w, https:\/\/www.freiburg-schwarzwald.de\/blog\/wp-content\/uploads\/2012\/04\/jockenhaeusle2pan-090111-180x57.jpg 180w\" sizes=\"auto, (max-width: 600px) 100vw, 600px\" \/><\/a><\/p>\n"},"caption":{"rendered":"<p>Blick \u00fcbers Jockenh\u00e4usle am Kandelberg nach S\u00fcdosten \u00fcber St. Peter zum Feldberg am 11.1.2009 <a href=\"https:\/\/www.freiburg-schwarzwald.de\/blog\/bildung\/schulen\/jockenhaeusle2pan-090111\/\">Weiterlesen <span class=\"meta-nav\">&rarr;<\/span><\/a><\/p>\n"},"alt_text":"","media_type":"image","mime_type":"image\/jpeg","media_details":{"width":"600","height":"193","hwstring_small":"height='41' width='128'","file":"2012\/04\/jockenhaeusle2pan-090111.jpg","sizes":{"thumbnail":{"file":"jockenhaeusle2pan-090111-180x57.jpg","width":"180","height":"57","source_url":"https:\/\/www.freiburg-schwarzwald.de\/blog\/wp-content\/uploads\/2012\/04\/jockenhaeusle2pan-090111-180x57.jpg"},"full":{"file":"jockenhaeusle2pan-090111.jpg","width":600,"height":193,"mime_type":"image\/jpeg","source_url":"https:\/\/www.freiburg-schwarzwald.de\/blog\/wp-content\/uploads\/2012\/04\/jockenhaeusle2pan-090111.jpg"}},"image_meta":{"aperture":"0","credit":"","camera":"","caption":"","created_timestamp":"0","copyright":"","focal_length":"0","iso":"0","shutter_speed":"0","title":""}},"post":209,"source_url":"https:\/\/www.freiburg-schwarzwald.de\/blog\/wp-content\/uploads\/2012\/04\/jockenhaeusle2pan-090111.jpg","_links":{"self":[{"href":"https:\/\/www.freiburg-schwarzwald.de\/blog\/wp-json\/wp\/v2\/media\/212","targetHints":{"allow":["GET"]}}],"collection":[{"href":"https:\/\/www.freiburg-schwarzwald.de\/blog\/wp-json\/wp\/v2\/media"}],"about":[{"href":"https:\/\/www.freiburg-schwarzwald.de\/blog\/wp-json\/wp\/v2\/types\/attachment"}],"author":[{"embeddable":true,"href":"https:\/\/www.freiburg-schwarzwald.de\/blog\/wp-json\/wp\/v2\/users\/2"}],"replies":[{"embeddable":true,"href":"https:\/\/www.freiburg-schwarzwald.de\/blog\/wp-json\/wp\/v2\/comments?post=212"}],"wp:attached-to":[{"embeddable":true,"post_type":"page","id":209,"href":"https:\/\/www.freiburg-schwarzwald.de\/blog\/wp-json\/wp\/v2\/pages\/209"}],"curies":[{"name":"wp","href":"https:\/\/api.w.org\/{rel}","templated":true}]}}

<p>Blick übers Jockenhäusle am Kandelberg nach Südosten über St. Peter zum Feldberg am 11.1.2009 <a href="https://www.freiburg-schwarzwald.de/blog/bildung/schulen/jockenhaeusle2pan-090111/">Weiterlesen <span class="meta-nav">&rarr;</span></a></p>
