{"id":20733,"date":"2013-01-25T15:56:36","date_gmt":"2013-01-25T14:56:36","guid":{"rendered":"https:\/\/www.freiburg-schwarzwald.de\/blog\/wp-content\/uploads\/2013\/01\/linach1pan080513.jpg"},"modified":"2013-01-25T15:56:36","modified_gmt":"2013-01-25T14:56:36","slug":"linach1pan080513","status":"inherit","type":"attachment","link":"https:\/\/www.freiburg-schwarzwald.de\/blog\/regio\/orte\/linach\/linach1pan080513\/","title":{"rendered":"linach1pan080513"},"author":4,"featured_media":0,"comment_status":"open","ping_status":"closed","template":"","meta":[],"class_list":["post-20733","attachment","type-attachment","status-inherit","hentry"],"description":{"rendered":"<p class=\"attachment\"><a href='https:\/\/www.freiburg-schwarzwald.de\/blog\/wp-content\/uploads\/2013\/01\/linach1pan080513.jpg'><img loading=\"lazy\" decoding=\"async\" width=\"600\" height=\"171\" src=\"https:\/\/www.freiburg-schwarzwald.de\/blog\/wp-content\/uploads\/2013\/01\/linach1pan080513.jpg\" class=\"attachment-medium size-medium\" alt=\"\" srcset=\"https:\/\/www.freiburg-schwarzwald.de\/blog\/wp-content\/uploads\/2013\/01\/linach1pan080513.jpg 600w, https:\/\/www.freiburg-schwarzwald.de\/blog\/wp-content\/uploads\/2013\/01\/linach1pan080513-180x51.jpg 180w\" sizes=\"auto, (max-width: 600px) 100vw, 600px\" \/><\/a><\/p>\n"},"caption":{"rendered":"<p>Blick beim Wangerh\u00e4usle nach Westen ins Linachtal am 13.5.2008 &#8211; gelb bl\u00fchender L\u00f6wenzahn an der Sommerseite des Tals <a href=\"https:\/\/www.freiburg-schwarzwald.de\/blog\/regio\/orte\/linach\/linach1pan080513\/\">Weiterlesen <span class=\"meta-nav\">&rarr;<\/span><\/a><\/p>\n"},"alt_text":"","media_type":"image","mime_type":"image\/jpeg","media_details":{"width":"600","height":"171","hwstring_small":"height='36' width='128'","file":"2013\/01\/linach1pan080513.jpg","sizes":{"thumbnail":{"file":"linach1pan080513-180x51.jpg","width":"180","height":"51","source_url":"https:\/\/www.freiburg-schwarzwald.de\/blog\/wp-content\/uploads\/2013\/01\/linach1pan080513-180x51.jpg"},"full":{"file":"linach1pan080513.jpg","width":600,"height":171,"mime_type":"image\/jpeg","source_url":"https:\/\/www.freiburg-schwarzwald.de\/blog\/wp-content\/uploads\/2013\/01\/linach1pan080513.jpg"}},"image_meta":{"aperture":"0","credit":"","camera":"","caption":"","created_timestamp":"0","copyright":"","focal_length":"0","iso":"0","shutter_speed":"0","title":""}},"post":20730,"source_url":"https:\/\/www.freiburg-schwarzwald.de\/blog\/wp-content\/uploads\/2013\/01\/linach1pan080513.jpg","_links":{"self":[{"href":"https:\/\/www.freiburg-schwarzwald.de\/blog\/wp-json\/wp\/v2\/media\/20733","targetHints":{"allow":["GET"]}}],"collection":[{"href":"https:\/\/www.freiburg-schwarzwald.de\/blog\/wp-json\/wp\/v2\/media"}],"about":[{"href":"https:\/\/www.freiburg-schwarzwald.de\/blog\/wp-json\/wp\/v2\/types\/attachment"}],"author":[{"embeddable":true,"href":"https:\/\/www.freiburg-schwarzwald.de\/blog\/wp-json\/wp\/v2\/users\/4"}],"replies":[{"embeddable":true,"href":"https:\/\/www.freiburg-schwarzwald.de\/blog\/wp-json\/wp\/v2\/comments?post=20733"}],"wp:attached-to":[{"embeddable":true,"post_type":"page","id":20730,"href":"https:\/\/www.freiburg-schwarzwald.de\/blog\/wp-json\/wp\/v2\/pages\/20730"}],"curies":[{"name":"wp","href":"https:\/\/api.w.org\/{rel}","templated":true}]}}

<p>Blick beim Wangerhäusle nach Westen ins Linachtal am 13.5.2008 &#8211; gelb blühender Löwenzahn an der Sommerseite des Tals <a href="https://www.freiburg-schwarzwald.de/blog/regio/orte/linach/linach1pan080513/">Weiterlesen <span class="meta-nav">&rarr;</span></a></p>
